{"id":973,"date":"2023-03-06T11:10:53","date_gmt":"2023-03-06T11:10:53","guid":{"rendered":"https:\/\/bricer.pt\/produto\/lien-ying-molho-de-amendoim-frasco-200ml\/"},"modified":"2023-04-17T07:58:56","modified_gmt":"2023-04-17T07:58:56","slug":"lien-ying-molho-de-amendoim-frasco-200ml","status":"publish","type":"product","link":"https:\/\/bricer.pt\/?product=lien-ying-molho-de-amendoim-frasco-200ml","title":{"rendered":"Lien Ying Molho de Amendoim Frasco 200ml"},"content":{"rendered":"<p><strong>Lien Ying Molho de Amendoim<\/strong> Frasco 200ml.<\/p>\n<p>&nbsp;<\/p>\n<p><strong>Ingredientes<\/strong>: \u00e1gua, pasta de AMENDOIM (20%), leite de coco (13%), a\u00e7\u00facar, molho de SOJA (\u00e1gua, sementes de SOJA, TRIGO, sal), malaguetas, pasta de tomates, especiarias (cont\u00e9m MOSTARDA), sal, sumo de lim\u00e3o, acidificante: \u00e1cido c\u00edtrico, prote\u00edna do LEITE, estabilizador: E 472e, xantana; caramelo em p\u00f3, aroma.<\/p>\n<p><strong>Alerg\u00e9nios<\/strong>: ver MAI\u00daSCULAS.<\/p>\n<p><strong>Declara\u00e7\u00e3o Nutricional p\/100ml:<\/strong> Energia 903kJ\/216kcal; L\u00edpidos 14g (dos quais saturados 2,4g); Hidratos de Carbono 14g (dos quais a\u00e7\u00facares 13g); Prote\u00ednas 7,0g; Sal 1,3g.<\/p>\n","protected":false},"excerpt":{"rendered":"<p>Lien Ying Molho de Amendoim Frasco 200ml. &nbsp; Ingredientes: \u00e1gua, pasta de AMENDOIM (20%), leite de coco (13%), a\u00e7\u00facar, molho de SOJA (\u00e1gua, sementes de SOJA, TRIGO, sal), malaguetas, pasta de tomates, especiarias (cont\u00e9m MOSTARDA), sal, sumo de lim\u00e3o, acidificante: \u00e1cido c\u00edtrico, prote\u00edna do LEITE, estabilizador: E 472e, xantana; caramelo em p\u00f3, aroma. Alerg\u00e9nios: ver [&hellip;]<\/p>\n","protected":false},"featured_media":974,"template":"","meta":[],"product_brand":[],"product_cat":[33,109,24],"product_tag":[],"class_list":{"0":"post-973","1":"product","2":"type-product","3":"status-publish","4":"has-post-thumbnail","6":"product_cat-mercearia-asiatica","7":"product_cat-molhos-mercearia-asiatica","8":"product_cat-sabores-do-mundo","9":"pa_marcas-lien-ying","10":"pa_pais-tailandia","12":"first","13":"instock","14":"taxable","15":"shipping-taxable","16":"product-type-simple"},"_links":{"self":[{"href":"https:\/\/bricer.pt\/index.php?rest_route=\/wp\/v2\/product\/973","targetHints":{"allow":["GET"]}}],"collection":[{"href":"https:\/\/bricer.pt\/index.php?rest_route=\/wp\/v2\/product"}],"about":[{"href":"https:\/\/bricer.pt\/index.php?rest_route=\/wp\/v2\/types\/product"}],"wp:featuredmedia":[{"embeddable":true,"href":"https:\/\/bricer.pt\/index.php?rest_route=\/wp\/v2\/media\/974"}],"wp:attachment":[{"href":"https:\/\/bricer.pt\/index.php?rest_route=%2Fwp%2Fv2%2Fmedia&parent=973"}],"wp:term":[{"taxonomy":"product_brand","embeddable":true,"href":"https:\/\/bricer.pt\/index.php?rest_route=%2Fwp%2Fv2%2Fproduct_brand&post=973"},{"taxonomy":"product_cat","embeddable":true,"href":"https:\/\/bricer.pt\/index.php?rest_route=%2Fwp%2Fv2%2Fproduct_cat&post=973"},{"taxonomy":"product_tag","embeddable":true,"href":"https:\/\/bricer.pt\/index.php?rest_route=%2Fwp%2Fv2%2Fproduct_tag&post=973"}],"curies":[{"name":"wp","href":"https:\/\/api.w.org\/{rel}","templated":true}]}}