{"id":945,"date":"2023-03-06T11:10:47","date_gmt":"2023-03-06T11:10:47","guid":{"rendered":"https:\/\/bricer.pt\/produto\/lien-ying-folhas-de-nori-saqueta-7-un-18g\/"},"modified":"2023-04-17T07:58:53","modified_gmt":"2023-04-17T07:58:53","slug":"lien-ying-folhas-de-nori-saqueta-7-un-18g","status":"publish","type":"product","link":"https:\/\/bricer.pt\/?product=lien-ying-folhas-de-nori-saqueta-7-un-18g","title":{"rendered":"Lien Ying Folhas de &#8220;Nori&#8221; Saqueta 7 Un. (18g)"},"content":{"rendered":"<p><strong>Lien Ying Folhas de &#8220;Nori&#8221;<\/strong> Saqueta 7 Un. (18g).<\/p>\n<p>&nbsp;<\/p>\n<p><strong>Ingredientes<\/strong>: Folhas de Alga &#8220;Nori&#8221; secas<\/p>\n<p><strong>ADVERT\u00caNCIA<\/strong>: Alimento rico em iodo. Consumir no m\u00e1ximo 1-2 folhas<br \/>\npor dia. A absor\u00e7\u00e3o excessiva de iodo pode provocar, em casos raros,<br \/>\numa disfun\u00e7\u00e3o da gl\u00e2ndula tir\u00f3ide.<\/p>\n<p><strong>Declara\u00e7\u00e3o Nutricional p\/100g:<\/strong> Energia 1349kJ\/322kcal; L\u00edpidos 5,0g (dos quais saturados &lt;0,4g); Hidratos de Carbono 3,4g (dos quais a\u00e7\u00facares 0,8g); Fibra 26g; Prote\u00ednas 53g; Sal 0,4g.<\/p>\n","protected":false},"excerpt":{"rendered":"<p>Lien Ying Folhas de &#8220;Nori&#8221; Saqueta 7 Un. (18g). &nbsp; Ingredientes: Folhas de Alga &#8220;Nori&#8221; secas ADVERT\u00caNCIA: Alimento rico em iodo. Consumir no m\u00e1ximo 1-2 folhas por dia. A absor\u00e7\u00e3o excessiva de iodo pode provocar, em casos raros, uma disfun\u00e7\u00e3o da gl\u00e2ndula tir\u00f3ide. Declara\u00e7\u00e3o Nutricional p\/100g: Energia 1349kJ\/322kcal; L\u00edpidos 5,0g (dos quais saturados &lt;0,4g); Hidratos [&hellip;]<\/p>\n","protected":false},"featured_media":946,"template":"","meta":[],"product_brand":[],"product_cat":[159,33,24],"product_tag":[],"class_list":{"0":"post-945","1":"product","2":"type-product","3":"status-publish","4":"has-post-thumbnail","6":"product_cat-diversos-mercearia-asiatica","7":"product_cat-mercearia-asiatica","8":"product_cat-sabores-do-mundo","9":"pa_marcas-lien-ying","10":"pa_pais-tailandia","12":"first","13":"instock","14":"taxable","15":"shipping-taxable","16":"product-type-simple"},"_links":{"self":[{"href":"https:\/\/bricer.pt\/index.php?rest_route=\/wp\/v2\/product\/945","targetHints":{"allow":["GET"]}}],"collection":[{"href":"https:\/\/bricer.pt\/index.php?rest_route=\/wp\/v2\/product"}],"about":[{"href":"https:\/\/bricer.pt\/index.php?rest_route=\/wp\/v2\/types\/product"}],"wp:featuredmedia":[{"embeddable":true,"href":"https:\/\/bricer.pt\/index.php?rest_route=\/wp\/v2\/media\/946"}],"wp:attachment":[{"href":"https:\/\/bricer.pt\/index.php?rest_route=%2Fwp%2Fv2%2Fmedia&parent=945"}],"wp:term":[{"taxonomy":"product_brand","embeddable":true,"href":"https:\/\/bricer.pt\/index.php?rest_route=%2Fwp%2Fv2%2Fproduct_brand&post=945"},{"taxonomy":"product_cat","embeddable":true,"href":"https:\/\/bricer.pt\/index.php?rest_route=%2Fwp%2Fv2%2Fproduct_cat&post=945"},{"taxonomy":"product_tag","embeddable":true,"href":"https:\/\/bricer.pt\/index.php?rest_route=%2Fwp%2Fv2%2Fproduct_tag&post=945"}],"curies":[{"name":"wp","href":"https:\/\/api.w.org\/{rel}","templated":true}]}}