{"id":937,"date":"2023-03-06T11:10:47","date_gmt":"2023-03-06T11:10:47","guid":{"rendered":"https:\/\/bricer.pt\/produto\/lien-ying-cubos-caril-p-wok-cx-40g\/"},"modified":"2023-04-17T07:58:53","modified_gmt":"2023-04-17T07:58:53","slug":"lien-ying-cubos-caril-p-wok-cx-40g","status":"publish","type":"product","link":"https:\/\/bricer.pt\/?product=lien-ying-cubos-caril-p-wok-cx-40g","title":{"rendered":"Lien Ying Cubos Caril p\/ &#8220;Wok&#8221; Cx. 40g"},"content":{"rendered":"<p><strong>Lien Ying Cubos Caril p\/ &#8220;Wok&#8221;<\/strong> Cx. 40g.<\/p>\n<p>&nbsp;<\/p>\n<p><strong>Ingredientes<\/strong>: \u00d3leo de palma, temperos (especiarias (caril, colorau, cebola, salsa, a\u00e7afr\u00e3o, noz-moscada, gengibre, nabo, erva lovage), sal, cenoura, suco concentrado de frutas (uva, maracuj\u00e1, mam\u00e3o, manga), a\u00e7\u00facar, tomate em p\u00f3, extracto de especiarias), sal, a\u00e7\u00facar, caril (3%: a\u00e7afr\u00e3o, coentros, cominhos, MOSTARDA, feno-grego, sementes de cominhos, noz-moscada, pimenta, endro, gengibre, cebola, pimenta da Jamaica, alho).<\/p>\n<p><strong>Alerg\u00e9nios<\/strong>: Ver MAI\u00daSCULAS.<\/p>\n<p><strong>Declara\u00e7\u00e3o Nutricional p\/100g:<\/strong> Energia 2678kJ\/640kcal; L\u00edpidos 65g (dos quais saturados 30g); Hidratos de Carbono 14g (dos quais a\u00e7\u00facares 11g); Prote\u00ednas 1,4g; Sal 15g.<\/p>\n","protected":false},"excerpt":{"rendered":"<p>Lien Ying Cubos Caril p\/ &#8220;Wok&#8221; Cx. 40g. &nbsp; Ingredientes: \u00d3leo de palma, temperos (especiarias (caril, colorau, cebola, salsa, a\u00e7afr\u00e3o, noz-moscada, gengibre, nabo, erva lovage), sal, cenoura, suco concentrado de frutas (uva, maracuj\u00e1, mam\u00e3o, manga), a\u00e7\u00facar, tomate em p\u00f3, extracto de especiarias), sal, a\u00e7\u00facar, caril (3%: a\u00e7afr\u00e3o, coentros, cominhos, MOSTARDA, feno-grego, sementes de cominhos, noz-moscada, [&hellip;]<\/p>\n","protected":false},"featured_media":938,"template":"","meta":[],"product_brand":[],"product_cat":[159,33,24],"product_tag":[],"class_list":{"0":"post-937","1":"product","2":"type-product","3":"status-publish","4":"has-post-thumbnail","6":"product_cat-diversos-mercearia-asiatica","7":"product_cat-mercearia-asiatica","8":"product_cat-sabores-do-mundo","9":"pa_marcas-lien-ying","10":"pa_pais-china","12":"first","13":"instock","14":"taxable","15":"shipping-taxable","16":"product-type-simple"},"_links":{"self":[{"href":"https:\/\/bricer.pt\/index.php?rest_route=\/wp\/v2\/product\/937","targetHints":{"allow":["GET"]}}],"collection":[{"href":"https:\/\/bricer.pt\/index.php?rest_route=\/wp\/v2\/product"}],"about":[{"href":"https:\/\/bricer.pt\/index.php?rest_route=\/wp\/v2\/types\/product"}],"wp:featuredmedia":[{"embeddable":true,"href":"https:\/\/bricer.pt\/index.php?rest_route=\/wp\/v2\/media\/938"}],"wp:attachment":[{"href":"https:\/\/bricer.pt\/index.php?rest_route=%2Fwp%2Fv2%2Fmedia&parent=937"}],"wp:term":[{"taxonomy":"product_brand","embeddable":true,"href":"https:\/\/bricer.pt\/index.php?rest_route=%2Fwp%2Fv2%2Fproduct_brand&post=937"},{"taxonomy":"product_cat","embeddable":true,"href":"https:\/\/bricer.pt\/index.php?rest_route=%2Fwp%2Fv2%2Fproduct_cat&post=937"},{"taxonomy":"product_tag","embeddable":true,"href":"https:\/\/bricer.pt\/index.php?rest_route=%2Fwp%2Fv2%2Fproduct_tag&post=937"}],"curies":[{"name":"wp","href":"https:\/\/api.w.org\/{rel}","templated":true}]}}