{"id":935,"date":"2023-03-06T11:10:47","date_gmt":"2023-03-06T11:10:47","guid":{"rendered":"https:\/\/bricer.pt\/produto\/lien-ying-creme-de-coco-90-premium-lata-400ml\/"},"modified":"2023-04-17T07:58:53","modified_gmt":"2023-04-17T07:58:53","slug":"lien-ying-creme-de-coco-90-premium-lata-400ml","status":"publish","type":"product","link":"https:\/\/bricer.pt\/?product=lien-ying-creme-de-coco-90-premium-lata-400ml","title":{"rendered":"Lien Ying Creme de Coco &#8220;90% Premium&#8221; Lata 400ml"},"content":{"rendered":"<p><strong>Lien Ying Creme de Coco &#8220;90% Premium&#8221;<\/strong> Lata 400ml<\/p>\n<p>&nbsp;<\/p>\n<p><strong>Ingredientes<\/strong>: Leite de coco (90%), \u00e1gua.<\/p>\n<p><strong>Alerg\u00e9nios<\/strong>: Ver MAI\u00daSCULAS.<\/p>\n<p><strong>Declara\u00e7\u00e3o Nutricional p\/100ml:<\/strong> Energia 768kJ\/186kcal; L\u00edpidos 18g (dos quais saturados 17g); Hidratos de Carbono 3,0g (dos quais a\u00e7\u00facares 2,5g); Prote\u00ednas 3,0g; Sal 0,23g.<\/p>\n","protected":false},"excerpt":{"rendered":"<p>Lien Ying Creme de Coco &#8220;90% Premium&#8221; Lata 400ml &nbsp; Ingredientes: Leite de coco (90%), \u00e1gua. Alerg\u00e9nios: Ver MAI\u00daSCULAS. Declara\u00e7\u00e3o Nutricional p\/100ml: Energia 768kJ\/186kcal; L\u00edpidos 18g (dos quais saturados 17g); Hidratos de Carbono 3,0g (dos quais a\u00e7\u00facares 2,5g); Prote\u00ednas 3,0g; Sal 0,23g.<\/p>\n","protected":false},"featured_media":936,"template":"","meta":[],"product_brand":[],"product_cat":[159,33,24],"product_tag":[],"class_list":{"0":"post-935","1":"product","2":"type-product","3":"status-publish","4":"has-post-thumbnail","6":"product_cat-diversos-mercearia-asiatica","7":"product_cat-mercearia-asiatica","8":"product_cat-sabores-do-mundo","9":"pa_marcas-lien-ying","10":"pa_pais-china","12":"first","13":"instock","14":"taxable","15":"shipping-taxable","16":"product-type-simple"},"_links":{"self":[{"href":"https:\/\/bricer.pt\/index.php?rest_route=\/wp\/v2\/product\/935","targetHints":{"allow":["GET"]}}],"collection":[{"href":"https:\/\/bricer.pt\/index.php?rest_route=\/wp\/v2\/product"}],"about":[{"href":"https:\/\/bricer.pt\/index.php?rest_route=\/wp\/v2\/types\/product"}],"wp:featuredmedia":[{"embeddable":true,"href":"https:\/\/bricer.pt\/index.php?rest_route=\/wp\/v2\/media\/936"}],"wp:attachment":[{"href":"https:\/\/bricer.pt\/index.php?rest_route=%2Fwp%2Fv2%2Fmedia&parent=935"}],"wp:term":[{"taxonomy":"product_brand","embeddable":true,"href":"https:\/\/bricer.pt\/index.php?rest_route=%2Fwp%2Fv2%2Fproduct_brand&post=935"},{"taxonomy":"product_cat","embeddable":true,"href":"https:\/\/bricer.pt\/index.php?rest_route=%2Fwp%2Fv2%2Fproduct_cat&post=935"},{"taxonomy":"product_tag","embeddable":true,"href":"https:\/\/bricer.pt\/index.php?rest_route=%2Fwp%2Fv2%2Fproduct_tag&post=935"}],"curies":[{"name":"wp","href":"https:\/\/api.w.org\/{rel}","templated":true}]}}