{"id":906,"date":"2023-03-06T11:10:43","date_gmt":"2023-03-06T11:10:43","guid":{"rendered":"https:\/\/bricer.pt\/produto\/liakada-pao-pita-saq-4-uni-265g\/"},"modified":"2026-02-12T12:48:04","modified_gmt":"2026-02-12T12:48:04","slug":"liakada-pao-pita-saq-4-uni-265g","status":"publish","type":"product","link":"https:\/\/bricer.pt\/?product=liakada-pao-pita-saq-4-uni-265g","title":{"rendered":"Liakada P\u00e3o Pita Saq. 4 Uni. 265g"},"content":{"rendered":"<p><strong>Liakada P\u00e3o Pita Saq. 4 Uni. 265g.<\/strong><\/p>\n<p><img decoding=\"async\" class=\"alignnone  wp-image-13168\" src=\"https:\/\/bricer.pt\/wp-content\/uploads\/2020\/04\/BRICER_SELOS_LACTOSE_LOW-300x286.png\" alt=\"\" width=\"100\" height=\"95\" \/><img decoding=\"async\" class=\"alignnone  wp-image-13166\" src=\"https:\/\/bricer.pt\/wp-content\/uploads\/2020\/04\/BRICER_SELOS_VEGANO_LOW-300x286.png\" alt=\"\" width=\"100\" height=\"95\" \/><\/p>\n<p><strong>Ingredientes<\/strong>: farinha de TRIGO, \u00e1gua, sal iodado (sal, iodato de pot\u00e1ssio), levedura, vinagre de \u00e1lcool, a\u00e7\u00facar, farinha de malte de TRIGO.<\/p>\n<p><strong>Alerg\u00e9nios<\/strong>: Ver MAI\u00daSCULAS. Sem conservantes consoante a regula\u00e7\u00e3o vegan. Sem lactose.<\/p>\n<p><strong>Declara\u00e7\u00e3o Nutricional p\/100g:<\/strong> Energia 1085kJ\/256kcal; L\u00edpidos 1,1g (dos quais saturados 0,3g); Hidratos de Carbono 52g (dos quais a\u00e7\u00facares 2,2g); Prote\u00ednas 7,8g; Sal 1,4g.<\/p>\n","protected":false},"excerpt":{"rendered":"<p>Liakada P\u00e3o Pita Saq. 4 Uni. 265g. Ingredientes: farinha de TRIGO, \u00e1gua, sal iodado (sal, iodato de pot\u00e1ssio), levedura, vinagre de \u00e1lcool, a\u00e7\u00facar, farinha de malte de TRIGO. Alerg\u00e9nios: Ver MAI\u00daSCULAS. Sem conservantes consoante a regula\u00e7\u00e3o vegan. Sem lactose. Declara\u00e7\u00e3o Nutricional p\/100g: Energia 1085kJ\/256kcal; L\u00edpidos 1,1g (dos quais saturados 0,3g); Hidratos de Carbono 52g (dos [&hellip;]<\/p>\n","protected":false},"featured_media":907,"template":"","meta":[],"product_brand":[],"product_cat":[101,36],"product_tag":[],"class_list":{"0":"post-906","1":"product","2":"type-product","3":"status-publish","4":"has-post-thumbnail","6":"product_cat-diversos-mercearia-salgada","7":"product_cat-mercearia-salgada","8":"pa_marcas-liakada","9":"pa_pais-grecia","11":"first","12":"instock","13":"taxable","14":"shipping-taxable","15":"product-type-simple"},"_links":{"self":[{"href":"https:\/\/bricer.pt\/index.php?rest_route=\/wp\/v2\/product\/906","targetHints":{"allow":["GET"]}}],"collection":[{"href":"https:\/\/bricer.pt\/index.php?rest_route=\/wp\/v2\/product"}],"about":[{"href":"https:\/\/bricer.pt\/index.php?rest_route=\/wp\/v2\/types\/product"}],"wp:featuredmedia":[{"embeddable":true,"href":"https:\/\/bricer.pt\/index.php?rest_route=\/wp\/v2\/media\/907"}],"wp:attachment":[{"href":"https:\/\/bricer.pt\/index.php?rest_route=%2Fwp%2Fv2%2Fmedia&parent=906"}],"wp:term":[{"taxonomy":"product_brand","embeddable":true,"href":"https:\/\/bricer.pt\/index.php?rest_route=%2Fwp%2Fv2%2Fproduct_brand&post=906"},{"taxonomy":"product_cat","embeddable":true,"href":"https:\/\/bricer.pt\/index.php?rest_route=%2Fwp%2Fv2%2Fproduct_cat&post=906"},{"taxonomy":"product_tag","embeddable":true,"href":"https:\/\/bricer.pt\/index.php?rest_route=%2Fwp%2Fv2%2Fproduct_tag&post=906"}],"curies":[{"name":"wp","href":"https:\/\/api.w.org\/{rel}","templated":true}]}}