{"id":893,"date":"2023-03-06T11:10:43","date_gmt":"2023-03-06T11:10:43","guid":{"rendered":"https:\/\/bricer.pt\/produto\/liakada-azeitonas-pretas-secas-c-caroco-frasco-230g\/"},"modified":"2023-04-17T07:58:47","modified_gmt":"2023-04-17T07:58:47","slug":"liakada-azeitonas-pretas-secas-c-caroco-frasco-230g","status":"publish","type":"product","link":"https:\/\/bricer.pt\/?product=liakada-azeitonas-pretas-secas-c-caroco-frasco-230g","title":{"rendered":"Liakada Azeitonas Pretas Secas c\/ Caro\u00e7o Frasco 230g"},"content":{"rendered":"<p><strong>Liakada Azeitonas Pretas Secas c\/ Caro\u00e7o Frasco 230g.<\/strong><\/p>\n<p>&nbsp;<\/p>\n<p><strong>Ingredientes<\/strong>: azeitonas, sal marinho, \u00f3leo de GIRASSOL.<\/p>\n<p><strong>Alerg\u00e9nios<\/strong>: Ver MAI\u00daSCULAS<\/p>\n<p><strong>Declara\u00e7\u00e3o Nutricional p\/100g:<\/strong> Energia 1361kJ\/324kcal; L\u00edpidos 28g (dos quais saturados 3,3g); Hidratos de Carbono 18g (dos quais a\u00e7\u00facares 3,2g); Prote\u00ednas 1,0g; Sal 8,0g.<\/p>\n","protected":false},"excerpt":{"rendered":"<p>Liakada Azeitonas Pretas Secas c\/ Caro\u00e7o Frasco 230g. &nbsp; Ingredientes: azeitonas, sal marinho, \u00f3leo de GIRASSOL. Alerg\u00e9nios: Ver MAI\u00daSCULAS Declara\u00e7\u00e3o Nutricional p\/100g: Energia 1361kJ\/324kcal; L\u00edpidos 28g (dos quais saturados 3,3g); Hidratos de Carbono 18g (dos quais a\u00e7\u00facares 3,2g); Prote\u00ednas 1,0g; Sal 8,0g.<\/p>\n","protected":false},"featured_media":894,"template":"","meta":[],"product_brand":[],"product_cat":[17],"product_tag":[],"class_list":{"0":"post-893","1":"product","2":"type-product","3":"status-publish","4":"has-post-thumbnail","6":"product_cat-mercearia","7":"pa_marcas-liakada","8":"pa_pais-grecia","10":"first","11":"instock","12":"taxable","13":"shipping-taxable","14":"product-type-simple"},"_links":{"self":[{"href":"https:\/\/bricer.pt\/index.php?rest_route=\/wp\/v2\/product\/893","targetHints":{"allow":["GET"]}}],"collection":[{"href":"https:\/\/bricer.pt\/index.php?rest_route=\/wp\/v2\/product"}],"about":[{"href":"https:\/\/bricer.pt\/index.php?rest_route=\/wp\/v2\/types\/product"}],"wp:featuredmedia":[{"embeddable":true,"href":"https:\/\/bricer.pt\/index.php?rest_route=\/wp\/v2\/media\/894"}],"wp:attachment":[{"href":"https:\/\/bricer.pt\/index.php?rest_route=%2Fwp%2Fv2%2Fmedia&parent=893"}],"wp:term":[{"taxonomy":"product_brand","embeddable":true,"href":"https:\/\/bricer.pt\/index.php?rest_route=%2Fwp%2Fv2%2Fproduct_brand&post=893"},{"taxonomy":"product_cat","embeddable":true,"href":"https:\/\/bricer.pt\/index.php?rest_route=%2Fwp%2Fv2%2Fproduct_cat&post=893"},{"taxonomy":"product_tag","embeddable":true,"href":"https:\/\/bricer.pt\/index.php?rest_route=%2Fwp%2Fv2%2Fproduct_tag&post=893"}],"curies":[{"name":"wp","href":"https:\/\/api.w.org\/{rel}","templated":true}]}}