{"id":794,"date":"2023-03-06T11:07:50","date_gmt":"2023-03-06T11:07:50","guid":{"rendered":"https:\/\/bricer.pt\/produto\/hp-molho-original-garrafa-255g\/"},"modified":"2026-02-12T12:47:00","modified_gmt":"2026-02-12T12:47:00","slug":"hp-molho-original-garrafa-255g","status":"publish","type":"product","link":"https:\/\/bricer.pt\/?product=hp-molho-original-garrafa-255g","title":{"rendered":"HP Molho Original Garrafa 255g"},"content":{"rendered":"<p><strong>HP Molho Original Garrafa 255g.<\/strong><\/p>\n<p>&nbsp;<\/p>\n<p><strong>Ingredientes<\/strong>: Tomate, vinagre de malte (de CEVADA), mela\u00e7o, xarope de glicose-frutose, vinagre de \u00e1lcool, a\u00e7\u00facar, t\u00e2maras, farinha de milho modificada, farinha de CENTEIO, sal, especiarias, aromas, tamarindo.<\/p>\n<p><strong> Alerg\u00e9nios<\/strong>: Ver MAI\u00daSCULAS.<\/p>\n<p><strong>Declara\u00e7\u00e3o Nutricional p\/100g:<\/strong> Energia 517kJ\/122kcal; L\u00edpidos 0,1g (dos quais saturados vest\u00edgios); Hidratos de Carbono 28,3g (dos quais a\u00e7\u00facares 23,1g); Prote\u00ednas 0,9g; Sal 1,3g.<\/p>\n","protected":false},"excerpt":{"rendered":"<p>HP Molho Original Garrafa 255g. &nbsp; Ingredientes: Tomate, vinagre de malte (de CEVADA), mela\u00e7o, xarope de glicose-frutose, vinagre de \u00e1lcool, a\u00e7\u00facar, t\u00e2maras, farinha de milho modificada, farinha de CENTEIO, sal, especiarias, aromas, tamarindo. Alerg\u00e9nios: Ver MAI\u00daSCULAS. Declara\u00e7\u00e3o Nutricional p\/100g: Energia 517kJ\/122kcal; L\u00edpidos 0,1g (dos quais saturados vest\u00edgios); Hidratos de Carbono 28,3g (dos quais a\u00e7\u00facares 23,1g); [&hellip;]<\/p>\n","protected":false},"featured_media":795,"template":"","meta":[],"product_brand":[],"product_cat":[101,36],"product_tag":[],"class_list":{"0":"post-794","1":"product","2":"type-product","3":"status-publish","4":"has-post-thumbnail","6":"product_cat-diversos-mercearia-salgada","7":"product_cat-mercearia-salgada","8":"pa_marcas-hp","9":"pa_pais-reino-unido","11":"first","12":"instock","13":"taxable","14":"shipping-taxable","15":"product-type-simple"},"_links":{"self":[{"href":"https:\/\/bricer.pt\/index.php?rest_route=\/wp\/v2\/product\/794","targetHints":{"allow":["GET"]}}],"collection":[{"href":"https:\/\/bricer.pt\/index.php?rest_route=\/wp\/v2\/product"}],"about":[{"href":"https:\/\/bricer.pt\/index.php?rest_route=\/wp\/v2\/types\/product"}],"wp:featuredmedia":[{"embeddable":true,"href":"https:\/\/bricer.pt\/index.php?rest_route=\/wp\/v2\/media\/795"}],"wp:attachment":[{"href":"https:\/\/bricer.pt\/index.php?rest_route=%2Fwp%2Fv2%2Fmedia&parent=794"}],"wp:term":[{"taxonomy":"product_brand","embeddable":true,"href":"https:\/\/bricer.pt\/index.php?rest_route=%2Fwp%2Fv2%2Fproduct_brand&post=794"},{"taxonomy":"product_cat","embeddable":true,"href":"https:\/\/bricer.pt\/index.php?rest_route=%2Fwp%2Fv2%2Fproduct_cat&post=794"},{"taxonomy":"product_tag","embeddable":true,"href":"https:\/\/bricer.pt\/index.php?rest_route=%2Fwp%2Fv2%2Fproduct_tag&post=794"}],"curies":[{"name":"wp","href":"https:\/\/api.w.org\/{rel}","templated":true}]}}