{"id":698,"date":"2023-03-06T11:07:38","date_gmt":"2023-03-06T11:07:38","guid":{"rendered":"https:\/\/bricer.pt\/produto\/grandma-wilds-bolachas-de-gengibre-cx-150g\/"},"modified":"2026-04-17T09:20:34","modified_gmt":"2026-04-17T09:20:34","slug":"grandma-wilds-bolachas-de-gengibre-cx-150g","status":"publish","type":"product","link":"https:\/\/bricer.pt\/?product=grandma-wilds-bolachas-de-gengibre-cx-150g","title":{"rendered":"Grandma Wild&#8217;s Bolachas de Gengibre Cx. 150g"},"content":{"rendered":"<p><strong>Grandma Wild&#8217;s Bolachas de Gengibre<\/strong> Cx. 150g.<\/p>\n<p>&nbsp;<\/p>\n<p><strong>Ingredientes<\/strong>: farinha de TRIGO (carbonato de c\u00e1lcio, ferro, niacina, tiamina), a\u00e7\u00facar, xarope de cana de a\u00e7\u00facar, \u00f3leo vegetal (\u00f3leo de palma, \u00f3leo de colza, \u00e1gua, sal, aromas naturais), OVOS, levedantes: bicarbonato de s\u00f3dio, gengibre mo\u00eddo, noz-moscada mo\u00edda, sal.<\/p>\n<p><strong>Alerg\u00e9nios<\/strong>: ver MAI\u00daSCULAS. Inclui cereais contendo GL\u00daTEN. N\u00e3o \u00e9 adequado para quem sofre de alergias a nozes e s\u00e9samo, pode tamb\u00e9m conter vest\u00edgios de mostarda, amendoim, soja e outras fontes de gl\u00faten (aveia, espelta, centeio, cevada). Adequado a vegetarianos.<\/p>\n<p><strong>Declara\u00e7\u00e3o Nutricional p\/100g:<\/strong> Energia 1933kJ\/460kcal; L\u00edpidos 16g (dos quais saturados 8g); Hidratos de Carbono 74g (dos quais a\u00e7\u00facares 44g); Prote\u00ednas 4,9g; Sal 1,31g.<\/p>\n","protected":false},"excerpt":{"rendered":"<p>Grandma Wild&#8217;s Bolachas de Gengibre Cx. 150g. &nbsp; Ingredientes: farinha de TRIGO (carbonato de c\u00e1lcio, ferro, niacina, tiamina), a\u00e7\u00facar, xarope de cana de a\u00e7\u00facar, \u00f3leo vegetal (\u00f3leo de palma, \u00f3leo de colza, \u00e1gua, sal, aromas naturais), OVOS, levedantes: bicarbonato de s\u00f3dio, gengibre mo\u00eddo, noz-moscada mo\u00edda, sal. Alerg\u00e9nios: ver MAI\u00daSCULAS. Inclui cereais contendo GL\u00daTEN. N\u00e3o \u00e9 [&hellip;]<\/p>\n","protected":false},"featured_media":699,"template":"","meta":[],"product_brand":[],"product_cat":[77,76],"product_tag":[],"class_list":{"0":"post-698","1":"product","2":"type-product","3":"status-publish","4":"has-post-thumbnail","6":"product_cat-bolachas-e-biscoitos-mercearia-doce","7":"product_cat-mercearia-doce","8":"pa_marcas-grandma-wilds","9":"pa_pais-reino-unido","11":"first","12":"instock","13":"taxable","14":"shipping-taxable","15":"product-type-simple"},"_links":{"self":[{"href":"https:\/\/bricer.pt\/index.php?rest_route=\/wp\/v2\/product\/698","targetHints":{"allow":["GET"]}}],"collection":[{"href":"https:\/\/bricer.pt\/index.php?rest_route=\/wp\/v2\/product"}],"about":[{"href":"https:\/\/bricer.pt\/index.php?rest_route=\/wp\/v2\/types\/product"}],"wp:featuredmedia":[{"embeddable":true,"href":"https:\/\/bricer.pt\/index.php?rest_route=\/wp\/v2\/media\/699"}],"wp:attachment":[{"href":"https:\/\/bricer.pt\/index.php?rest_route=%2Fwp%2Fv2%2Fmedia&parent=698"}],"wp:term":[{"taxonomy":"product_brand","embeddable":true,"href":"https:\/\/bricer.pt\/index.php?rest_route=%2Fwp%2Fv2%2Fproduct_brand&post=698"},{"taxonomy":"product_cat","embeddable":true,"href":"https:\/\/bricer.pt\/index.php?rest_route=%2Fwp%2Fv2%2Fproduct_cat&post=698"},{"taxonomy":"product_tag","embeddable":true,"href":"https:\/\/bricer.pt\/index.php?rest_route=%2Fwp%2Fv2%2Fproduct_tag&post=698"}],"curies":[{"name":"wp","href":"https:\/\/api.w.org\/{rel}","templated":true}]}}