{"id":614,"date":"2023-03-06T11:07:17","date_gmt":"2023-03-06T11:07:17","guid":{"rendered":"https:\/\/bricer.pt\/produto\/gold-cup-agar-agar-branco-em-po-saqueta-25g\/"},"modified":"2023-04-17T07:58:11","modified_gmt":"2023-04-17T07:58:11","slug":"gold-cup-agar-agar-branco-em-po-saqueta-25g","status":"publish","type":"product","link":"https:\/\/bricer.pt\/?product=gold-cup-agar-agar-branco-em-po-saqueta-25g","title":{"rendered":"Gold Cup &#8220;Agar Agar&#8221; Branco em P\u00f3 Saqueta 25g"},"content":{"rendered":"<p><strong>Gold Cup &#8220;Agar Agar&#8221; Branco em P\u00f3<\/strong> Saqueta 25g.<\/p>\n<p>&nbsp;<\/p>\n<p><strong>Ingredientes<\/strong>: agar agar em p\u00f3.<\/p>\n<p><strong>Alerg\u00e9nios<\/strong>: ver MAI\u00daSCULAS.<\/p>\n<p><strong>Declara\u00e7\u00e3o Nutricional p\/100g:<\/strong> Energia 2500kJ\/598kcal; L\u00edpidos 0g (dos quais saturados 0g); Hidratos de Carbono 100g (dos quais a\u00e7\u00facares 0g); Fibra 100g; Prote\u00ednas 0g; Sal 0g.<\/p>\n","protected":false},"excerpt":{"rendered":"<p>Gold Cup &#8220;Agar Agar&#8221; Branco em P\u00f3 Saqueta 25g. &nbsp; Ingredientes: agar agar em p\u00f3. Alerg\u00e9nios: ver MAI\u00daSCULAS. Declara\u00e7\u00e3o Nutricional p\/100g: Energia 2500kJ\/598kcal; L\u00edpidos 0g (dos quais saturados 0g); Hidratos de Carbono 100g (dos quais a\u00e7\u00facares 0g); Fibra 100g; Prote\u00ednas 0g; Sal 0g.<\/p>\n","protected":false},"featured_media":615,"template":"","meta":[],"product_brand":[],"product_cat":[159,33,24],"product_tag":[],"class_list":{"0":"post-614","1":"product","2":"type-product","3":"status-publish","4":"has-post-thumbnail","6":"product_cat-diversos-mercearia-asiatica","7":"product_cat-mercearia-asiatica","8":"product_cat-sabores-do-mundo","9":"pa_marcas-gold-cup","10":"pa_pais-tailandia","12":"first","13":"instock","14":"taxable","15":"shipping-taxable","16":"product-type-simple"},"_links":{"self":[{"href":"https:\/\/bricer.pt\/index.php?rest_route=\/wp\/v2\/product\/614","targetHints":{"allow":["GET"]}}],"collection":[{"href":"https:\/\/bricer.pt\/index.php?rest_route=\/wp\/v2\/product"}],"about":[{"href":"https:\/\/bricer.pt\/index.php?rest_route=\/wp\/v2\/types\/product"}],"wp:featuredmedia":[{"embeddable":true,"href":"https:\/\/bricer.pt\/index.php?rest_route=\/wp\/v2\/media\/615"}],"wp:attachment":[{"href":"https:\/\/bricer.pt\/index.php?rest_route=%2Fwp%2Fv2%2Fmedia&parent=614"}],"wp:term":[{"taxonomy":"product_brand","embeddable":true,"href":"https:\/\/bricer.pt\/index.php?rest_route=%2Fwp%2Fv2%2Fproduct_brand&post=614"},{"taxonomy":"product_cat","embeddable":true,"href":"https:\/\/bricer.pt\/index.php?rest_route=%2Fwp%2Fv2%2Fproduct_cat&post=614"},{"taxonomy":"product_tag","embeddable":true,"href":"https:\/\/bricer.pt\/index.php?rest_route=%2Fwp%2Fv2%2Fproduct_tag&post=614"}],"curies":[{"name":"wp","href":"https:\/\/api.w.org\/{rel}","templated":true}]}}