{"id":560,"date":"2023-03-06T11:07:10","date_gmt":"2023-03-06T11:07:10","guid":{"rendered":"https:\/\/bricer.pt\/produto\/fattoria-dell-oca-bianca-massa-pappardelle-pacote-500g\/"},"modified":"2023-05-01T14:52:46","modified_gmt":"2023-05-01T14:52:46","slug":"fattoria-dell-oca-bianca-massa-pappardelle-pacote-500g","status":"publish","type":"product","link":"https:\/\/bricer.pt\/?product=fattoria-dell-oca-bianca-massa-pappardelle-pacote-500g","title":{"rendered":"Fattoria dell&#8217; Oca Bianca Massa &#8221;PAPPARDELLE&#8221; Pacote 500g"},"content":{"rendered":"<p><strong>Fattoria dell&#8217; Oca Bianca Massa &#8221;PAPPARDELLE&#8221;<\/strong> Pacote 500g.<\/p>\n<p>&nbsp;<\/p>\n<p><strong>Ingredientes<\/strong>: s\u00eamola de TRIGO duro, ovos (min. 20%).<\/p>\n<p><strong>Alerg\u00e9nios<\/strong>: Ver MAI\u00daSCULAS.<\/p>\n<p><strong>Declara\u00e7\u00e3o Nutricional p\/ 100g:<\/strong> Energia 1393kJ\/333kcal; L\u00edpidos 2,3g (dos quais \u00e1cidos gordos saturados 0,6g); Hidratos de Carbono 62,8g (dos quais a\u00e7\u00facares 1,9g); Prote\u00ednas 13,6g; Sal 0.03g.<\/p>\n<p><strong>Instru\u00e7\u00f5es<\/strong>: Cozer em \u00e1gua com sal a ferver durante 4\/5 minutos. Temperar a gosto.<\/p>\n<p><strong>Advert\u00eancias<\/strong>: Proteger da humidade e da luz solar directa.<\/p>\n","protected":false},"excerpt":{"rendered":"<p>Fattoria dell&#8217; Oca Bianca Massa &#8221;PAPPARDELLE&#8221; Pacote 500g. &nbsp; Ingredientes: s\u00eamola de TRIGO duro, ovos (min. 20%). Alerg\u00e9nios: Ver MAI\u00daSCULAS. Declara\u00e7\u00e3o Nutricional p\/ 100g: Energia 1393kJ\/333kcal; L\u00edpidos 2,3g (dos quais \u00e1cidos gordos saturados 0,6g); Hidratos de Carbono 62,8g (dos quais a\u00e7\u00facares 1,9g); Prote\u00ednas 13,6g; Sal 0.03g. Instru\u00e7\u00f5es: Cozer em \u00e1gua com sal a ferver durante [&hellip;]<\/p>\n","protected":false},"featured_media":561,"template":"","meta":[],"product_brand":[],"product_cat":[147,145],"product_tag":[],"class_list":{"0":"post-560","1":"product","2":"type-product","3":"status-publish","4":"has-post-thumbnail","6":"product_cat-massasmercearia","7":"product_cat-produtos-premium","8":"pa_marcas-fattoria-delloca-bianca","9":"pa_pais-italia","11":"first","12":"instock","13":"taxable","14":"shipping-taxable","15":"product-type-simple"},"_links":{"self":[{"href":"https:\/\/bricer.pt\/index.php?rest_route=\/wp\/v2\/product\/560","targetHints":{"allow":["GET"]}}],"collection":[{"href":"https:\/\/bricer.pt\/index.php?rest_route=\/wp\/v2\/product"}],"about":[{"href":"https:\/\/bricer.pt\/index.php?rest_route=\/wp\/v2\/types\/product"}],"wp:featuredmedia":[{"embeddable":true,"href":"https:\/\/bricer.pt\/index.php?rest_route=\/wp\/v2\/media\/561"}],"wp:attachment":[{"href":"https:\/\/bricer.pt\/index.php?rest_route=%2Fwp%2Fv2%2Fmedia&parent=560"}],"wp:term":[{"taxonomy":"product_brand","embeddable":true,"href":"https:\/\/bricer.pt\/index.php?rest_route=%2Fwp%2Fv2%2Fproduct_brand&post=560"},{"taxonomy":"product_cat","embeddable":true,"href":"https:\/\/bricer.pt\/index.php?rest_route=%2Fwp%2Fv2%2Fproduct_cat&post=560"},{"taxonomy":"product_tag","embeddable":true,"href":"https:\/\/bricer.pt\/index.php?rest_route=%2Fwp%2Fv2%2Fproduct_tag&post=560"}],"curies":[{"name":"wp","href":"https:\/\/api.w.org\/{rel}","templated":true}]}}