{"id":55,"date":"2023-03-06T11:01:13","date_gmt":"2023-03-06T11:01:13","guid":{"rendered":"https:\/\/bricer.pt\/produto\/amoy-molho-teriyaki-frasco-150ml\/"},"modified":"2025-10-31T15:33:54","modified_gmt":"2025-10-31T15:33:54","slug":"amoy-molho-teriyaki-frasco-150ml","status":"publish","type":"product","link":"https:\/\/bricer.pt\/?product=amoy-molho-teriyaki-frasco-150ml","title":{"rendered":"Amoy Molho &#8220;Teriyaki&#8221; Frasco 150ml"},"content":{"rendered":"<p><strong>Amoy Molho &#8220;Teriyaki&#8221;<\/strong> Frasco 150ml.<\/p>\n<p>&nbsp;<\/p>\n<p><strong>Ingredientes<\/strong>: Molho de SOJA (39%) (\u00e1gua, sementes de SOJA, sal, farinha de TRIGO), a\u00e7\u00facar, \u00e1gua, vinagre de arroz, sal, corante: caramelo (E150c); extracto de levedura (cont\u00e9m molho de SOJA (sementes de SOJA, TRIGO), aroma, corante: E150c), alho, conservante: E202; estabilizador: E415, intensificadores de sabor: E631, E627.<\/p>\n<p><strong>Alerg\u00e9nios<\/strong>: ver MAI\u00daSCULAS.<\/p>\n<p><strong>Declara\u00e7\u00e3o Nutricional p\/100ml:<\/strong> Energia 803kJ\/189kcal; L\u00edpidos vest\u00edgios (dos quais saturados vest\u00edgios); Hidratos de Carbono 44g (dos quais a\u00e7\u00facares 43g); Prote\u00ednas 3,6g; Sal 11,7g.<\/p>\n","protected":false},"excerpt":{"rendered":"<p>Amoy Molho &#8220;Teriyaki&#8221; Frasco 150ml. &nbsp; Ingredientes: Molho de SOJA (39%) (\u00e1gua, sementes de SOJA, sal, farinha de TRIGO), a\u00e7\u00facar, \u00e1gua, vinagre de arroz, sal, corante: caramelo (E150c); extracto de levedura (cont\u00e9m molho de SOJA (sementes de SOJA, TRIGO), aroma, corante: E150c), alho, conservante: E202; estabilizador: E415, intensificadores de sabor: E631, E627. Alerg\u00e9nios: ver MAI\u00daSCULAS. [&hellip;]<\/p>\n","protected":false},"featured_media":56,"template":"","meta":[],"product_brand":[],"product_cat":[33,35,34,24],"product_tag":[],"class_list":{"0":"post-55","1":"product","2":"type-product","3":"status-publish","4":"has-post-thumbnail","6":"product_cat-mercearia-asiatica","7":"product_cat-molhos","8":"product_cat-molhosmercearia-salgada","9":"product_cat-sabores-do-mundo","10":"pa_marcas-amoy","11":"pa_pais-china","13":"first","14":"instock","15":"taxable","16":"shipping-taxable","17":"product-type-simple"},"_links":{"self":[{"href":"https:\/\/bricer.pt\/index.php?rest_route=\/wp\/v2\/product\/55","targetHints":{"allow":["GET"]}}],"collection":[{"href":"https:\/\/bricer.pt\/index.php?rest_route=\/wp\/v2\/product"}],"about":[{"href":"https:\/\/bricer.pt\/index.php?rest_route=\/wp\/v2\/types\/product"}],"wp:featuredmedia":[{"embeddable":true,"href":"https:\/\/bricer.pt\/index.php?rest_route=\/wp\/v2\/media\/56"}],"wp:attachment":[{"href":"https:\/\/bricer.pt\/index.php?rest_route=%2Fwp%2Fv2%2Fmedia&parent=55"}],"wp:term":[{"taxonomy":"product_brand","embeddable":true,"href":"https:\/\/bricer.pt\/index.php?rest_route=%2Fwp%2Fv2%2Fproduct_brand&post=55"},{"taxonomy":"product_cat","embeddable":true,"href":"https:\/\/bricer.pt\/index.php?rest_route=%2Fwp%2Fv2%2Fproduct_cat&post=55"},{"taxonomy":"product_tag","embeddable":true,"href":"https:\/\/bricer.pt\/index.php?rest_route=%2Fwp%2Fv2%2Fproduct_tag&post=55"}],"curies":[{"name":"wp","href":"https:\/\/api.w.org\/{rel}","templated":true}]}}