{"id":535,"date":"2023-03-06T11:07:04","date_gmt":"2023-03-06T11:07:04","guid":{"rendered":"https:\/\/bricer.pt\/produto\/el-avion-arroz-para-paella-embalagem-500g\/"},"modified":"2025-10-14T08:29:16","modified_gmt":"2025-10-14T08:29:16","slug":"el-avion-arroz-para-paella-embalagem-500g","status":"publish","type":"product","link":"https:\/\/bricer.pt\/?product=el-avion-arroz-para-paella-embalagem-500g","title":{"rendered":"El Avion Arroz para &#8220;Paella&#8221; Embalagem 500g"},"content":{"rendered":"<p><strong>El Avion Arroz para &#8220;Paella&#8221; Embalagem 500g.<\/strong><\/p>\n<p>&nbsp;<\/p>\n<p><strong>Ingredientes<\/strong>: Arroz Espanhol (Val\u00eancia).<\/p>\n<p><strong>Declara\u00e7\u00e3o Nutricional p\/100g:<\/strong> Energia 1499kJ\/358kcal; L\u00edpidos 0,5g (dos quais saturados 0,1g); Hidratos de Carbono 79,2g (dos quais a\u00e7\u00facares 0g); Fibra 2,8g; Prote\u00ednas 6,5g; Sal 0g.<\/p>\n","protected":false},"excerpt":{"rendered":"<p>El Avion Arroz para &#8220;Paella&#8221; Embalagem 500g. &nbsp; Ingredientes: Arroz Espanhol (Val\u00eancia). Declara\u00e7\u00e3o Nutricional p\/100g: Energia 1499kJ\/358kcal; L\u00edpidos 0,5g (dos quais saturados 0,1g); Hidratos de Carbono 79,2g (dos quais a\u00e7\u00facares 0g); Fibra 2,8g; Prote\u00ednas 6,5g; Sal 0g.<\/p>\n","protected":false},"featured_media":536,"template":"","meta":[],"product_brand":[],"product_cat":[142,141,89],"product_tag":[],"class_list":{"0":"post-535","1":"product","2":"type-product","3":"status-publish","4":"has-post-thumbnail","6":"product_cat-arrozmercearia-mercearia-espanhola","7":"product_cat-mercearia-espanhola","8":"product_cat-sabores-da-europa","9":"pa_marcas-el-avion","10":"pa_pais-espanha","12":"first","13":"instock","14":"taxable","15":"shipping-taxable","16":"product-type-simple"},"_links":{"self":[{"href":"https:\/\/bricer.pt\/index.php?rest_route=\/wp\/v2\/product\/535","targetHints":{"allow":["GET"]}}],"collection":[{"href":"https:\/\/bricer.pt\/index.php?rest_route=\/wp\/v2\/product"}],"about":[{"href":"https:\/\/bricer.pt\/index.php?rest_route=\/wp\/v2\/types\/product"}],"wp:featuredmedia":[{"embeddable":true,"href":"https:\/\/bricer.pt\/index.php?rest_route=\/wp\/v2\/media\/536"}],"wp:attachment":[{"href":"https:\/\/bricer.pt\/index.php?rest_route=%2Fwp%2Fv2%2Fmedia&parent=535"}],"wp:term":[{"taxonomy":"product_brand","embeddable":true,"href":"https:\/\/bricer.pt\/index.php?rest_route=%2Fwp%2Fv2%2Fproduct_brand&post=535"},{"taxonomy":"product_cat","embeddable":true,"href":"https:\/\/bricer.pt\/index.php?rest_route=%2Fwp%2Fv2%2Fproduct_cat&post=535"},{"taxonomy":"product_tag","embeddable":true,"href":"https:\/\/bricer.pt\/index.php?rest_route=%2Fwp%2Fv2%2Fproduct_tag&post=535"}],"curies":[{"name":"wp","href":"https:\/\/api.w.org\/{rel}","templated":true}]}}