{"id":508,"date":"2023-03-06T11:07:01","date_gmt":"2023-03-06T11:07:01","guid":{"rendered":"https:\/\/bricer.pt\/produto\/dr-oetker-pasta-de-sementes-de-papoila-saqueta-250g\/"},"modified":"2023-12-18T11:16:45","modified_gmt":"2023-12-18T11:16:45","slug":"dr-oetker-pasta-de-sementes-de-papoila-saqueta-250g","status":"publish","type":"product","link":"https:\/\/bricer.pt\/?product=dr-oetker-pasta-de-sementes-de-papoila-saqueta-250g","title":{"rendered":"Dr. Oetker Pasta de Sementes de Papoila Saqueta 250g"},"content":{"rendered":"<p><strong>Dr. Oetker Pasta de Sementes de Papoila Saqueta 250g.<\/strong><\/p>\n<p>&nbsp;<\/p>\n<p><strong>Ingredientes<\/strong>: 33% sementes de papoila azul, a\u00e7\u00facar, \u00e1gua, amido modifi-<br \/>\ncado, acidificante (\u00e1cido c\u00edtrico), espessante (pectina) aroma natu-<br \/>\nral, conservante (E202).<\/p>\n<p><strong>Declara\u00e7\u00e3o Nutricional p\/100g:<\/strong> Energia 1316kJ\/314kcal; L\u00edpidos 14g (dos quais saturados 1,6g); Hidratos de Carbono 37g (dos quais a\u00e7\u00facares 33g); Prote\u00ednas 6,7g; Sal 0,02g.<\/p>\n","protected":false},"excerpt":{"rendered":"<p>Dr. Oetker Pasta de Sementes de Papoila Saqueta 250g. &nbsp; Ingredientes: 33% sementes de papoila azul, a\u00e7\u00facar, \u00e1gua, amido modifi- cado, acidificante (\u00e1cido c\u00edtrico), espessante (pectina) aroma natu- ral, conservante (E202). Declara\u00e7\u00e3o Nutricional p\/100g: Energia 1316kJ\/314kcal; L\u00edpidos 14g (dos quais saturados 1,6g); Hidratos de Carbono 37g (dos quais a\u00e7\u00facares 33g); Prote\u00ednas 6,7g; Sal 0,02g.<\/p>\n","protected":false},"featured_media":509,"template":"","meta":[],"product_brand":[],"product_cat":[76,134,135],"product_tag":[],"class_list":{"0":"post-508","1":"product","2":"type-product","3":"status-publish","4":"has-post-thumbnail","6":"product_cat-mercearia-doce","7":"product_cat-preparados-pastelariamercearia-doce","8":"product_cat-preparados-sobremesas-preparados-pastelariamercearia-doce","9":"pa_marcas-dr-oetker","10":"pa_pais-alemanha","12":"first","13":"instock","14":"taxable","15":"shipping-taxable","16":"product-type-simple"},"_links":{"self":[{"href":"https:\/\/bricer.pt\/index.php?rest_route=\/wp\/v2\/product\/508","targetHints":{"allow":["GET"]}}],"collection":[{"href":"https:\/\/bricer.pt\/index.php?rest_route=\/wp\/v2\/product"}],"about":[{"href":"https:\/\/bricer.pt\/index.php?rest_route=\/wp\/v2\/types\/product"}],"wp:featuredmedia":[{"embeddable":true,"href":"https:\/\/bricer.pt\/index.php?rest_route=\/wp\/v2\/media\/509"}],"wp:attachment":[{"href":"https:\/\/bricer.pt\/index.php?rest_route=%2Fwp%2Fv2%2Fmedia&parent=508"}],"wp:term":[{"taxonomy":"product_brand","embeddable":true,"href":"https:\/\/bricer.pt\/index.php?rest_route=%2Fwp%2Fv2%2Fproduct_brand&post=508"},{"taxonomy":"product_cat","embeddable":true,"href":"https:\/\/bricer.pt\/index.php?rest_route=%2Fwp%2Fv2%2Fproduct_cat&post=508"},{"taxonomy":"product_tag","embeddable":true,"href":"https:\/\/bricer.pt\/index.php?rest_route=%2Fwp%2Fv2%2Fproduct_tag&post=508"}],"curies":[{"name":"wp","href":"https:\/\/api.w.org\/{rel}","templated":true}]}}