{"id":449,"date":"2023-03-06T11:04:21","date_gmt":"2023-03-06T11:04:21","guid":{"rendered":"https:\/\/bricer.pt\/produto\/doves-farm-farinha-de-batata-s-gluten-emb-120g\/"},"modified":"2023-07-23T10:50:43","modified_gmt":"2023-07-23T10:50:43","slug":"doves-farm-farinha-de-batata-s-gluten-emb-120g","status":"publish","type":"product","link":"https:\/\/bricer.pt\/?product=doves-farm-farinha-de-batata-s-gluten-emb-120g","title":{"rendered":"Doves Farm Farinha de Batata s\/ Gl\u00faten Emb. 120g"},"content":{"rendered":"<p><strong>Doves Farm Farinha de Batata s\/ Gl\u00faten\u00a0 \u00a0 Emb. 120g<\/strong><\/p>\n<p><img decoding=\"async\" class=\"alignnone wp-image-13167\" src=\"https:\/\/bricer.pt\/wp-content\/uploads\/2020\/04\/BRICER_SELOS_GLUTEN_LOW-300x286.png\" alt=\"\" width=\"100\" height=\"95\" \/><\/p>\n<p><strong>Ingrediente:<\/strong> Amido de Batata.<\/p>\n<p><strong>Alerg\u00e9nicas<\/strong>: Sem gl\u00faten<\/p>\n<p><strong>Declara\u00e7\u00e3o Nutricional p\/100g:<\/strong> Energia 1370kJ\/322kcal; L\u00edpidos 0,1g (dos quais saturados 0,1g); Hidratos de Carbono 79,3g (dos quais a\u00e7\u00facares 0,1g); Fibra 0,8; Prote\u00ednas 0,6g; Sal 0,03g.<\/p>\n","protected":false},"excerpt":{"rendered":"<p>Doves Farm Farinha de Batata s\/ Gl\u00faten\u00a0 \u00a0 Emb. 120g Ingrediente: Amido de Batata. Alerg\u00e9nicas: Sem gl\u00faten Declara\u00e7\u00e3o Nutricional p\/100g: Energia 1370kJ\/322kcal; L\u00edpidos 0,1g (dos quais saturados 0,1g); Hidratos de Carbono 79,3g (dos quais a\u00e7\u00facares 0,1g); Fibra 0,8; Prote\u00ednas 0,6g; Sal 0,03g.<\/p>\n","protected":false},"featured_media":450,"template":"","meta":[],"product_brand":[],"product_cat":[69,123],"product_tag":[],"class_list":{"0":"post-449","1":"product","2":"type-product","3":"status-publish","4":"has-post-thumbnail","6":"product_cat-alimentacao-saudavel","7":"product_cat-produtos-s-gluten","8":"pa_marcas-doves-farm","9":"pa_pais-reino-unido","10":"pa_sem-gluten-sem-gluten","12":"first","13":"instock","14":"taxable","15":"shipping-taxable","16":"product-type-simple"},"_links":{"self":[{"href":"https:\/\/bricer.pt\/index.php?rest_route=\/wp\/v2\/product\/449","targetHints":{"allow":["GET"]}}],"collection":[{"href":"https:\/\/bricer.pt\/index.php?rest_route=\/wp\/v2\/product"}],"about":[{"href":"https:\/\/bricer.pt\/index.php?rest_route=\/wp\/v2\/types\/product"}],"wp:featuredmedia":[{"embeddable":true,"href":"https:\/\/bricer.pt\/index.php?rest_route=\/wp\/v2\/media\/450"}],"wp:attachment":[{"href":"https:\/\/bricer.pt\/index.php?rest_route=%2Fwp%2Fv2%2Fmedia&parent=449"}],"wp:term":[{"taxonomy":"product_brand","embeddable":true,"href":"https:\/\/bricer.pt\/index.php?rest_route=%2Fwp%2Fv2%2Fproduct_brand&post=449"},{"taxonomy":"product_cat","embeddable":true,"href":"https:\/\/bricer.pt\/index.php?rest_route=%2Fwp%2Fv2%2Fproduct_cat&post=449"},{"taxonomy":"product_tag","embeddable":true,"href":"https:\/\/bricer.pt\/index.php?rest_route=%2Fwp%2Fv2%2Fproduct_tag&post=449"}],"curies":[{"name":"wp","href":"https:\/\/api.w.org\/{rel}","templated":true}]}}