{"id":419,"date":"2023-03-06T11:04:12","date_gmt":"2023-03-06T11:04:12","guid":{"rendered":"https:\/\/bricer.pt\/produto\/didden-molho-tartaro-frasco-250ml\/"},"modified":"2025-10-14T08:39:36","modified_gmt":"2025-10-14T08:39:36","slug":"didden-molho-tartaro-frasco-250ml","status":"publish","type":"product","link":"https:\/\/bricer.pt\/?product=didden-molho-tartaro-frasco-250ml","title":{"rendered":"Didden Molho T\u00e1rtaro Frasco 250ml"},"content":{"rendered":"<p><strong>Didden Molho T\u00e1rtaro Frasco 250ml.<\/strong><\/p>\n<p>&nbsp;<\/p>\n<p><strong>Ingredientes<\/strong>: \u00d3leo de colza, \u00e1gua, gema de OVO, vinagre, MOSTARDA (\u00e1gua, gr\u00e3os de MOSTARDA, vinagre, sal, a\u00e7\u00facar, curcuma), amido de milho, cebola, salsa, sal, alcaparra, espessantes: goma guar e goma xantana; conservantes: sorbato de pot\u00e1ssio e benzoato de s\u00f3dio; regulador de acidez: latacto de s\u00f3dio; antioxidante: EDTA; intensificador de sabor; glutamato monoss\u00f3dico.<\/p>\n<p><strong>Alerg\u00e9nios<\/strong>: ver MAI\u00daSCULAS.<\/p>\n<p><strong>Declara\u00e7\u00e3o Nutricional p\/100ml:<\/strong> Energia 2357kJ\/564kcal; L\u00edpidos 60,1g (dos quais saturados 4,7g); Hidratos de Carbono 3,8g (dos quais a\u00e7\u00facares 0,1g); Prote\u00ednas 1,2g; Sal 0,98g.<\/p>\n","protected":false},"excerpt":{"rendered":"<p>Didden Molho T\u00e1rtaro Frasco 250ml. &nbsp; Ingredientes: \u00d3leo de colza, \u00e1gua, gema de OVO, vinagre, MOSTARDA (\u00e1gua, gr\u00e3os de MOSTARDA, vinagre, sal, a\u00e7\u00facar, curcuma), amido de milho, cebola, salsa, sal, alcaparra, espessantes: goma guar e goma xantana; conservantes: sorbato de pot\u00e1ssio e benzoato de s\u00f3dio; regulador de acidez: latacto de s\u00f3dio; antioxidante: EDTA; intensificador de [&hellip;]<\/p>\n","protected":false},"featured_media":420,"template":"","meta":[],"product_brand":[],"product_cat":[119,120,89],"product_tag":[],"class_list":{"0":"post-419","1":"product","2":"type-product","3":"status-publish","4":"has-post-thumbnail","6":"product_cat-mercearia-belgamercearia-salgada","7":"product_cat-molhos-mercearia-belgamercearia-salgada","8":"product_cat-sabores-da-europa","9":"pa_marcas-didden","10":"pa_pais-belgica","12":"first","13":"instock","14":"taxable","15":"shipping-taxable","16":"product-type-simple"},"_links":{"self":[{"href":"https:\/\/bricer.pt\/index.php?rest_route=\/wp\/v2\/product\/419","targetHints":{"allow":["GET"]}}],"collection":[{"href":"https:\/\/bricer.pt\/index.php?rest_route=\/wp\/v2\/product"}],"about":[{"href":"https:\/\/bricer.pt\/index.php?rest_route=\/wp\/v2\/types\/product"}],"wp:featuredmedia":[{"embeddable":true,"href":"https:\/\/bricer.pt\/index.php?rest_route=\/wp\/v2\/media\/420"}],"wp:attachment":[{"href":"https:\/\/bricer.pt\/index.php?rest_route=%2Fwp%2Fv2%2Fmedia&parent=419"}],"wp:term":[{"taxonomy":"product_brand","embeddable":true,"href":"https:\/\/bricer.pt\/index.php?rest_route=%2Fwp%2Fv2%2Fproduct_brand&post=419"},{"taxonomy":"product_cat","embeddable":true,"href":"https:\/\/bricer.pt\/index.php?rest_route=%2Fwp%2Fv2%2Fproduct_cat&post=419"},{"taxonomy":"product_tag","embeddable":true,"href":"https:\/\/bricer.pt\/index.php?rest_route=%2Fwp%2Fv2%2Fproduct_tag&post=419"}],"curies":[{"name":"wp","href":"https:\/\/api.w.org\/{rel}","templated":true}]}}