{"id":362,"date":"2023-03-06T11:03:32","date_gmt":"2023-03-06T11:03:32","guid":{"rendered":"https:\/\/bricer.pt\/produto\/coca-cola-refrigerante-de-cereja-lata-330ml\/"},"modified":"2023-05-15T14:29:55","modified_gmt":"2023-05-15T14:29:55","slug":"coca-cola-refrigerante-de-cereja-lata-330ml","status":"publish","type":"product","link":"https:\/\/bricer.pt\/?product=coca-cola-refrigerante-de-cereja-lata-330ml","title":{"rendered":"Coca Cola Refrigerante de Cereja Lata 330ml"},"content":{"rendered":"<p><strong>Coca Cola Refrigerante de Cereja Lata 330ml.<\/strong><\/p>\n<p>&nbsp;<\/p>\n<p><strong>Ingredientes<\/strong>: \u00c1gua gaseificada, a\u00e7\u00facar, corante (caramelo E150d), \u00e1cido fosf\u00f3rico, aromas naturais (incluindo cafe\u00edna).<\/p>\n<p><strong>Alerg\u00e9nios<\/strong>: ver MAI\u00daSCULAS.<\/p>\n<p><strong>Declara\u00e7\u00e3o Nutricional p\/100ml:<\/strong> Energia 191kJ\/45kcal; L\u00edpidos 0g (dos quais saturados 0g); Hidratos de Carbono 11,2g (dos quais a\u00e7\u00facares 11,2g); Prote\u00edna 0g; Sal 0g.<\/p>\n<p>&nbsp;<\/p>\n<p>&nbsp;<\/p>\n","protected":false},"excerpt":{"rendered":"<p>Coca Cola Refrigerante de Cereja Lata 330ml. &nbsp; Ingredientes: \u00c1gua gaseificada, a\u00e7\u00facar, corante (caramelo E150d), \u00e1cido fosf\u00f3rico, aromas naturais (incluindo cafe\u00edna). Alerg\u00e9nios: ver MAI\u00daSCULAS. Declara\u00e7\u00e3o Nutricional p\/100ml: Energia 191kJ\/45kcal; L\u00edpidos 0g (dos quais saturados 0g); Hidratos de Carbono 11,2g (dos quais a\u00e7\u00facares 11,2g); Prote\u00edna 0g; Sal 0g. &nbsp; &nbsp;<\/p>\n","protected":false},"featured_media":363,"template":"","meta":[],"product_brand":[],"product_cat":[20,21],"product_tag":[],"class_list":{"0":"post-362","1":"product","2":"type-product","3":"status-publish","4":"has-post-thumbnail","6":"product_cat-bebidas","7":"product_cat-refrigerantes-bebidas","8":"pa_marcas-coca-cola","9":"pa_pais-estados-unidos-da-america","11":"first","12":"instock","13":"taxable","14":"shipping-taxable","15":"product-type-simple"},"_links":{"self":[{"href":"https:\/\/bricer.pt\/index.php?rest_route=\/wp\/v2\/product\/362","targetHints":{"allow":["GET"]}}],"collection":[{"href":"https:\/\/bricer.pt\/index.php?rest_route=\/wp\/v2\/product"}],"about":[{"href":"https:\/\/bricer.pt\/index.php?rest_route=\/wp\/v2\/types\/product"}],"wp:featuredmedia":[{"embeddable":true,"href":"https:\/\/bricer.pt\/index.php?rest_route=\/wp\/v2\/media\/363"}],"wp:attachment":[{"href":"https:\/\/bricer.pt\/index.php?rest_route=%2Fwp%2Fv2%2Fmedia&parent=362"}],"wp:term":[{"taxonomy":"product_brand","embeddable":true,"href":"https:\/\/bricer.pt\/index.php?rest_route=%2Fwp%2Fv2%2Fproduct_brand&post=362"},{"taxonomy":"product_cat","embeddable":true,"href":"https:\/\/bricer.pt\/index.php?rest_route=%2Fwp%2Fv2%2Fproduct_cat&post=362"},{"taxonomy":"product_tag","embeddable":true,"href":"https:\/\/bricer.pt\/index.php?rest_route=%2Fwp%2Fv2%2Fproduct_tag&post=362"}],"curies":[{"name":"wp","href":"https:\/\/api.w.org\/{rel}","templated":true}]}}