{"id":34,"date":"2023-03-06T11:01:10","date_gmt":"2023-03-06T11:01:10","guid":{"rendered":"https:\/\/bricer.pt\/produto\/al-amier-harissa-em-po-frasco-25g\/"},"modified":"2023-04-17T07:57:00","modified_gmt":"2023-04-17T07:57:00","slug":"al-amier-harissa-em-po-frasco-25g","status":"publish","type":"product","link":"https:\/\/bricer.pt\/?product=al-amier-harissa-em-po-frasco-25g","title":{"rendered":"Al Amier Harissa em P\u00f3 Frasco 25g"},"content":{"rendered":"<p><strong>Al Amier Harissa em P\u00f3<\/strong> Frasco 25g.<\/p>\n<p>&nbsp;<\/p>\n<p><strong>Ingredientes<\/strong>: paprica em p\u00f3, malagueta, coentro, cominho, alho, hortel\u00e3.<\/p>\n<p><strong>Alerg\u00e9nios<\/strong>: ver MAI\u00daSCULAS. Pode conter vest\u00edgios de gl\u00faten, amendoins, am\u00eandoas, leite, aipo e mostarda.<\/p>\n<p><strong>Informa\u00e7\u00f5es Nutricionais:<\/strong> N\u00e3o Dispon\u00edvel<\/p>\n","protected":false},"excerpt":{"rendered":"<p>Al Amier Harissa em P\u00f3 Frasco 25g. &nbsp; Ingredientes: paprica em p\u00f3, malagueta, coentro, cominho, alho, hortel\u00e3. Alerg\u00e9nios: ver MAI\u00daSCULAS. Pode conter vest\u00edgios de gl\u00faten, amendoins, am\u00eandoas, leite, aipo e mostarda. Informa\u00e7\u00f5es Nutricionais: N\u00e3o Dispon\u00edvel<\/p>\n","protected":false},"featured_media":35,"template":"","meta":[],"product_brand":[],"product_cat":[28,25,24],"product_tag":[],"class_list":{"0":"post-34","1":"product","2":"type-product","3":"status-publish","4":"has-post-thumbnail","6":"product_cat-especiarias","7":"product_cat-mercearia-arabe","8":"product_cat-sabores-do-mundo","9":"pa_marcas-al-amier","11":"first","12":"instock","13":"taxable","14":"shipping-taxable","15":"product-type-simple"},"_links":{"self":[{"href":"https:\/\/bricer.pt\/index.php?rest_route=\/wp\/v2\/product\/34","targetHints":{"allow":["GET"]}}],"collection":[{"href":"https:\/\/bricer.pt\/index.php?rest_route=\/wp\/v2\/product"}],"about":[{"href":"https:\/\/bricer.pt\/index.php?rest_route=\/wp\/v2\/types\/product"}],"wp:featuredmedia":[{"embeddable":true,"href":"https:\/\/bricer.pt\/index.php?rest_route=\/wp\/v2\/media\/35"}],"wp:attachment":[{"href":"https:\/\/bricer.pt\/index.php?rest_route=%2Fwp%2Fv2%2Fmedia&parent=34"}],"wp:term":[{"taxonomy":"product_brand","embeddable":true,"href":"https:\/\/bricer.pt\/index.php?rest_route=%2Fwp%2Fv2%2Fproduct_brand&post=34"},{"taxonomy":"product_cat","embeddable":true,"href":"https:\/\/bricer.pt\/index.php?rest_route=%2Fwp%2Fv2%2Fproduct_cat&post=34"},{"taxonomy":"product_tag","embeddable":true,"href":"https:\/\/bricer.pt\/index.php?rest_route=%2Fwp%2Fv2%2Fproduct_tag&post=34"}],"curies":[{"name":"wp","href":"https:\/\/api.w.org\/{rel}","templated":true}]}}