{"id":328,"date":"2023-03-06T11:02:55","date_gmt":"2023-03-06T11:02:55","guid":{"rendered":"https:\/\/bricer.pt\/produto\/cascina-belvedere-polenta-instantanea-saq-500g\/"},"modified":"2023-04-17T07:57:40","modified_gmt":"2023-04-17T07:57:40","slug":"cascina-belvedere-polenta-instantanea-saq-500g","status":"publish","type":"product","link":"https:\/\/bricer.pt\/?product=cascina-belvedere-polenta-instantanea-saq-500g","title":{"rendered":"Cascina Belvedere Polenta Instant\u00e2nea Saq. 500g"},"content":{"rendered":"<p><strong>Cascina Belvedere Polenta Instant\u00e2nea Saq. 500g.<\/strong><\/p>\n<p>&nbsp;<\/p>\n<p><strong>Ingredientes:<\/strong> farinha de milho pr\u00e9-cozida.<\/p>\n<p><strong>Alerg\u00e9nios:<\/strong> ver MAI\u00daSCULAS.<\/p>\n<p><strong>Declara\u00e7\u00e3o Nutricional p\/100g:<\/strong> Energia 1469kJ\/347kcal; L\u00edpidos 1,3g (dos quais saturados 0,2g); Hidratos de Carbono 74,8g (dos quais a\u00e7\u00facares 0,6g); Prote\u00ednas 7,3g; Sal 2,5g.<\/p>\n","protected":false},"excerpt":{"rendered":"<p>Cascina Belvedere Polenta Instant\u00e2nea Saq. 500g. &nbsp; Ingredientes: farinha de milho pr\u00e9-cozida. Alerg\u00e9nios: ver MAI\u00daSCULAS. Declara\u00e7\u00e3o Nutricional p\/100g: Energia 1469kJ\/347kcal; L\u00edpidos 1,3g (dos quais saturados 0,2g); Hidratos de Carbono 74,8g (dos quais a\u00e7\u00facares 0,6g); Prote\u00ednas 7,3g; Sal 2,5g.<\/p>\n","protected":false},"featured_media":329,"template":"","meta":[],"product_brand":[],"product_cat":[94,93,90,89],"product_tag":[],"class_list":{"0":"post-328","1":"product","2":"type-product","3":"status-publish","4":"has-post-thumbnail","6":"product_cat-diversos-diversosmercearia-salgada","7":"product_cat-diversosmercearia-salgada","8":"product_cat-mercearia-italiana","9":"product_cat-sabores-da-europa","10":"pa_marcas-cascina-belvedere","11":"pa_pais-italia","13":"first","14":"instock","15":"taxable","16":"shipping-taxable","17":"product-type-simple"},"_links":{"self":[{"href":"https:\/\/bricer.pt\/index.php?rest_route=\/wp\/v2\/product\/328","targetHints":{"allow":["GET"]}}],"collection":[{"href":"https:\/\/bricer.pt\/index.php?rest_route=\/wp\/v2\/product"}],"about":[{"href":"https:\/\/bricer.pt\/index.php?rest_route=\/wp\/v2\/types\/product"}],"wp:featuredmedia":[{"embeddable":true,"href":"https:\/\/bricer.pt\/index.php?rest_route=\/wp\/v2\/media\/329"}],"wp:attachment":[{"href":"https:\/\/bricer.pt\/index.php?rest_route=%2Fwp%2Fv2%2Fmedia&parent=328"}],"wp:term":[{"taxonomy":"product_brand","embeddable":true,"href":"https:\/\/bricer.pt\/index.php?rest_route=%2Fwp%2Fv2%2Fproduct_brand&post=328"},{"taxonomy":"product_cat","embeddable":true,"href":"https:\/\/bricer.pt\/index.php?rest_route=%2Fwp%2Fv2%2Fproduct_cat&post=328"},{"taxonomy":"product_tag","embeddable":true,"href":"https:\/\/bricer.pt\/index.php?rest_route=%2Fwp%2Fv2%2Fproduct_tag&post=328"}],"curies":[{"name":"wp","href":"https:\/\/api.w.org\/{rel}","templated":true}]}}