{"id":300,"date":"2023-03-06T11:02:50","date_gmt":"2023-03-06T11:02:50","guid":{"rendered":"https:\/\/bricer.pt\/produto\/calve-manteiga-de-amendoim-light-frasco-350g\/"},"modified":"2023-10-25T08:33:09","modified_gmt":"2023-10-25T08:33:09","slug":"calve-manteiga-de-amendoim-light-frasco-350g","status":"publish","type":"product","link":"https:\/\/bricer.pt\/?product=calve-manteiga-de-amendoim-light-frasco-350g","title":{"rendered":"Calv\u00e9 Manteiga de Amendoim &#8221; Light&#8221; Frasco 350g"},"content":{"rendered":"<p><strong>Calv\u00e9 Manteiga de Amendoim &#8221; Light&#8221; Frasco 350g.<\/strong><\/p>\n<p>&nbsp;<\/p>\n<p><strong>Ingredientes<\/strong>: AMENDOIM (77%), fibra alimentar, \u00f3leo vegetal (colza, SOJA, palma completamente endurecida*), sal. *\u00d3leo de palma cultivado de forma sustent\u00e1vel.<\/p>\n<p><strong>Alerg\u00e9nios<\/strong>: ver MAI\u00daSCULAS.<\/p>\n<p><strong>Declara\u00e7\u00e3o Nutricional p\/ 100g:<\/strong> Energia 2220kJ\/533kcal; L\u00edpidos 41g (dos quais saturados 6,3g, monoinsaturados 27g, polinsaturados 7,2g ); Hidratos de Carbono 17g (dos quais a\u00e7\u00facares 5,8g); Fibra 23g; Prote\u00ednas 18g, Sal 0,55g; Vitamina B3 (niacina) 3,1mg; Vitamina E 8,0mg; Magn\u00e9sio 98mg; Zinco 1,8mg, F\u00f3sforo 220mg.<\/p>\n","protected":false},"excerpt":{"rendered":"<p>Calv\u00e9 Manteiga de Amendoim &#8221; Light&#8221; Frasco 350g. &nbsp; Ingredientes: AMENDOIM (77%), fibra alimentar, \u00f3leo vegetal (colza, SOJA, palma completamente endurecida*), sal. *\u00d3leo de palma cultivado de forma sustent\u00e1vel. Alerg\u00e9nios: ver MAI\u00daSCULAS. Declara\u00e7\u00e3o Nutricional p\/ 100g: Energia 2220kJ\/533kcal; L\u00edpidos 41g (dos quais saturados 6,3g, monoinsaturados 27g, polinsaturados 7,2g ); Hidratos de Carbono 17g (dos quais [&hellip;]<\/p>\n","protected":false},"featured_media":301,"template":"","meta":[],"product_brand":[],"product_cat":[76,84],"product_tag":[],"class_list":{"0":"post-300","1":"product","2":"type-product","3":"status-publish","4":"has-post-thumbnail","6":"product_cat-mercearia-doce","7":"product_cat-pastas-p-barrar","8":"pa_marcas-calve","9":"pa_pais-reino-unido","11":"first","12":"instock","13":"taxable","14":"shipping-taxable","15":"product-type-simple"},"_links":{"self":[{"href":"https:\/\/bricer.pt\/index.php?rest_route=\/wp\/v2\/product\/300","targetHints":{"allow":["GET"]}}],"collection":[{"href":"https:\/\/bricer.pt\/index.php?rest_route=\/wp\/v2\/product"}],"about":[{"href":"https:\/\/bricer.pt\/index.php?rest_route=\/wp\/v2\/types\/product"}],"wp:featuredmedia":[{"embeddable":true,"href":"https:\/\/bricer.pt\/index.php?rest_route=\/wp\/v2\/media\/301"}],"wp:attachment":[{"href":"https:\/\/bricer.pt\/index.php?rest_route=%2Fwp%2Fv2%2Fmedia&parent=300"}],"wp:term":[{"taxonomy":"product_brand","embeddable":true,"href":"https:\/\/bricer.pt\/index.php?rest_route=%2Fwp%2Fv2%2Fproduct_brand&post=300"},{"taxonomy":"product_cat","embeddable":true,"href":"https:\/\/bricer.pt\/index.php?rest_route=%2Fwp%2Fv2%2Fproduct_cat&post=300"},{"taxonomy":"product_tag","embeddable":true,"href":"https:\/\/bricer.pt\/index.php?rest_route=%2Fwp%2Fv2%2Fproduct_tag&post=300"}],"curies":[{"name":"wp","href":"https:\/\/api.w.org\/{rel}","templated":true}]}}