{"id":2556,"date":"2023-03-06T11:39:11","date_gmt":"2023-03-06T11:39:11","guid":{"rendered":"https:\/\/bricer.pt\/produto\/contrex-agua-mineral-natural-garrafa-pet-1-5l\/"},"modified":"2023-04-17T08:01:50","modified_gmt":"2023-04-17T08:01:50","slug":"contrex-agua-mineral-natural-garrafa-pet-1-5l","status":"publish","type":"product","link":"https:\/\/bricer.pt\/?product=contrex-agua-mineral-natural-garrafa-pet-1-5l","title":{"rendered":"Contrex \u00c1gua Mineral Natural  Garrafa PET 1.5L"},"content":{"rendered":"<p><strong>Contrex \u00c1gua Mineral Natural Garrafa PET 1.5L.<\/strong><\/p>\n<p>&nbsp;<\/p>\n<p><strong>Ingredientes<\/strong>: \u00c1gua Mineral Natural.<\/p>\n<p><strong>Alerg\u00e9nios<\/strong>: ver MAI\u00daSCULAS.<\/p>\n<p><strong>An\u00e1lise qu\u00edmica em mg\/L:<\/strong> C\u00e1lcio 468mg; Magn\u00e9sio 74,5mg; S\u00f3-<br \/>\ndio 9,4mg; Sulfatos 1121mg; Bicarbonato 372mg. Res\u00edduo seco<br \/>\na 180\u00baC: 2078mg\/L.<\/p>\n","protected":false},"excerpt":{"rendered":"<p>Contrex \u00c1gua Mineral Natural Garrafa PET 1.5L. &nbsp; Ingredientes: \u00c1gua Mineral Natural. Alerg\u00e9nios: ver MAI\u00daSCULAS. An\u00e1lise qu\u00edmica em mg\/L: C\u00e1lcio 468mg; Magn\u00e9sio 74,5mg; S\u00f3- dio 9,4mg; Sulfatos 1121mg; Bicarbonato 372mg. Res\u00edduo seco a 180\u00baC: 2078mg\/L.<\/p>\n","protected":false},"featured_media":2557,"template":"","meta":[],"product_brand":[],"product_cat":[149,45,20],"product_tag":[],"class_list":{"0":"post-2556","1":"product","2":"type-product","3":"status-publish","4":"has-post-thumbnail","6":"product_cat-agua-mineral","7":"product_cat-aguas","8":"product_cat-bebidas","9":"pa_marcas-contrex","10":"pa_pais-franca","12":"first","13":"instock","14":"taxable","15":"shipping-taxable","16":"product-type-simple"},"_links":{"self":[{"href":"https:\/\/bricer.pt\/index.php?rest_route=\/wp\/v2\/product\/2556","targetHints":{"allow":["GET"]}}],"collection":[{"href":"https:\/\/bricer.pt\/index.php?rest_route=\/wp\/v2\/product"}],"about":[{"href":"https:\/\/bricer.pt\/index.php?rest_route=\/wp\/v2\/types\/product"}],"wp:featuredmedia":[{"embeddable":true,"href":"https:\/\/bricer.pt\/index.php?rest_route=\/wp\/v2\/media\/2557"}],"wp:attachment":[{"href":"https:\/\/bricer.pt\/index.php?rest_route=%2Fwp%2Fv2%2Fmedia&parent=2556"}],"wp:term":[{"taxonomy":"product_brand","embeddable":true,"href":"https:\/\/bricer.pt\/index.php?rest_route=%2Fwp%2Fv2%2Fproduct_brand&post=2556"},{"taxonomy":"product_cat","embeddable":true,"href":"https:\/\/bricer.pt\/index.php?rest_route=%2Fwp%2Fv2%2Fproduct_cat&post=2556"},{"taxonomy":"product_tag","embeddable":true,"href":"https:\/\/bricer.pt\/index.php?rest_route=%2Fwp%2Fv2%2Fproduct_tag&post=2556"}],"curies":[{"name":"wp","href":"https:\/\/api.w.org\/{rel}","templated":true}]}}