{"id":2552,"date":"2023-03-06T11:39:11","date_gmt":"2023-03-06T11:39:11","guid":{"rendered":"https:\/\/bricer.pt\/produto\/hepar-agua-mineral-natural-rica-em-magnesio-garrafa-pet-1l\/"},"modified":"2025-10-31T15:42:46","modified_gmt":"2025-10-31T15:42:46","slug":"hepar-agua-mineral-natural-rica-em-magnesio-garrafa-pet-1l","status":"publish","type":"product","link":"https:\/\/bricer.pt\/?product=hepar-agua-mineral-natural-rica-em-magnesio-garrafa-pet-1l","title":{"rendered":"H\u00e9par \u00c1gua Mineral Natural &#8220;Rica em Magn\u00e9sio&#8221; Garrafa PET 75cl"},"content":{"rendered":"<p>H\u00e9par \u00c1gua Mineral Natural &#8220;Rica em Magn\u00e9sio&#8221; Garrafa PET 1L<\/p>\n","protected":false},"excerpt":{"rendered":"<p>H\u00e9par \u00c1gua Mineral Natural &#8220;Rica em Magn\u00e9sio&#8221; Garrafa PET 1L<\/p>\n","protected":false},"featured_media":2553,"template":"","meta":[],"product_brand":[],"product_cat":[149,45,20],"product_tag":[],"class_list":{"0":"post-2552","1":"product","2":"type-product","3":"status-publish","4":"has-post-thumbnail","6":"product_cat-agua-mineral","7":"product_cat-aguas","8":"product_cat-bebidas","9":"pa_marcas-hepar","10":"pa_pais-franca","12":"first","13":"instock","14":"taxable","15":"shipping-taxable","16":"product-type-simple"},"_links":{"self":[{"href":"https:\/\/bricer.pt\/index.php?rest_route=\/wp\/v2\/product\/2552","targetHints":{"allow":["GET"]}}],"collection":[{"href":"https:\/\/bricer.pt\/index.php?rest_route=\/wp\/v2\/product"}],"about":[{"href":"https:\/\/bricer.pt\/index.php?rest_route=\/wp\/v2\/types\/product"}],"wp:featuredmedia":[{"embeddable":true,"href":"https:\/\/bricer.pt\/index.php?rest_route=\/wp\/v2\/media\/2553"}],"wp:attachment":[{"href":"https:\/\/bricer.pt\/index.php?rest_route=%2Fwp%2Fv2%2Fmedia&parent=2552"}],"wp:term":[{"taxonomy":"product_brand","embeddable":true,"href":"https:\/\/bricer.pt\/index.php?rest_route=%2Fwp%2Fv2%2Fproduct_brand&post=2552"},{"taxonomy":"product_cat","embeddable":true,"href":"https:\/\/bricer.pt\/index.php?rest_route=%2Fwp%2Fv2%2Fproduct_cat&post=2552"},{"taxonomy":"product_tag","embeddable":true,"href":"https:\/\/bricer.pt\/index.php?rest_route=%2Fwp%2Fv2%2Fproduct_tag&post=2552"}],"curies":[{"name":"wp","href":"https:\/\/api.w.org\/{rel}","templated":true}]}}