{"id":2532,"date":"2023-03-06T11:38:56","date_gmt":"2023-03-06T11:38:56","guid":{"rendered":"https:\/\/bricer.pt\/produto\/grandma-wilds-bolachas-de-caule-de-gengibre-emb-150g\/"},"modified":"2026-04-17T09:15:07","modified_gmt":"2026-04-17T09:15:07","slug":"grandma-wilds-bolachas-de-caule-de-gengibre-emb-150g","status":"publish","type":"product","link":"https:\/\/bricer.pt\/?product=grandma-wilds-bolachas-de-caule-de-gengibre-emb-150g","title":{"rendered":"Grandma Wild\u2019s Bolachas de Caule de Gengibre  Emb. 150g"},"content":{"rendered":"<p><strong>Grandma Wild\u2019s Bolachas de Caule de Gengibre<\/strong>\u00a0 Emb. 150g.<\/p>\n<p>&nbsp;<\/p>\n<p><strong>Ingredientes<\/strong>: farinha de TRIGO (farinha de TRIGO, carbonato de c\u00e1lcio, ferro, niacina tiamina), \u00f3leo vegetal (palma, colza, \u00e1gua, sal, aroma natural), a\u00e7\u00facar, manteiga salgada (creme: LEITE; sal), xarope de cana, AVEIA, gengibre (a\u00e7\u00facar, gengibre), gengibre em p\u00f3, OVO, LEITE em p\u00f3, sal.<\/p>\n<p><b>Alerg\u00e9nios<\/b>: ver MA\u00cdUSCULAS. Inclui cereais contendo GLUT\u00c9N. N\u00e3o \u00e9 adequado para quem sofre de alergias a nozes e s\u00e9samo, pode tamb\u00e9m conter vest\u00edgios de mostarda, amendoim, soja e outras fontes de gl\u00faten (espelta, centeio, cevada). Embora todos os cuidados tenham sido tomados, o caule das frutas pode estar presente.<\/p>\n<p><strong>Declara\u00e7\u00e3o Nutricional p\/100g:<\/strong> Energia 2204kJ\/528kcal; L\u00edpidos 30g (dos quais saturados 16g); Hidratos de Carbono 58g (dos quais a\u00e7\u00facares 23g); Prote\u00ednas 5,7g; Sal 0,77g.<\/p>\n","protected":false},"excerpt":{"rendered":"<p>Grandma Wild\u2019s Bolachas de Caule de Gengibre\u00a0 Emb. 150g. &nbsp; Ingredientes: farinha de TRIGO (farinha de TRIGO, carbonato de c\u00e1lcio, ferro, niacina tiamina), \u00f3leo vegetal (palma, colza, \u00e1gua, sal, aroma natural), a\u00e7\u00facar, manteiga salgada (creme: LEITE; sal), xarope de cana, AVEIA, gengibre (a\u00e7\u00facar, gengibre), gengibre em p\u00f3, OVO, LEITE em p\u00f3, sal. Alerg\u00e9nios: ver MA\u00cdUSCULAS. [&hellip;]<\/p>\n","protected":false},"featured_media":2533,"template":"","meta":[],"product_brand":[],"product_cat":[77,76],"product_tag":[],"class_list":{"0":"post-2532","1":"product","2":"type-product","3":"status-publish","4":"has-post-thumbnail","6":"product_cat-bolachas-e-biscoitos-mercearia-doce","7":"product_cat-mercearia-doce","8":"pa_marcas-grandma-wilds","9":"pa_pais-reino-unido","11":"first","12":"outofstock","13":"taxable","14":"shipping-taxable","15":"product-type-simple"},"_links":{"self":[{"href":"https:\/\/bricer.pt\/index.php?rest_route=\/wp\/v2\/product\/2532","targetHints":{"allow":["GET"]}}],"collection":[{"href":"https:\/\/bricer.pt\/index.php?rest_route=\/wp\/v2\/product"}],"about":[{"href":"https:\/\/bricer.pt\/index.php?rest_route=\/wp\/v2\/types\/product"}],"wp:featuredmedia":[{"embeddable":true,"href":"https:\/\/bricer.pt\/index.php?rest_route=\/wp\/v2\/media\/2533"}],"wp:attachment":[{"href":"https:\/\/bricer.pt\/index.php?rest_route=%2Fwp%2Fv2%2Fmedia&parent=2532"}],"wp:term":[{"taxonomy":"product_brand","embeddable":true,"href":"https:\/\/bricer.pt\/index.php?rest_route=%2Fwp%2Fv2%2Fproduct_brand&post=2532"},{"taxonomy":"product_cat","embeddable":true,"href":"https:\/\/bricer.pt\/index.php?rest_route=%2Fwp%2Fv2%2Fproduct_cat&post=2532"},{"taxonomy":"product_tag","embeddable":true,"href":"https:\/\/bricer.pt\/index.php?rest_route=%2Fwp%2Fv2%2Fproduct_tag&post=2532"}],"curies":[{"name":"wp","href":"https:\/\/api.w.org\/{rel}","templated":true}]}}