{"id":2460,"date":"2023-03-06T11:38:36","date_gmt":"2023-03-06T11:38:36","guid":{"rendered":"https:\/\/bricer.pt\/produto\/wax-lyrical-conjunto-de-velas-black-tea-jasmine-emb-12un\/"},"modified":"2023-04-17T08:01:41","modified_gmt":"2023-04-17T08:01:41","slug":"wax-lyrical-conjunto-de-velas-black-tea-jasmine-emb-12un","status":"publish","type":"product","link":"https:\/\/bricer.pt\/?product=wax-lyrical-conjunto-de-velas-black-tea-jasmine-emb-12un","title":{"rendered":"Wax Lyrical Conjunto de Velas &#8220;Black Tea &#038; Jasmine&#8221;  Emb. 12Un."},"content":{"rendered":"<p><strong>Wax Lyrical Conjunto de Velas &#8220;Black Tea &amp; Jasmine&#8221;<\/strong> Emb. 12Un.<\/p>\n<p>&nbsp;<\/p>\n<p><strong>Caracter\u00edsticas: <\/strong>Esta fragr\u00e2ncia aliciante atinge um acorde oriental com especiarias, \u00e2mbar, cedro, e patchouli. Termina com uma polvilhada de ch\u00e1 preto, enriquecido com notas de jasmim, guaiaco, e baunilha.<\/p>\n<p><strong>Ingredientes<\/strong>: Benzyl salicylate, Geraniol, Linalool.\u00a0 Pode produzir rea\u00e7\u00e3o al\u00e9rgica.<\/p>\n<p>&nbsp;<\/p>\n<p>&nbsp;<\/p>\n","protected":false},"excerpt":{"rendered":"<p>Wax Lyrical Conjunto de Velas &#8220;Black Tea &amp; Jasmine&#8221; Emb. 12Un. &nbsp; Caracter\u00edsticas: Esta fragr\u00e2ncia aliciante atinge um acorde oriental com especiarias, \u00e2mbar, cedro, e patchouli. Termina com uma polvilhada de ch\u00e1 preto, enriquecido com notas de jasmim, guaiaco, e baunilha. Ingredientes: Benzyl salicylate, Geraniol, Linalool.\u00a0 Pode produzir rea\u00e7\u00e3o al\u00e9rgica. &nbsp; &nbsp;<\/p>\n","protected":false},"featured_media":2461,"template":"","meta":[],"product_brand":[],"product_cat":[55,288],"product_tag":[],"class_list":{"0":"post-2460","1":"product","2":"type-product","3":"status-publish","4":"has-post-thumbnail","6":"product_cat-dph","7":"product_cat-velas","8":"pa_marcas-wax-lyrical","9":"pa_pais-reino-unido","11":"first","12":"instock","13":"taxable","14":"shipping-taxable","15":"product-type-simple"},"_links":{"self":[{"href":"https:\/\/bricer.pt\/index.php?rest_route=\/wp\/v2\/product\/2460","targetHints":{"allow":["GET"]}}],"collection":[{"href":"https:\/\/bricer.pt\/index.php?rest_route=\/wp\/v2\/product"}],"about":[{"href":"https:\/\/bricer.pt\/index.php?rest_route=\/wp\/v2\/types\/product"}],"wp:featuredmedia":[{"embeddable":true,"href":"https:\/\/bricer.pt\/index.php?rest_route=\/wp\/v2\/media\/2461"}],"wp:attachment":[{"href":"https:\/\/bricer.pt\/index.php?rest_route=%2Fwp%2Fv2%2Fmedia&parent=2460"}],"wp:term":[{"taxonomy":"product_brand","embeddable":true,"href":"https:\/\/bricer.pt\/index.php?rest_route=%2Fwp%2Fv2%2Fproduct_brand&post=2460"},{"taxonomy":"product_cat","embeddable":true,"href":"https:\/\/bricer.pt\/index.php?rest_route=%2Fwp%2Fv2%2Fproduct_cat&post=2460"},{"taxonomy":"product_tag","embeddable":true,"href":"https:\/\/bricer.pt\/index.php?rest_route=%2Fwp%2Fv2%2Fproduct_tag&post=2460"}],"curies":[{"name":"wp","href":"https:\/\/api.w.org\/{rel}","templated":true}]}}