{"id":2434,"date":"2023-03-06T11:38:36","date_gmt":"2023-03-06T11:38:36","guid":{"rendered":"https:\/\/bricer.pt\/produto\/wax-lyrical-saquetas-perfumadas-rose-emb-20g\/"},"modified":"2023-04-17T08:01:40","modified_gmt":"2023-04-17T08:01:40","slug":"wax-lyrical-saquetas-perfumadas-rose-emb-20g","status":"publish","type":"product","link":"https:\/\/bricer.pt\/?product=wax-lyrical-saquetas-perfumadas-rose-emb-20g","title":{"rendered":"Wax Lyrical Saquetas Perfumadas &#8220;Rose&#8221;  Emb. 20g"},"content":{"rendered":"<p><strong>Wax Lyrical Saquetas Perfumadas &#8220;Rose&#8221;<\/strong> Emb. 20g.<\/p>\n<p>&nbsp;<\/p>\n<p><strong>Caracter\u00edsticas<\/strong>: A fragr\u00e2ncia doce e delicada das rosas em plena flora\u00e7\u00e3o foi misturada com um toque de gard\u00e9nia para criar este belo aroma de rosas cl\u00e1ssicas.<\/p>\n<p><strong>Ingredientes<\/strong>: Contains: 1-(1,2,3,4,5,6,7,8-Octahydro-2,3,8,8-tetramethyl-2-naphthalenyl) ethanone, 3 and 4-(4-Hydroxy-4-methylpentyl)-3-cyclohexene-1-carboxaldehyde. Pode produzir rea\u00e7\u00e3o al\u00e9rgica.<\/p>\n","protected":false},"excerpt":{"rendered":"<p>Wax Lyrical Saquetas Perfumadas &#8220;Rose&#8221; Emb. 20g. &nbsp; Caracter\u00edsticas: A fragr\u00e2ncia doce e delicada das rosas em plena flora\u00e7\u00e3o foi misturada com um toque de gard\u00e9nia para criar este belo aroma de rosas cl\u00e1ssicas. Ingredientes: Contains: 1-(1,2,3,4,5,6,7,8-Octahydro-2,3,8,8-tetramethyl-2-naphthalenyl) ethanone, 3 and 4-(4-Hydroxy-4-methylpentyl)-3-cyclohexene-1-carboxaldehyde. Pode produzir rea\u00e7\u00e3o al\u00e9rgica.<\/p>\n","protected":false},"featured_media":2435,"template":"","meta":[],"product_brand":[],"product_cat":[287,55],"product_tag":[],"class_list":{"0":"post-2434","1":"product","2":"type-product","3":"status-publish","4":"has-post-thumbnail","6":"product_cat-ambientadores-para-casa","7":"product_cat-dph","8":"pa_marcas-wax-lyrical","9":"pa_pais-reino-unido","11":"first","12":"instock","13":"taxable","14":"shipping-taxable","15":"product-type-simple"},"_links":{"self":[{"href":"https:\/\/bricer.pt\/index.php?rest_route=\/wp\/v2\/product\/2434","targetHints":{"allow":["GET"]}}],"collection":[{"href":"https:\/\/bricer.pt\/index.php?rest_route=\/wp\/v2\/product"}],"about":[{"href":"https:\/\/bricer.pt\/index.php?rest_route=\/wp\/v2\/types\/product"}],"wp:featuredmedia":[{"embeddable":true,"href":"https:\/\/bricer.pt\/index.php?rest_route=\/wp\/v2\/media\/2435"}],"wp:attachment":[{"href":"https:\/\/bricer.pt\/index.php?rest_route=%2Fwp%2Fv2%2Fmedia&parent=2434"}],"wp:term":[{"taxonomy":"product_brand","embeddable":true,"href":"https:\/\/bricer.pt\/index.php?rest_route=%2Fwp%2Fv2%2Fproduct_brand&post=2434"},{"taxonomy":"product_cat","embeddable":true,"href":"https:\/\/bricer.pt\/index.php?rest_route=%2Fwp%2Fv2%2Fproduct_cat&post=2434"},{"taxonomy":"product_tag","embeddable":true,"href":"https:\/\/bricer.pt\/index.php?rest_route=%2Fwp%2Fv2%2Fproduct_tag&post=2434"}],"curies":[{"name":"wp","href":"https:\/\/api.w.org\/{rel}","templated":true}]}}