{"id":2432,"date":"2023-03-06T11:38:36","date_gmt":"2023-03-06T11:38:36","guid":{"rendered":"https:\/\/bricer.pt\/produto\/wax-lyrical-difusor-c-varetas-rose-emb-180ml\/"},"modified":"2023-04-17T08:01:40","modified_gmt":"2023-04-17T08:01:40","slug":"wax-lyrical-difusor-c-varetas-rose-emb-180ml","status":"publish","type":"product","link":"https:\/\/bricer.pt\/?product=wax-lyrical-difusor-c-varetas-rose-emb-180ml","title":{"rendered":"Wax Lyrical Difusor c\/ Varetas &#8220;Rose&#8221;  Emb. 180ml"},"content":{"rendered":"<p><strong>Wax Lyrical Difusor c\/ Varetas &#8220;Rose&#8221;<\/strong> Emb. 180ml.<\/p>\n<p>&nbsp;<\/p>\n<p><strong>Caracter\u00edsticas<\/strong>: Uma fragr\u00e2ncia floral cl\u00e1ssica que \u00e9 sin\u00f3nimo de jardins ingleses em flor, Rose \u00e9 um cheiro verdadeiramente luxurioso. Nesta cultura, o ch\u00e1 verde acompanha as notas de rosa e as sugest\u00f5es de ger\u00e2nio, caules orvalhados e \u00edris r\u00e9gia levantam o aroma procurado.<\/p>\n<p><strong>Ingredientes<\/strong>: [Augeo Clean Multi, Phenethyl alcohol] 1-(1,2,3,4,5,6,7,8-Octahydro-2,3,8,8-tetramethyl-2-naphthalenyl)ethanone, 3 and 4-(4-Hydroxy-4-methylpentyl)-3-cyclohexene-1-carboxaldehyde, 4-tert-Butylcyclohexyl acetate, Linalool, alpha-iso-Methylionone. Pode produzir rea\u00e7\u00e3o al\u00e9rgica.<\/p>\n","protected":false},"excerpt":{"rendered":"<p>Wax Lyrical Difusor c\/ Varetas &#8220;Rose&#8221; Emb. 180ml. &nbsp; Caracter\u00edsticas: Uma fragr\u00e2ncia floral cl\u00e1ssica que \u00e9 sin\u00f3nimo de jardins ingleses em flor, Rose \u00e9 um cheiro verdadeiramente luxurioso. Nesta cultura, o ch\u00e1 verde acompanha as notas de rosa e as sugest\u00f5es de ger\u00e2nio, caules orvalhados e \u00edris r\u00e9gia levantam o aroma procurado. Ingredientes: [Augeo Clean [&hellip;]<\/p>\n","protected":false},"featured_media":2433,"template":"","meta":[],"product_brand":[],"product_cat":[287,55],"product_tag":[],"class_list":{"0":"post-2432","1":"product","2":"type-product","3":"status-publish","4":"has-post-thumbnail","6":"product_cat-ambientadores-para-casa","7":"product_cat-dph","8":"pa_marcas-wax-lyrical","9":"pa_pais-reino-unido","11":"first","12":"instock","13":"taxable","14":"shipping-taxable","15":"product-type-simple"},"_links":{"self":[{"href":"https:\/\/bricer.pt\/index.php?rest_route=\/wp\/v2\/product\/2432","targetHints":{"allow":["GET"]}}],"collection":[{"href":"https:\/\/bricer.pt\/index.php?rest_route=\/wp\/v2\/product"}],"about":[{"href":"https:\/\/bricer.pt\/index.php?rest_route=\/wp\/v2\/types\/product"}],"wp:featuredmedia":[{"embeddable":true,"href":"https:\/\/bricer.pt\/index.php?rest_route=\/wp\/v2\/media\/2433"}],"wp:attachment":[{"href":"https:\/\/bricer.pt\/index.php?rest_route=%2Fwp%2Fv2%2Fmedia&parent=2432"}],"wp:term":[{"taxonomy":"product_brand","embeddable":true,"href":"https:\/\/bricer.pt\/index.php?rest_route=%2Fwp%2Fv2%2Fproduct_brand&post=2432"},{"taxonomy":"product_cat","embeddable":true,"href":"https:\/\/bricer.pt\/index.php?rest_route=%2Fwp%2Fv2%2Fproduct_cat&post=2432"},{"taxonomy":"product_tag","embeddable":true,"href":"https:\/\/bricer.pt\/index.php?rest_route=%2Fwp%2Fv2%2Fproduct_tag&post=2432"}],"curies":[{"name":"wp","href":"https:\/\/api.w.org\/{rel}","templated":true}]}}