{"id":2348,"date":"2023-03-06T11:38:18","date_gmt":"2023-03-06T11:38:18","guid":{"rendered":"https:\/\/bricer.pt\/produto\/ecoegg-ovos-p-secadora-de-roupa-sem-fragrancia-emb-1un\/"},"modified":"2023-04-17T08:01:33","modified_gmt":"2023-04-17T08:01:33","slug":"ecoegg-ovos-p-secadora-de-roupa-sem-fragrancia-emb-1un","status":"publish","type":"product","link":"https:\/\/bricer.pt\/?product=ecoegg-ovos-p-secadora-de-roupa-sem-fragrancia-emb-1un","title":{"rendered":"EcoEgg Ovos p\/ Secadora de Roupa &#8211; Sem Fragr\u00e2ncia  Emb. 1Un"},"content":{"rendered":"<p><strong>EcoEgg Ovos p\/ Secadora de Roupa &#8211; Sem Fragr\u00e2ncia<\/strong> Emb. 1Unidade.<\/p>\n<p>&nbsp;<\/p>\n<p><strong>Caracter\u00edsticas<\/strong>: Os ovos Ecoegg p\/ Secadora de Roupa reduzem o tempo de secagem na m\u00e1quina at\u00e9 28%, economizando tempo, dinheiro e energia.<\/p>\n<p><strong>Instru\u00e7\u00f5es<\/strong>: N\u00e3o cont\u00eam perfume, por isso s\u00e3o a escolha perfeita para quem tem pele delicada. Como Usar: 1- Coloque uma vareta de fragr\u00e2ncia em cada um dos ovos do secador. 2- Coloque os dois ovos Ecoegg p\/ Secadora de Roupa na m\u00e1quina de secar juntamente com a sua roupa para reduzir o tempo de secagem. 3- Os n\u00f3dulos no ovo do secador Ecoegg v\u00e3o amolecer suas roupas &#8211; n\u00e3o h\u00e1 necessidade de usar condicionador.<\/p>\n<p><strong>Ingredientes<\/strong>: cont\u00eam monoestearato de glicerol e perfume.<\/p>\n<p><strong>Advert\u00eancias<\/strong>: Manter fora do alcance de crian\u00e7as e animais de estima\u00e7\u00e3o.<\/p>\n<p><strong>Conte\u00fado<\/strong>: 2 ovos p\/ Secadora de Roupa, 4 varetas de fragr\u00e2ncia.<\/p>\n","protected":false},"excerpt":{"rendered":"<p>EcoEgg Ovos p\/ Secadora de Roupa &#8211; Sem Fragr\u00e2ncia Emb. 1Unidade. &nbsp; Caracter\u00edsticas: Os ovos Ecoegg p\/ Secadora de Roupa reduzem o tempo de secagem na m\u00e1quina at\u00e9 28%, economizando tempo, dinheiro e energia. Instru\u00e7\u00f5es: N\u00e3o cont\u00eam perfume, por isso s\u00e3o a escolha perfeita para quem tem pele delicada. Como Usar: 1- Coloque uma vareta [&hellip;]<\/p>\n","protected":false},"featured_media":2349,"template":"","meta":[],"product_brand":[],"product_cat":[55,58],"product_tag":[],"class_list":{"0":"post-2348","1":"product","2":"type-product","3":"status-publish","4":"has-post-thumbnail","6":"product_cat-dph","7":"product_cat-limpeza-e-manutencao","8":"pa_marcas-ecoegg","9":"pa_pais-reino-unido","11":"first","12":"instock","13":"taxable","14":"shipping-taxable","15":"product-type-simple"},"_links":{"self":[{"href":"https:\/\/bricer.pt\/index.php?rest_route=\/wp\/v2\/product\/2348","targetHints":{"allow":["GET"]}}],"collection":[{"href":"https:\/\/bricer.pt\/index.php?rest_route=\/wp\/v2\/product"}],"about":[{"href":"https:\/\/bricer.pt\/index.php?rest_route=\/wp\/v2\/types\/product"}],"wp:featuredmedia":[{"embeddable":true,"href":"https:\/\/bricer.pt\/index.php?rest_route=\/wp\/v2\/media\/2349"}],"wp:attachment":[{"href":"https:\/\/bricer.pt\/index.php?rest_route=%2Fwp%2Fv2%2Fmedia&parent=2348"}],"wp:term":[{"taxonomy":"product_brand","embeddable":true,"href":"https:\/\/bricer.pt\/index.php?rest_route=%2Fwp%2Fv2%2Fproduct_brand&post=2348"},{"taxonomy":"product_cat","embeddable":true,"href":"https:\/\/bricer.pt\/index.php?rest_route=%2Fwp%2Fv2%2Fproduct_cat&post=2348"},{"taxonomy":"product_tag","embeddable":true,"href":"https:\/\/bricer.pt\/index.php?rest_route=%2Fwp%2Fv2%2Fproduct_tag&post=2348"}],"curies":[{"name":"wp","href":"https:\/\/api.w.org\/{rel}","templated":true}]}}