{"id":2302,"date":"2023-03-06T11:38:08","date_gmt":"2023-03-06T11:38:08","guid":{"rendered":"https:\/\/bricer.pt\/produto\/neutradol-fresh-pink-quick-spray-emb-50ml\/"},"modified":"2023-04-17T08:01:30","modified_gmt":"2023-04-17T08:01:30","slug":"neutradol-fresh-pink-quick-spray-emb-50ml","status":"publish","type":"product","link":"https:\/\/bricer.pt\/?product=neutradol-fresh-pink-quick-spray-emb-50ml","title":{"rendered":"Neutradol &#8220;Fresh Pink Quick Spray&#8221;  Emb. 50ml"},"content":{"rendered":"<p><strong>Neutradol &#8220;Fresh Pink Quick Spray&#8221;\u00a0<\/strong> \u00a0Emb. 50ml.<\/p>\n<p>&nbsp;<\/p>\n<p><strong>Caracter\u00edsticas<\/strong>: Nossa f\u00f3rmula higi\u00e9nica e n\u00e3o t\u00f3xica, elimina as mol\u00e9culas que causam maus odores em sua casa, seu local de trabalho ou seu carro.<\/p>\n<p><strong>Ingredientes<\/strong>: Eucalyptol, Hexyl Cinnamic Aldehyde, Eugenol, Butylphenyl Methylpropional, Alpha-Pinenes, D-Limonene, Geraniol, Citronellol, Citronellal, Benzisothiazolinone.<\/p>\n<p><strong>Instru\u00e7\u00f5es para montar<\/strong>: 1- Pressione as duas metades uma na outra e clique. 2- Remova a inser\u00e7\u00e3o da tampa na abertura na base do dispensador decorativo. 3- Empurre suavemente o cartucho para dentro at\u00e9 que se encaixe na unidade e gire at\u00e9 que a \u00e1rea branca fique vis\u00edvel.<\/p>\n<p><strong>Instru\u00e7\u00f5es para pulverizar<\/strong>: 1- Coloque a \u00a0unidade montada em uma superf\u00edcie plana. 2- Com a unidade no comprimento do bra\u00e7o, coloque a m\u00e3o perto do topo do dispensador e pressione firme para baixo por 1-2 segundos.<\/p>\n<p><strong>Advert\u00eancias<\/strong>: N\u00e3o direcionar para os olhos. Evite borrifar diretamente sobre m\u00f3veis polidos ou superf\u00edcies tratadas. Pode produzir uma rea\u00e7\u00e3o al\u00e9rgica. Mantenha fora do alcance de crian\u00e7as.<\/p>\n","protected":false},"excerpt":{"rendered":"<p>Neutradol &#8220;Fresh Pink Quick Spray&#8221;\u00a0 \u00a0Emb. 50ml. &nbsp; Caracter\u00edsticas: Nossa f\u00f3rmula higi\u00e9nica e n\u00e3o t\u00f3xica, elimina as mol\u00e9culas que causam maus odores em sua casa, seu local de trabalho ou seu carro. Ingredientes: Eucalyptol, Hexyl Cinnamic Aldehyde, Eugenol, Butylphenyl Methylpropional, Alpha-Pinenes, D-Limonene, Geraniol, Citronellol, Citronellal, Benzisothiazolinone. Instru\u00e7\u00f5es para montar: 1- Pressione as duas metades uma [&hellip;]<\/p>\n","protected":false},"featured_media":2303,"template":"","meta":[],"product_brand":[],"product_cat":[55,58],"product_tag":[],"class_list":{"0":"post-2302","1":"product","2":"type-product","3":"status-publish","4":"has-post-thumbnail","6":"product_cat-dph","7":"product_cat-limpeza-e-manutencao","8":"pa_marcas-neutradol","9":"pa_pais-reino-unido","11":"first","12":"instock","13":"taxable","14":"shipping-taxable","15":"product-type-simple"},"_links":{"self":[{"href":"https:\/\/bricer.pt\/index.php?rest_route=\/wp\/v2\/product\/2302","targetHints":{"allow":["GET"]}}],"collection":[{"href":"https:\/\/bricer.pt\/index.php?rest_route=\/wp\/v2\/product"}],"about":[{"href":"https:\/\/bricer.pt\/index.php?rest_route=\/wp\/v2\/types\/product"}],"wp:featuredmedia":[{"embeddable":true,"href":"https:\/\/bricer.pt\/index.php?rest_route=\/wp\/v2\/media\/2303"}],"wp:attachment":[{"href":"https:\/\/bricer.pt\/index.php?rest_route=%2Fwp%2Fv2%2Fmedia&parent=2302"}],"wp:term":[{"taxonomy":"product_brand","embeddable":true,"href":"https:\/\/bricer.pt\/index.php?rest_route=%2Fwp%2Fv2%2Fproduct_brand&post=2302"},{"taxonomy":"product_cat","embeddable":true,"href":"https:\/\/bricer.pt\/index.php?rest_route=%2Fwp%2Fv2%2Fproduct_cat&post=2302"},{"taxonomy":"product_tag","embeddable":true,"href":"https:\/\/bricer.pt\/index.php?rest_route=%2Fwp%2Fv2%2Fproduct_tag&post=2302"}],"curies":[{"name":"wp","href":"https:\/\/api.w.org\/{rel}","templated":true}]}}