{"id":2292,"date":"2023-03-06T11:38:02","date_gmt":"2023-03-06T11:38:02","guid":{"rendered":"https:\/\/bricer.pt\/produto\/neutradol-original-aerosol-emb-300ml\/"},"modified":"2023-04-17T08:01:28","modified_gmt":"2023-04-17T08:01:28","slug":"neutradol-original-aerosol-emb-300ml","status":"publish","type":"product","link":"https:\/\/bricer.pt\/?product=neutradol-original-aerosol-emb-300ml","title":{"rendered":"Neutradol  &#8220;Original Aerosol&#8221;  Emb. 300ml"},"content":{"rendered":"<p><strong>Neutradol &#8220;Original Aerosol&#8221;<\/strong> Emb. 300ml.<\/p>\n<p>&nbsp;<\/p>\n<p><strong>Caracter\u00edsticas<\/strong>: Destr\u00f3i com seguran\u00e7a mol\u00e9culas de mau odor, deixando o ar limpo e fresco. Pode ser aplicado em: cozinhas, WCs, \u00e1reas de estar, escrit\u00f3rios e locais de trabalho.<\/p>\n<p><strong>Ingredientes<\/strong>: butane, propan-2-ol.<\/p>\n<p><strong>Instru\u00e7\u00f5es<\/strong>: agite bem, segure a lata na vertical e borrife levemente em dire\u00e7\u00e3o ao meio da sala.<\/p>\n<p><strong>Advert\u00eancias<\/strong>: pode explodir se aquecido. Proteja da luz solar. N\u00e3o exponha a temperaturas superiores a 50\u00baC \/ 122\u00baF. N\u00e3o fure ou queime, mesmo ap\u00f3s o uso. Mantenha longe do calor, superf\u00edcies quentes, fa\u00edscas, chamas abertas e outras fontes de igni\u00e7\u00e3o. Proibido fumar. N\u00e3o pulverize sobre chama aberta ou outra fonte de igni\u00e7\u00e3o. Pode provocar uma rea\u00e7\u00e3o al\u00e9rgica. Manter fora do alcance de crian\u00e7as.<\/p>\n","protected":false},"excerpt":{"rendered":"<p>Neutradol &#8220;Original Aerosol&#8221; Emb. 300ml. &nbsp; Caracter\u00edsticas: Destr\u00f3i com seguran\u00e7a mol\u00e9culas de mau odor, deixando o ar limpo e fresco. Pode ser aplicado em: cozinhas, WCs, \u00e1reas de estar, escrit\u00f3rios e locais de trabalho. Ingredientes: butane, propan-2-ol. Instru\u00e7\u00f5es: agite bem, segure a lata na vertical e borrife levemente em dire\u00e7\u00e3o ao meio da sala. Advert\u00eancias: [&hellip;]<\/p>\n","protected":false},"featured_media":2293,"template":"","meta":[],"product_brand":[],"product_cat":[55,58],"product_tag":[],"class_list":{"0":"post-2292","1":"product","2":"type-product","3":"status-publish","4":"has-post-thumbnail","6":"product_cat-dph","7":"product_cat-limpeza-e-manutencao","8":"pa_marcas-neutradol","9":"pa_pais-reino-unido","11":"first","12":"instock","13":"taxable","14":"shipping-taxable","15":"product-type-simple"},"_links":{"self":[{"href":"https:\/\/bricer.pt\/index.php?rest_route=\/wp\/v2\/product\/2292","targetHints":{"allow":["GET"]}}],"collection":[{"href":"https:\/\/bricer.pt\/index.php?rest_route=\/wp\/v2\/product"}],"about":[{"href":"https:\/\/bricer.pt\/index.php?rest_route=\/wp\/v2\/types\/product"}],"wp:featuredmedia":[{"embeddable":true,"href":"https:\/\/bricer.pt\/index.php?rest_route=\/wp\/v2\/media\/2293"}],"wp:attachment":[{"href":"https:\/\/bricer.pt\/index.php?rest_route=%2Fwp%2Fv2%2Fmedia&parent=2292"}],"wp:term":[{"taxonomy":"product_brand","embeddable":true,"href":"https:\/\/bricer.pt\/index.php?rest_route=%2Fwp%2Fv2%2Fproduct_brand&post=2292"},{"taxonomy":"product_cat","embeddable":true,"href":"https:\/\/bricer.pt\/index.php?rest_route=%2Fwp%2Fv2%2Fproduct_cat&post=2292"},{"taxonomy":"product_tag","embeddable":true,"href":"https:\/\/bricer.pt\/index.php?rest_route=%2Fwp%2Fv2%2Fproduct_tag&post=2292"}],"curies":[{"name":"wp","href":"https:\/\/api.w.org\/{rel}","templated":true}]}}