{"id":2290,"date":"2023-03-06T11:38:02","date_gmt":"2023-03-06T11:38:02","guid":{"rendered":"https:\/\/bricer.pt\/produto\/neutradol-super-fresh-gel-emb-135g\/"},"modified":"2023-04-17T08:01:28","modified_gmt":"2023-04-17T08:01:28","slug":"neutradol-super-fresh-gel-emb-135g","status":"publish","type":"product","link":"https:\/\/bricer.pt\/?product=neutradol-super-fresh-gel-emb-135g","title":{"rendered":"Neutradol &#8220;Super Fresh Gel&#8221;  Emb. 135g"},"content":{"rendered":"<p><strong>Neutradol &#8220;Super Fresh Gel&#8221;<\/strong> Emb. 135g.<\/p>\n<p>&nbsp;<\/p>\n<p><strong>Caracter\u00edsticas<\/strong>: Nossa f\u00f3rmula higi\u00e9nica e n\u00e3o t\u00f3xica, elimina as mol\u00e9culas que causam maus odores em sua casa, seu local de trabalho ou seu carro.<\/p>\n<p><strong>Ingredientes<\/strong>: d-limoneno, alde\u00eddo hexil cin\u00e1mico, eucaliptol, eugenol, citronelal, alfa-pinenos, citronelol, benzisotiazolinona. Pode produzir uma rea\u00e7\u00e3o al\u00e9rgica.<\/p>\n<p><strong>Instru\u00e7\u00f5es<\/strong>: retire o selo da tampa e do recipiente do suporte em qualquer \u00e1rea da casa para um ar fresco, limpo e duradouro. Dura at\u00e9 90 dias em temperaturas n\u00e3o superiores a 20\u00baC.<\/p>\n<p><strong>Advert\u00eancias<\/strong>: Manter fora do alcance de crian\u00e7as e animais de estima\u00e7\u00e3o. Em caso de contato com a pele, lave bem com \u00e1gua e sab\u00e3o. Lave as m\u00e3os ap\u00f3s o uso. Nocivo para os organismos aqu\u00e1ticos com efeitos duradouros. Use apenas como instru\u00eddo.<\/p>\n","protected":false},"excerpt":{"rendered":"<p>Neutradol &#8220;Super Fresh Gel&#8221; Emb. 135g. &nbsp; Caracter\u00edsticas: Nossa f\u00f3rmula higi\u00e9nica e n\u00e3o t\u00f3xica, elimina as mol\u00e9culas que causam maus odores em sua casa, seu local de trabalho ou seu carro. Ingredientes: d-limoneno, alde\u00eddo hexil cin\u00e1mico, eucaliptol, eugenol, citronelal, alfa-pinenos, citronelol, benzisotiazolinona. Pode produzir uma rea\u00e7\u00e3o al\u00e9rgica. Instru\u00e7\u00f5es: retire o selo da tampa e do [&hellip;]<\/p>\n","protected":false},"featured_media":2291,"template":"","meta":[],"product_brand":[],"product_cat":[55,58],"product_tag":[],"class_list":{"0":"post-2290","1":"product","2":"type-product","3":"status-publish","4":"has-post-thumbnail","6":"product_cat-dph","7":"product_cat-limpeza-e-manutencao","8":"pa_marcas-neutradol","9":"pa_pais-reino-unido","11":"first","12":"instock","13":"taxable","14":"shipping-taxable","15":"product-type-simple"},"_links":{"self":[{"href":"https:\/\/bricer.pt\/index.php?rest_route=\/wp\/v2\/product\/2290","targetHints":{"allow":["GET"]}}],"collection":[{"href":"https:\/\/bricer.pt\/index.php?rest_route=\/wp\/v2\/product"}],"about":[{"href":"https:\/\/bricer.pt\/index.php?rest_route=\/wp\/v2\/types\/product"}],"wp:featuredmedia":[{"embeddable":true,"href":"https:\/\/bricer.pt\/index.php?rest_route=\/wp\/v2\/media\/2291"}],"wp:attachment":[{"href":"https:\/\/bricer.pt\/index.php?rest_route=%2Fwp%2Fv2%2Fmedia&parent=2290"}],"wp:term":[{"taxonomy":"product_brand","embeddable":true,"href":"https:\/\/bricer.pt\/index.php?rest_route=%2Fwp%2Fv2%2Fproduct_brand&post=2290"},{"taxonomy":"product_cat","embeddable":true,"href":"https:\/\/bricer.pt\/index.php?rest_route=%2Fwp%2Fv2%2Fproduct_cat&post=2290"},{"taxonomy":"product_tag","embeddable":true,"href":"https:\/\/bricer.pt\/index.php?rest_route=%2Fwp%2Fv2%2Fproduct_tag&post=2290"}],"curies":[{"name":"wp","href":"https:\/\/api.w.org\/{rel}","templated":true}]}}