{"id":2226,"date":"2023-03-06T11:37:50","date_gmt":"2023-03-06T11:37:50","guid":{"rendered":"https:\/\/bricer.pt\/produto\/invigor8-flocos-de-magnesio-emb-500g\/"},"modified":"2023-04-17T08:01:24","modified_gmt":"2023-04-17T08:01:24","slug":"invigor8-flocos-de-magnesio-emb-500g","status":"publish","type":"product","link":"https:\/\/bricer.pt\/?product=invigor8-flocos-de-magnesio-emb-500g","title":{"rendered":"Invigor8 Flocos de Magn\u00e9sio  Emb. 500g"},"content":{"rendered":"<p><strong>Invigor8 Flocos de Magn\u00e9sio\u00a0<\/strong> \u00a0Emb. 500g.<\/p>\n<p>&nbsp;<\/p>\n<p><strong>Caracter\u00edsticas<\/strong>: Ajuda a aliviar dores musculares e dores de les\u00f5es desportivas e ajuda o corpo a se recuperar p\u00f3s-treino.<\/p>\n<p><strong>Instru\u00e7\u00f5es<\/strong>: Adicione uma quantidade de aproximadamente 2 punhados \u00e0 \u00e1gua quente corrente, para um banho maravilhosamente calmante e relaxante. Mergulhe por pelo menos 20 minutos para dar aos sais a chance de amaciar a pele e serem absorvidos.<\/p>\n<p><strong>Advert\u00eancias<\/strong>: manter fora do alcance das crian\u00e7as. N\u00e3o tome internamente. N\u00e3o use em pele ferida. Mantenha em local fresco e seco, pois com o tempo o sal pode atrair humidade. Evite contato com os olhos. Se voc\u00ea tem epilepsia, press\u00e3o alta ou qualquer outra condi\u00e7\u00e3o m\u00e9dica espec\u00edfica, consulte um m\u00e9dico antes de usar. Se estiver gr\u00e1vida ou amamentando, consulte o seu m\u00e9dico antes de usar.<\/p>\n<p><strong>Ingredientes:<\/strong> Flocos de hexahidrato de cloreto de magn\u00e9sio (concentra\u00e7\u00e3o de 46% de MgCl).<\/p>\n","protected":false},"excerpt":{"rendered":"<p>Invigor8 Flocos de Magn\u00e9sio\u00a0 \u00a0Emb. 500g. &nbsp; Caracter\u00edsticas: Ajuda a aliviar dores musculares e dores de les\u00f5es desportivas e ajuda o corpo a se recuperar p\u00f3s-treino. Instru\u00e7\u00f5es: Adicione uma quantidade de aproximadamente 2 punhados \u00e0 \u00e1gua quente corrente, para um banho maravilhosamente calmante e relaxante. Mergulhe por pelo menos 20 minutos para dar aos sais [&hellip;]<\/p>\n","protected":false},"featured_media":2227,"template":"","meta":[],"product_brand":[],"product_cat":[55,247],"product_tag":[],"class_list":{"0":"post-2226","1":"product","2":"type-product","3":"status-publish","4":"has-post-thumbnail","6":"product_cat-dph","7":"product_cat-higiene-e-beleza-dph","8":"pa_marcas-invigor8","9":"pa_pais-paises-baixos","11":"first","12":"instock","13":"taxable","14":"shipping-taxable","15":"product-type-simple"},"_links":{"self":[{"href":"https:\/\/bricer.pt\/index.php?rest_route=\/wp\/v2\/product\/2226","targetHints":{"allow":["GET"]}}],"collection":[{"href":"https:\/\/bricer.pt\/index.php?rest_route=\/wp\/v2\/product"}],"about":[{"href":"https:\/\/bricer.pt\/index.php?rest_route=\/wp\/v2\/types\/product"}],"wp:featuredmedia":[{"embeddable":true,"href":"https:\/\/bricer.pt\/index.php?rest_route=\/wp\/v2\/media\/2227"}],"wp:attachment":[{"href":"https:\/\/bricer.pt\/index.php?rest_route=%2Fwp%2Fv2%2Fmedia&parent=2226"}],"wp:term":[{"taxonomy":"product_brand","embeddable":true,"href":"https:\/\/bricer.pt\/index.php?rest_route=%2Fwp%2Fv2%2Fproduct_brand&post=2226"},{"taxonomy":"product_cat","embeddable":true,"href":"https:\/\/bricer.pt\/index.php?rest_route=%2Fwp%2Fv2%2Fproduct_cat&post=2226"},{"taxonomy":"product_tag","embeddable":true,"href":"https:\/\/bricer.pt\/index.php?rest_route=%2Fwp%2Fv2%2Fproduct_tag&post=2226"}],"curies":[{"name":"wp","href":"https:\/\/api.w.org\/{rel}","templated":true}]}}