{"id":2190,"date":"2023-03-06T11:37:43","date_gmt":"2023-03-06T11:37:43","guid":{"rendered":"https:\/\/bricer.pt\/produto\/tulipan-negro-agua-de-colonia-fraiche-emb-800ml\/"},"modified":"2023-04-17T08:01:20","modified_gmt":"2023-04-17T08:01:20","slug":"tulipan-negro-agua-de-colonia-fraiche-emb-800ml","status":"publish","type":"product","link":"https:\/\/bricer.pt\/?product=tulipan-negro-agua-de-colonia-fraiche-emb-800ml","title":{"rendered":"Tulip\u00e1n Negro \u00c1gua-de-col\u00f3nia &#8220;Fra\u00eeche&#8221;  Emb. 800ml"},"content":{"rendered":"<p><strong>Tulip\u00e1n Negro \u00c1gua-de-col\u00f3nia &#8220;Fra\u00eeche&#8221;<\/strong> Emb. 800ml.<\/p>\n<p>&nbsp;<\/p>\n<p><strong>Ingredientes<\/strong>: \u00c1lcool Denat; \u00c1gua; Fragr\u00e2ncia; Citral; D-limoneno; Linalool; Hexyl Cinnamal; Buthyphenyl Methylpropional.<\/p>\n","protected":false},"excerpt":{"rendered":"<p>Tulip\u00e1n Negro \u00c1gua-de-col\u00f3nia &#8220;Fra\u00eeche&#8221; Emb. 800ml. &nbsp; Ingredientes: \u00c1lcool Denat; \u00c1gua; Fragr\u00e2ncia; Citral; D-limoneno; Linalool; Hexyl Cinnamal; Buthyphenyl Methylpropional.<\/p>\n","protected":false},"featured_media":2191,"template":"","meta":[],"product_brand":[],"product_cat":[55,64],"product_tag":[],"class_list":{"0":"post-2190","1":"product","2":"type-product","3":"status-publish","4":"has-post-thumbnail","6":"product_cat-dph","7":"product_cat-higiene-e-beleza-corpo","8":"pa_marcas-tulipan-negro","9":"pa_pais-espanha","11":"first","12":"instock","13":"taxable","14":"shipping-taxable","15":"product-type-simple"},"_links":{"self":[{"href":"https:\/\/bricer.pt\/index.php?rest_route=\/wp\/v2\/product\/2190","targetHints":{"allow":["GET"]}}],"collection":[{"href":"https:\/\/bricer.pt\/index.php?rest_route=\/wp\/v2\/product"}],"about":[{"href":"https:\/\/bricer.pt\/index.php?rest_route=\/wp\/v2\/types\/product"}],"wp:featuredmedia":[{"embeddable":true,"href":"https:\/\/bricer.pt\/index.php?rest_route=\/wp\/v2\/media\/2191"}],"wp:attachment":[{"href":"https:\/\/bricer.pt\/index.php?rest_route=%2Fwp%2Fv2%2Fmedia&parent=2190"}],"wp:term":[{"taxonomy":"product_brand","embeddable":true,"href":"https:\/\/bricer.pt\/index.php?rest_route=%2Fwp%2Fv2%2Fproduct_brand&post=2190"},{"taxonomy":"product_cat","embeddable":true,"href":"https:\/\/bricer.pt\/index.php?rest_route=%2Fwp%2Fv2%2Fproduct_cat&post=2190"},{"taxonomy":"product_tag","embeddable":true,"href":"https:\/\/bricer.pt\/index.php?rest_route=%2Fwp%2Fv2%2Fproduct_tag&post=2190"}],"curies":[{"name":"wp","href":"https:\/\/api.w.org\/{rel}","templated":true}]}}