{"id":2152,"date":"2023-03-06T11:37:29","date_gmt":"2023-03-06T11:37:29","guid":{"rendered":"https:\/\/bricer.pt\/produto\/tulipan-negro-locao-corporal-candy-fantasy-emb-400ml\/"},"modified":"2023-04-17T08:01:17","modified_gmt":"2023-04-17T08:01:17","slug":"tulipan-negro-locao-corporal-candy-fantasy-emb-400ml","status":"publish","type":"product","link":"https:\/\/bricer.pt\/?product=tulipan-negro-locao-corporal-candy-fantasy-emb-400ml","title":{"rendered":"Tulip\u00e1n Negro Lo\u00e7\u00e3o Corporal &#8220;Candy Fantasy&#8221;  Emb. 400ml"},"content":{"rendered":"<p><strong>Tulip\u00e1n Negro Lo\u00e7\u00e3o Corporal &#8220;Candy Fantasy&#8221;<\/strong> Emb. 400ml.<\/p>\n<p>&nbsp;<\/p>\n<p><strong>Caracter\u00edsticas<\/strong>: Indicado para todos os tipos de pele. O seu fator de hidrata\u00e7\u00e3o permite-lhe desfrutar da sua agrad\u00e1vel fragr\u00e2ncia, cuidando e hidratando a sua pele.<\/p>\n<p><strong>Ingredientes<\/strong>: \u00c1gua; Estearato de glicerilo; Carbonato de dietilhexila; Diestearato de poligliceril-3-metilglucose; Glicerina; \u00c1lcool cet\u00edlico; Triisostearin; \u00c1lcool benz\u00edlico; Tapioca Amido Polimetilsilsesquioxano; Fragr\u00e2ncia Parfum); Bis-PEG\/PPG 16\/16 PEG \/ PPG16 \/ 16 Dimeticona;PCA de s\u00f3dio; Ciclopentasilaxano; Carbomer \u00c1cido benz\u00f3ico; Triglicer\u00eddeo Capr\u00edlico Capr\u00edlico; BHT; \u00c1cido s\u00f3rbico; Methiconol.<\/p>\n","protected":false},"excerpt":{"rendered":"<p>Tulip\u00e1n Negro Lo\u00e7\u00e3o Corporal &#8220;Candy Fantasy&#8221; Emb. 400ml. &nbsp; Caracter\u00edsticas: Indicado para todos os tipos de pele. O seu fator de hidrata\u00e7\u00e3o permite-lhe desfrutar da sua agrad\u00e1vel fragr\u00e2ncia, cuidando e hidratando a sua pele. Ingredientes: \u00c1gua; Estearato de glicerilo; Carbonato de dietilhexila; Diestearato de poligliceril-3-metilglucose; Glicerina; \u00c1lcool cet\u00edlico; Triisostearin; \u00c1lcool benz\u00edlico; Tapioca Amido Polimetilsilsesquioxano; Fragr\u00e2ncia [&hellip;]<\/p>\n","protected":false},"featured_media":2153,"template":"","meta":[],"product_brand":[],"product_cat":[55,64],"product_tag":[],"class_list":{"0":"post-2152","1":"product","2":"type-product","3":"status-publish","4":"has-post-thumbnail","6":"product_cat-dph","7":"product_cat-higiene-e-beleza-corpo","8":"pa_marcas-tulipan-negro","9":"pa_pais-espanha","11":"first","12":"instock","13":"taxable","14":"shipping-taxable","15":"product-type-simple"},"_links":{"self":[{"href":"https:\/\/bricer.pt\/index.php?rest_route=\/wp\/v2\/product\/2152","targetHints":{"allow":["GET"]}}],"collection":[{"href":"https:\/\/bricer.pt\/index.php?rest_route=\/wp\/v2\/product"}],"about":[{"href":"https:\/\/bricer.pt\/index.php?rest_route=\/wp\/v2\/types\/product"}],"wp:featuredmedia":[{"embeddable":true,"href":"https:\/\/bricer.pt\/index.php?rest_route=\/wp\/v2\/media\/2153"}],"wp:attachment":[{"href":"https:\/\/bricer.pt\/index.php?rest_route=%2Fwp%2Fv2%2Fmedia&parent=2152"}],"wp:term":[{"taxonomy":"product_brand","embeddable":true,"href":"https:\/\/bricer.pt\/index.php?rest_route=%2Fwp%2Fv2%2Fproduct_brand&post=2152"},{"taxonomy":"product_cat","embeddable":true,"href":"https:\/\/bricer.pt\/index.php?rest_route=%2Fwp%2Fv2%2Fproduct_cat&post=2152"},{"taxonomy":"product_tag","embeddable":true,"href":"https:\/\/bricer.pt\/index.php?rest_route=%2Fwp%2Fv2%2Fproduct_tag&post=2152"}],"curies":[{"name":"wp","href":"https:\/\/api.w.org\/{rel}","templated":true}]}}