{"id":2140,"date":"2023-03-06T11:37:23","date_gmt":"2023-03-06T11:37:23","guid":{"rendered":"https:\/\/bricer.pt\/produto\/tulipan-negro-gel-de-banho-candy-fantasy-emb-720ml\/"},"modified":"2023-04-17T08:01:15","modified_gmt":"2023-04-17T08:01:15","slug":"tulipan-negro-gel-de-banho-candy-fantasy-emb-720ml","status":"publish","type":"product","link":"https:\/\/bricer.pt\/?product=tulipan-negro-gel-de-banho-candy-fantasy-emb-720ml","title":{"rendered":"Tulip\u00e1n Negro Gel de Banho &#8220;Candy Fantasy&#8221;  Emb. 720ml"},"content":{"rendered":"<p><strong>Tulip\u00e1n Negro Gel de Banho &#8220;Candy Fantasy&#8221;<\/strong>\u00a0 \u00a0Emb. 720ml.<\/p>\n<p>&nbsp;<\/p>\n<p><strong>Caracter\u00edsticas<\/strong>: Uma fragr\u00e2ncia deliciosamente gulosa que o levar\u00e1 de volta \u00e0 sua inf\u00e2ncia. Um mundo de fantasia para a sua pele que inundar\u00e1 o seu banho com sensa\u00e7\u00f5es vibrantes e cintilantes.<\/p>\n<p><strong>Ingredientes<\/strong>: Aqua (Water); Sodium Laureth Sulfate; Cocamidopropyl Betaine; Glycerin; \u00a0Hydroxypropyl Starch Phosphate; \u00a0Coco-Glucoside; \u00a0Decyl Glucoside;\u00a0 Parfum (Fragrance); Glyceryl Oleate;\u00a0 Benzyl Alcohol; \u00a0Dicapryl Ether; Styrene\/Acrylates Copolymer; \u00a0Guar Hydroxypropyltrimonium Chloride;\u00a0 Polyquaternium-7; Glyceryl Oleate; \u00a0Citric Acid; \u00a0Benzoic Acid; PEG\/PPG-120\/10 Trimethylolpropane Trioleate; Laureth-2; Sorbic Acid; Limonene; C.I. 60730; CI 17200.<\/p>\n","protected":false},"excerpt":{"rendered":"<p>Tulip\u00e1n Negro Gel de Banho &#8220;Candy Fantasy&#8221;\u00a0 \u00a0Emb. 720ml. &nbsp; Caracter\u00edsticas: Uma fragr\u00e2ncia deliciosamente gulosa que o levar\u00e1 de volta \u00e0 sua inf\u00e2ncia. Um mundo de fantasia para a sua pele que inundar\u00e1 o seu banho com sensa\u00e7\u00f5es vibrantes e cintilantes. Ingredientes: Aqua (Water); Sodium Laureth Sulfate; Cocamidopropyl Betaine; Glycerin; \u00a0Hydroxypropyl Starch Phosphate; \u00a0Coco-Glucoside; \u00a0Decyl [&hellip;]<\/p>\n","protected":false},"featured_media":2141,"template":"","meta":[],"product_brand":[],"product_cat":[55,64],"product_tag":[],"class_list":{"0":"post-2140","1":"product","2":"type-product","3":"status-publish","4":"has-post-thumbnail","6":"product_cat-dph","7":"product_cat-higiene-e-beleza-corpo","8":"pa_marcas-tulipan-negro","9":"pa_pais-espanha","11":"first","12":"instock","13":"taxable","14":"shipping-taxable","15":"product-type-simple"},"_links":{"self":[{"href":"https:\/\/bricer.pt\/index.php?rest_route=\/wp\/v2\/product\/2140","targetHints":{"allow":["GET"]}}],"collection":[{"href":"https:\/\/bricer.pt\/index.php?rest_route=\/wp\/v2\/product"}],"about":[{"href":"https:\/\/bricer.pt\/index.php?rest_route=\/wp\/v2\/types\/product"}],"wp:featuredmedia":[{"embeddable":true,"href":"https:\/\/bricer.pt\/index.php?rest_route=\/wp\/v2\/media\/2141"}],"wp:attachment":[{"href":"https:\/\/bricer.pt\/index.php?rest_route=%2Fwp%2Fv2%2Fmedia&parent=2140"}],"wp:term":[{"taxonomy":"product_brand","embeddable":true,"href":"https:\/\/bricer.pt\/index.php?rest_route=%2Fwp%2Fv2%2Fproduct_brand&post=2140"},{"taxonomy":"product_cat","embeddable":true,"href":"https:\/\/bricer.pt\/index.php?rest_route=%2Fwp%2Fv2%2Fproduct_cat&post=2140"},{"taxonomy":"product_tag","embeddable":true,"href":"https:\/\/bricer.pt\/index.php?rest_route=%2Fwp%2Fv2%2Fproduct_tag&post=2140"}],"curies":[{"name":"wp","href":"https:\/\/api.w.org\/{rel}","templated":true}]}}