{"id":2130,"date":"2023-03-06T11:37:23","date_gmt":"2023-03-06T11:37:23","guid":{"rendered":"https:\/\/bricer.pt\/produto\/tulipan-negro-gel-de-banho-chocolate-praline-emb-720ml\/"},"modified":"2023-04-17T08:01:15","modified_gmt":"2023-04-17T08:01:15","slug":"tulipan-negro-gel-de-banho-chocolate-praline-emb-720ml","status":"publish","type":"product","link":"https:\/\/bricer.pt\/?product=tulipan-negro-gel-de-banho-chocolate-praline-emb-720ml","title":{"rendered":"Tulip\u00e1n Negro Gel de Banho Chocolate Pralin\u00e9  Emb. 720ml"},"content":{"rendered":"<p><strong>Tulip\u00e1n Negro Gel de Banho Chocolate Pralin\u00e9<\/strong> Emb. 720ml.<\/p>\n<p>&nbsp;<\/p>\n<p><strong>Caracter\u00edsticas<\/strong>: Incorpora em sua composi\u00e7\u00e3o elementos do cacau ricos em antioxidantes, ajudando a ativar a circula\u00e7\u00e3o. Juntamente com a avel\u00e3 torrada e carameliza da t\u00edpica do pralin\u00e9, proporciona um efeito estimulante e nutritivo para a pele.<\/p>\n<p><strong>Ingredientes<\/strong>: \u00c1gua (Water); Sodium laureth Sulfate; Sodium chloride; Cocamide DEA; Cocamidopropyl Betaine; Glycol Distearate, Cocamide MEA; Parfum (Fragrance); Sodium Benzoate, Potassium Sorbate; Polyquaternium-7; Styrene\/Acrylates Copolymer; PEG-7 Glyceryl Cocoate; Glycerin, Propylene glycol, Theobroma Cacao Extract; Menta Piperita Leaf Extract; Guar Hydroxypropyltrimonium Chloride; PEG-55 Propylene Glycol Oleate; Tetrasodium EDTA; Lactic Acid; Benzyl Salicilate; Hydroxy-Methylpentylcyclohexenecarboxaldheyde; C.I. 16255; CI 19140; CI 44090; CI 50420; CI 18050; CI 20285.<\/p>\n","protected":false},"excerpt":{"rendered":"<p>Tulip\u00e1n Negro Gel de Banho Chocolate Pralin\u00e9 Emb. 720ml. &nbsp; Caracter\u00edsticas: Incorpora em sua composi\u00e7\u00e3o elementos do cacau ricos em antioxidantes, ajudando a ativar a circula\u00e7\u00e3o. Juntamente com a avel\u00e3 torrada e carameliza da t\u00edpica do pralin\u00e9, proporciona um efeito estimulante e nutritivo para a pele. Ingredientes: \u00c1gua (Water); Sodium laureth Sulfate; Sodium chloride; Cocamide [&hellip;]<\/p>\n","protected":false},"featured_media":2131,"template":"","meta":[],"product_brand":[],"product_cat":[55,64],"product_tag":[],"class_list":{"0":"post-2130","1":"product","2":"type-product","3":"status-publish","4":"has-post-thumbnail","6":"product_cat-dph","7":"product_cat-higiene-e-beleza-corpo","8":"pa_marcas-tulipan-negro","9":"pa_pais-espanha","11":"first","12":"instock","13":"taxable","14":"shipping-taxable","15":"product-type-simple"},"_links":{"self":[{"href":"https:\/\/bricer.pt\/index.php?rest_route=\/wp\/v2\/product\/2130","targetHints":{"allow":["GET"]}}],"collection":[{"href":"https:\/\/bricer.pt\/index.php?rest_route=\/wp\/v2\/product"}],"about":[{"href":"https:\/\/bricer.pt\/index.php?rest_route=\/wp\/v2\/types\/product"}],"wp:featuredmedia":[{"embeddable":true,"href":"https:\/\/bricer.pt\/index.php?rest_route=\/wp\/v2\/media\/2131"}],"wp:attachment":[{"href":"https:\/\/bricer.pt\/index.php?rest_route=%2Fwp%2Fv2%2Fmedia&parent=2130"}],"wp:term":[{"taxonomy":"product_brand","embeddable":true,"href":"https:\/\/bricer.pt\/index.php?rest_route=%2Fwp%2Fv2%2Fproduct_brand&post=2130"},{"taxonomy":"product_cat","embeddable":true,"href":"https:\/\/bricer.pt\/index.php?rest_route=%2Fwp%2Fv2%2Fproduct_cat&post=2130"},{"taxonomy":"product_tag","embeddable":true,"href":"https:\/\/bricer.pt\/index.php?rest_route=%2Fwp%2Fv2%2Fproduct_tag&post=2130"}],"curies":[{"name":"wp","href":"https:\/\/api.w.org\/{rel}","templated":true}]}}