{"id":2078,"date":"2023-03-06T11:37:17","date_gmt":"2023-03-06T11:37:17","guid":{"rendered":"https:\/\/bricer.pt\/produto\/actoner-solucao-hidroalcoolica-higienizante-emb-800ml\/"},"modified":"2023-04-17T08:01:11","modified_gmt":"2023-04-17T08:01:11","slug":"actoner-solucao-hidroalcoolica-higienizante-emb-800ml","status":"publish","type":"product","link":"https:\/\/bricer.pt\/?product=actoner-solucao-hidroalcoolica-higienizante-emb-800ml","title":{"rendered":"Actoner Solu\u00e7\u00e3o Hidroalcoolica Higienizante  Emb. 800ml"},"content":{"rendered":"<p><strong>Actoner Solu\u00e7\u00e3o Hidroalcoolica Higienizante<\/strong> Emb. 800ml.<\/p>\n<p>&nbsp;<\/p>\n<p><strong>Ingredientes<\/strong>: Alcohol Denat.; Glycerin; Aqua; Parfum; Linalool; Limonene; Butylphenyl Methylpropional; Benzyl Alcohol; Citral. Cont\u00e9m \u00e1lcool a 70%.<\/p>\n<p><strong>Advert\u00eancias<\/strong>: Uso externo. Aplicar na pele s\u00e3. Em caso de contato com os olhos, mucosas ou pele danificada, lavar com \u00e1gua abundante.<\/p>\n<p><strong>Modo de uso:<\/strong> Aplicar o produto nas m\u00e3os e esfregar at\u00e9 completa absor\u00e7\u00e3o.<\/p>\n","protected":false},"excerpt":{"rendered":"<p>Actoner Solu\u00e7\u00e3o Hidroalcoolica Higienizante Emb. 800ml. &nbsp; Ingredientes: Alcohol Denat.; Glycerin; Aqua; Parfum; Linalool; Limonene; Butylphenyl Methylpropional; Benzyl Alcohol; Citral. Cont\u00e9m \u00e1lcool a 70%. Advert\u00eancias: Uso externo. Aplicar na pele s\u00e3. Em caso de contato com os olhos, mucosas ou pele danificada, lavar com \u00e1gua abundante. Modo de uso: Aplicar o produto nas m\u00e3os e [&hellip;]<\/p>\n","protected":false},"featured_media":2079,"template":"","meta":[],"product_brand":[],"product_cat":[55,247],"product_tag":[],"class_list":{"0":"post-2078","1":"product","2":"type-product","3":"status-publish","4":"has-post-thumbnail","6":"product_cat-dph","7":"product_cat-higiene-e-beleza-dph","8":"pa_marcas-actoner","9":"pa_pais-espanha","11":"first","12":"instock","13":"taxable","14":"shipping-taxable","15":"product-type-simple"},"_links":{"self":[{"href":"https:\/\/bricer.pt\/index.php?rest_route=\/wp\/v2\/product\/2078","targetHints":{"allow":["GET"]}}],"collection":[{"href":"https:\/\/bricer.pt\/index.php?rest_route=\/wp\/v2\/product"}],"about":[{"href":"https:\/\/bricer.pt\/index.php?rest_route=\/wp\/v2\/types\/product"}],"wp:featuredmedia":[{"embeddable":true,"href":"https:\/\/bricer.pt\/index.php?rest_route=\/wp\/v2\/media\/2079"}],"wp:attachment":[{"href":"https:\/\/bricer.pt\/index.php?rest_route=%2Fwp%2Fv2%2Fmedia&parent=2078"}],"wp:term":[{"taxonomy":"product_brand","embeddable":true,"href":"https:\/\/bricer.pt\/index.php?rest_route=%2Fwp%2Fv2%2Fproduct_brand&post=2078"},{"taxonomy":"product_cat","embeddable":true,"href":"https:\/\/bricer.pt\/index.php?rest_route=%2Fwp%2Fv2%2Fproduct_cat&post=2078"},{"taxonomy":"product_tag","embeddable":true,"href":"https:\/\/bricer.pt\/index.php?rest_route=%2Fwp%2Fv2%2Fproduct_tag&post=2078"}],"curies":[{"name":"wp","href":"https:\/\/api.w.org\/{rel}","templated":true}]}}