{"id":2042,"date":"2023-03-06T11:37:05","date_gmt":"2023-03-06T11:37:05","guid":{"rendered":"https:\/\/bricer.pt\/produto\/basilur-lata-framboesa-e-roseira-brava-emb-100g\/"},"modified":"2023-04-18T09:58:22","modified_gmt":"2023-04-18T09:58:22","slug":"basilur-lata-framboesa-e-roseira-brava-emb-100g","status":"publish","type":"product","link":"https:\/\/bricer.pt\/?product=basilur-lata-framboesa-e-roseira-brava-emb-100g","title":{"rendered":"Basilur Lata Framboesa e Roseira Brava  Emb. 100g"},"content":{"rendered":"<p><strong>Basilur Lata Framboesa e Roseira Brava<\/strong> Emb. 100g.<\/p>\n<p>&nbsp;<\/p>\n<p><strong>Ingredientes<\/strong>: 100% ch\u00e1 preto de ceil\u00e3o com frutos naturais: framboesa e papaia; cascas de roseira brava, escovilha e cent\u00e1urea naturais e aroma de framboesa.<\/p>\n<p><strong>Informa\u00e7\u00f5es Nutricionais:<\/strong> N\u00e3o Dispon\u00edvel.<\/p>\n","protected":false},"excerpt":{"rendered":"<p>Basilur Lata Framboesa e Roseira Brava Emb. 100g. &nbsp; Ingredientes: 100% ch\u00e1 preto de ceil\u00e3o com frutos naturais: framboesa e papaia; cascas de roseira brava, escovilha e cent\u00e1urea naturais e aroma de framboesa. Informa\u00e7\u00f5es Nutricionais: N\u00e3o Dispon\u00edvel.<\/p>\n","protected":false},"featured_media":2043,"template":"","meta":[],"product_brand":[],"product_cat":[106],"product_tag":[],"class_list":{"0":"post-2042","1":"product","2":"type-product","3":"status-publish","4":"has-post-thumbnail","6":"product_cat-cafe-e-chas","7":"pa_marcas-basilur","8":"pa_pais-sri-lanka","10":"first","11":"outofstock","12":"taxable","13":"shipping-taxable","14":"product-type-simple"},"_links":{"self":[{"href":"https:\/\/bricer.pt\/index.php?rest_route=\/wp\/v2\/product\/2042","targetHints":{"allow":["GET"]}}],"collection":[{"href":"https:\/\/bricer.pt\/index.php?rest_route=\/wp\/v2\/product"}],"about":[{"href":"https:\/\/bricer.pt\/index.php?rest_route=\/wp\/v2\/types\/product"}],"wp:featuredmedia":[{"embeddable":true,"href":"https:\/\/bricer.pt\/index.php?rest_route=\/wp\/v2\/media\/2043"}],"wp:attachment":[{"href":"https:\/\/bricer.pt\/index.php?rest_route=%2Fwp%2Fv2%2Fmedia&parent=2042"}],"wp:term":[{"taxonomy":"product_brand","embeddable":true,"href":"https:\/\/bricer.pt\/index.php?rest_route=%2Fwp%2Fv2%2Fproduct_brand&post=2042"},{"taxonomy":"product_cat","embeddable":true,"href":"https:\/\/bricer.pt\/index.php?rest_route=%2Fwp%2Fv2%2Fproduct_cat&post=2042"},{"taxonomy":"product_tag","embeddable":true,"href":"https:\/\/bricer.pt\/index.php?rest_route=%2Fwp%2Fv2%2Fproduct_tag&post=2042"}],"curies":[{"name":"wp","href":"https:\/\/api.w.org\/{rel}","templated":true}]}}