{"id":2018,"date":"2023-03-06T11:36:55","date_gmt":"2023-03-06T11:36:55","guid":{"rendered":"https:\/\/bricer.pt\/produto\/sabita-molho-madras-frasco-200ml\/"},"modified":"2023-04-17T08:01:06","modified_gmt":"2023-04-17T08:01:06","slug":"sabita-molho-madras-frasco-200ml","status":"publish","type":"product","link":"https:\/\/bricer.pt\/?product=sabita-molho-madras-frasco-200ml","title":{"rendered":"Sabita Molho &#8220;Madras&#8221;  Frasco 200ml"},"content":{"rendered":"<p><strong>Sabita Molho &#8220;Madras&#8221;<\/strong> Frasco 200ml.<\/p>\n<p>&nbsp;<\/p>\n<p><strong>Ingredientes<\/strong>: \u00e1gua, leite de coco (extrato de coco, \u00e1gua),cebola, tomate, \u00f3leo de girassol, a\u00e7\u00facar, creme, vinagre de conhaque, pasta de amendoim, pasta de tomate, sal de cozinha, alho, amido de MILHO modificado, tomate em p\u00f3, caril sementes de feno-grego, erva-doce, pimenta, farinha de MOSTARDA, alho, gengibre, cebola), manteiga clarificada, iogurte em p\u00f3, ervas, lim\u00e3o em p\u00f3, caramelo em p\u00f3, sumo de lim\u00e3o concentrado, extrato de p\u00e1prica, agente de acidifica\u00e7\u00e3o: \u00e1cido c\u00edtrico; espessante: goma de guar; Betacaroteno; Aroma.<\/p>\n<p><strong>Alerg\u00e9nios<\/strong>: Ver MAI\u00daSCULAS.<\/p>\n<p><strong>Informa\u00e7\u00f5es Nutricionais:<\/strong> N\u00e3o Dispon\u00edvel<\/p>\n","protected":false},"excerpt":{"rendered":"<p>Sabita Molho &#8220;Madras&#8221; Frasco 200ml. &nbsp; Ingredientes: \u00e1gua, leite de coco (extrato de coco, \u00e1gua),cebola, tomate, \u00f3leo de girassol, a\u00e7\u00facar, creme, vinagre de conhaque, pasta de amendoim, pasta de tomate, sal de cozinha, alho, amido de MILHO modificado, tomate em p\u00f3, caril sementes de feno-grego, erva-doce, pimenta, farinha de MOSTARDA, alho, gengibre, cebola), manteiga clarificada, [&hellip;]<\/p>\n","protected":false},"featured_media":2019,"template":"","meta":[],"product_brand":[],"product_cat":[309,308,310,145],"product_tag":[],"class_list":{"0":"post-2018","1":"product","2":"type-product","3":"status-publish","4":"has-post-thumbnail","6":"product_cat-mercearia-indiana-molhos-diversossabores-do-mundo","7":"product_cat-molhos-diversossabores-do-mundo","8":"product_cat-molhos-e-chutneys-mercearia-indiana-molhos-diversossabores-do-mundo","9":"product_cat-produtos-premium","10":"pa_marcas-sabita","11":"pa_pais-india","13":"first","14":"instock","15":"taxable","16":"shipping-taxable","17":"product-type-simple"},"_links":{"self":[{"href":"https:\/\/bricer.pt\/index.php?rest_route=\/wp\/v2\/product\/2018","targetHints":{"allow":["GET"]}}],"collection":[{"href":"https:\/\/bricer.pt\/index.php?rest_route=\/wp\/v2\/product"}],"about":[{"href":"https:\/\/bricer.pt\/index.php?rest_route=\/wp\/v2\/types\/product"}],"wp:featuredmedia":[{"embeddable":true,"href":"https:\/\/bricer.pt\/index.php?rest_route=\/wp\/v2\/media\/2019"}],"wp:attachment":[{"href":"https:\/\/bricer.pt\/index.php?rest_route=%2Fwp%2Fv2%2Fmedia&parent=2018"}],"wp:term":[{"taxonomy":"product_brand","embeddable":true,"href":"https:\/\/bricer.pt\/index.php?rest_route=%2Fwp%2Fv2%2Fproduct_brand&post=2018"},{"taxonomy":"product_cat","embeddable":true,"href":"https:\/\/bricer.pt\/index.php?rest_route=%2Fwp%2Fv2%2Fproduct_cat&post=2018"},{"taxonomy":"product_tag","embeddable":true,"href":"https:\/\/bricer.pt\/index.php?rest_route=%2Fwp%2Fv2%2Fproduct_tag&post=2018"}],"curies":[{"name":"wp","href":"https:\/\/api.w.org\/{rel}","templated":true}]}}