{"id":2014,"date":"2023-03-06T11:36:55","date_gmt":"2023-03-06T11:36:55","guid":{"rendered":"https:\/\/bricer.pt\/produto\/scandia-creme-de-rabano-gourmet-frasco-190g\/"},"modified":"2025-10-14T08:37:31","modified_gmt":"2025-10-14T08:37:31","slug":"scandia-creme-de-rabano-gourmet-frasco-190g","status":"publish","type":"product","link":"https:\/\/bricer.pt\/?product=scandia-creme-de-rabano-gourmet-frasco-190g","title":{"rendered":"Scandia Creme de R\u00e1bano &#8221;Gourmet&#8221; Frasco 190g"},"content":{"rendered":"<p><strong>Scandia Creme de R\u00e1bano &#8221;Gourmet&#8221; Frasco 190g.<\/strong><\/p>\n<p>&nbsp;<\/p>\n<p><strong>Ingredientes<\/strong>: R\u00e1bano ralado, \u00f3leo de colza, 25% NATAS, vinagre, a\u00e7\u00facar, soro de LEITE em p\u00f3, espessantes: goma guar e goma xantana, sal, acidificante: \u00e1cido c\u00edtrico, antioxidante: \u00e1cido asc\u00f3rbico e METABISSULFITO de s\u00f3dio.<\/p>\n<p><strong>Alerg\u00e9nios<\/strong>: Ver MAI\u00daSCULAS<\/p>\n<p><strong>Declara\u00e7\u00e3o Nutricional p\/100g<\/strong>: Energia 1336kJ\/320kcal; L\u00edpidos 26,2g (dos quais \u00e1cidos gordos saturados 3,5g); Hidratos de Carbono 14,8g (dos quais a\u00e7\u00facares 14,3g); Prote\u00ednas 3,0g; Sal 0,90g.<\/p>\n","protected":false},"excerpt":{"rendered":"<p>Scandia Creme de R\u00e1bano &#8221;Gourmet&#8221; Frasco 190g. &nbsp; Ingredientes: R\u00e1bano ralado, \u00f3leo de colza, 25% NATAS, vinagre, a\u00e7\u00facar, soro de LEITE em p\u00f3, espessantes: goma guar e goma xantana, sal, acidificante: \u00e1cido c\u00edtrico, antioxidante: \u00e1cido asc\u00f3rbico e METABISSULFITO de s\u00f3dio. Alerg\u00e9nios: Ver MAI\u00daSCULAS Declara\u00e7\u00e3o Nutricional p\/100g: Energia 1336kJ\/320kcal; L\u00edpidos 26,2g (dos quais \u00e1cidos gordos saturados [&hellip;]<\/p>\n","protected":false},"featured_media":2015,"template":"","meta":[],"product_brand":[],"product_cat":[101,36],"product_tag":[],"class_list":{"0":"post-2014","1":"product","2":"type-product","3":"status-publish","4":"has-post-thumbnail","6":"product_cat-diversos-mercearia-salgada","7":"product_cat-mercearia-salgada","8":"pa_marcas-scandia","9":"pa_pais-alemanha","11":"first","12":"instock","13":"taxable","14":"shipping-taxable","15":"product-type-simple"},"_links":{"self":[{"href":"https:\/\/bricer.pt\/index.php?rest_route=\/wp\/v2\/product\/2014","targetHints":{"allow":["GET"]}}],"collection":[{"href":"https:\/\/bricer.pt\/index.php?rest_route=\/wp\/v2\/product"}],"about":[{"href":"https:\/\/bricer.pt\/index.php?rest_route=\/wp\/v2\/types\/product"}],"wp:featuredmedia":[{"embeddable":true,"href":"https:\/\/bricer.pt\/index.php?rest_route=\/wp\/v2\/media\/2015"}],"wp:attachment":[{"href":"https:\/\/bricer.pt\/index.php?rest_route=%2Fwp%2Fv2%2Fmedia&parent=2014"}],"wp:term":[{"taxonomy":"product_brand","embeddable":true,"href":"https:\/\/bricer.pt\/index.php?rest_route=%2Fwp%2Fv2%2Fproduct_brand&post=2014"},{"taxonomy":"product_cat","embeddable":true,"href":"https:\/\/bricer.pt\/index.php?rest_route=%2Fwp%2Fv2%2Fproduct_cat&post=2014"},{"taxonomy":"product_tag","embeddable":true,"href":"https:\/\/bricer.pt\/index.php?rest_route=%2Fwp%2Fv2%2Fproduct_tag&post=2014"}],"curies":[{"name":"wp","href":"https:\/\/api.w.org\/{rel}","templated":true}]}}