{"id":1978,"date":"2023-03-06T11:36:44","date_gmt":"2023-03-06T11:36:44","guid":{"rendered":"https:\/\/bricer.pt\/produto\/heinz-pasta-p-barrar-p-sanduiches-natural-emb-300g\/"},"modified":"2023-10-25T09:12:11","modified_gmt":"2023-10-25T09:12:11","slug":"heinz-pasta-p-barrar-p-sanduiches-natural-emb-300g","status":"publish","type":"product","link":"https:\/\/bricer.pt\/?product=heinz-pasta-p-barrar-p-sanduiches-natural-emb-300g","title":{"rendered":"Heinz Pasta p\/ Barrar p\/ Sandu\u00edches Natural Emb.: 300g"},"content":{"rendered":"<p><strong>Heinz Pasta p\/ Barrar p\/ Sandu\u00edches Natural Emb. 300g.<\/strong><\/p>\n<p>&nbsp;<\/p>\n<p><strong>Ingredientes<\/strong>: Vegetais 33% (repolho branco 16%, picles 13%, pimenta vermelha 2,0%, cebola 1,6%), \u00e1gua, \u00f3leo de colza, a\u00e7\u00facar, vinagre, LEITE EM P\u00d3 desnatado, sal, especiarias (cont\u00e9m MOSTARDA), amido modificado, \u00e1cido alimentar (\u00e1cido l\u00e1ctico), espessantes (goma gua, goma xantana), sabores, corantes (extrato de paprica), extratos de ervas e especiarias (cont\u00e9m AIPO).<\/p>\n<p><strong>Alerg\u00e9nios<\/strong>: ver MAI\u00daSCULAS.<\/p>\n<p><strong>Declara\u00e7\u00e3o Nutricional p\/100g:<\/strong> Energia 975kJ\/235kcal;L\u00edpidos 19g (dos quais saturados 1,3g); Hidratos de Carbono 15g (dos quais a\u00e7\u00facares 14g); Fibra 0,8g; Prote\u00ednas 1,6g; Sal 2,0g.<\/p>\n","protected":false},"excerpt":{"rendered":"<p>Heinz Pasta p\/ Barrar p\/ Sandu\u00edches Natural Emb. 300g. &nbsp; Ingredientes: Vegetais 33% (repolho branco 16%, picles 13%, pimenta vermelha 2,0%, cebola 1,6%), \u00e1gua, \u00f3leo de colza, a\u00e7\u00facar, vinagre, LEITE EM P\u00d3 desnatado, sal, especiarias (cont\u00e9m MOSTARDA), amido modificado, \u00e1cido alimentar (\u00e1cido l\u00e1ctico), espessantes (goma gua, goma xantana), sabores, corantes (extrato de paprica), extratos de [&hellip;]<\/p>\n","protected":false},"featured_media":1979,"template":"","meta":[],"product_brand":[],"product_cat":[36,166],"product_tag":[],"class_list":{"0":"post-1978","1":"product","2":"type-product","3":"status-publish","4":"has-post-thumbnail","6":"product_cat-mercearia-salgada","7":"product_cat-pasta-mercearia-salgada","8":"pa_marcas-heinz","9":"pa_pais-estados-unidos-da-america","11":"first","12":"instock","13":"taxable","14":"shipping-taxable","15":"product-type-simple"},"_links":{"self":[{"href":"https:\/\/bricer.pt\/index.php?rest_route=\/wp\/v2\/product\/1978","targetHints":{"allow":["GET"]}}],"collection":[{"href":"https:\/\/bricer.pt\/index.php?rest_route=\/wp\/v2\/product"}],"about":[{"href":"https:\/\/bricer.pt\/index.php?rest_route=\/wp\/v2\/types\/product"}],"wp:featuredmedia":[{"embeddable":true,"href":"https:\/\/bricer.pt\/index.php?rest_route=\/wp\/v2\/media\/1979"}],"wp:attachment":[{"href":"https:\/\/bricer.pt\/index.php?rest_route=%2Fwp%2Fv2%2Fmedia&parent=1978"}],"wp:term":[{"taxonomy":"product_brand","embeddable":true,"href":"https:\/\/bricer.pt\/index.php?rest_route=%2Fwp%2Fv2%2Fproduct_brand&post=1978"},{"taxonomy":"product_cat","embeddable":true,"href":"https:\/\/bricer.pt\/index.php?rest_route=%2Fwp%2Fv2%2Fproduct_cat&post=1978"},{"taxonomy":"product_tag","embeddable":true,"href":"https:\/\/bricer.pt\/index.php?rest_route=%2Fwp%2Fv2%2Fproduct_tag&post=1978"}],"curies":[{"name":"wp","href":"https:\/\/api.w.org\/{rel}","templated":true}]}}