{"id":1847,"date":"2023-03-06T11:26:05","date_gmt":"2023-03-06T11:26:05","guid":{"rendered":"https:\/\/bricer.pt\/produto\/wax-lyrical-vela-em-lata-flor-de-baunilha-emb-84g\/"},"modified":"2023-04-17T08:00:49","modified_gmt":"2023-04-17T08:00:49","slug":"wax-lyrical-vela-em-lata-flor-de-baunilha-emb-84g","status":"publish","type":"product","link":"https:\/\/bricer.pt\/?product=wax-lyrical-vela-em-lata-flor-de-baunilha-emb-84g","title":{"rendered":"Wax Lyrical Vela em Lata &#8220;Flor de Baunilha&#8221; Emb.: 84g."},"content":{"rendered":"<p><strong>Wax Lyrical Vela em Lata &#8220;Flor de Baunilha&#8221;<\/strong> Emb.: 84g.<\/p>\n<p>&nbsp;<\/p>\n<p><strong>Caracter\u00edsticas<\/strong>: A fragr\u00e2ncia doce de baunilha com alm\u00edscar intenso, tonka e l\u00edrio suave juntam-se para criar a nossa fragr\u00e2ncia mais vendida. Esta lata de vela pode ser compacta mas est\u00e1 cheia de fragr\u00e2ncia, e arder\u00e1 por at\u00e9 20 horas.<\/p>\n<p><strong>Ingredientes<\/strong>: soy wax, cotton wick, dye chips, secret blend of fragrance oils.<\/p>\n<p><strong>Advert\u00eancias<\/strong>: Para prevenir uma chama perigosa, n\u00e3o dever\u00e1 adicionar nenhuma substancia \u00e0 vela. Apagar e destruir a vela quando a mesma estiver cerca de 5mm de cera.<\/p>\n","protected":false},"excerpt":{"rendered":"<p>Wax Lyrical Vela em Lata &#8220;Flor de Baunilha&#8221; Emb.: 84g. &nbsp; Caracter\u00edsticas: A fragr\u00e2ncia doce de baunilha com alm\u00edscar intenso, tonka e l\u00edrio suave juntam-se para criar a nossa fragr\u00e2ncia mais vendida. Esta lata de vela pode ser compacta mas est\u00e1 cheia de fragr\u00e2ncia, e arder\u00e1 por at\u00e9 20 horas. Ingredientes: soy wax, cotton wick, [&hellip;]<\/p>\n","protected":false},"featured_media":0,"template":"","meta":[],"product_brand":[],"product_cat":[55,288],"product_tag":[],"class_list":{"0":"post-1847","1":"product","2":"type-product","3":"status-publish","5":"product_cat-dph","6":"product_cat-velas","7":"pa_marcas-wax-lyrical","8":"pa_pais-reino-unido","10":"first","11":"instock","12":"taxable","13":"shipping-taxable","14":"product-type-simple"},"_links":{"self":[{"href":"https:\/\/bricer.pt\/index.php?rest_route=\/wp\/v2\/product\/1847","targetHints":{"allow":["GET"]}}],"collection":[{"href":"https:\/\/bricer.pt\/index.php?rest_route=\/wp\/v2\/product"}],"about":[{"href":"https:\/\/bricer.pt\/index.php?rest_route=\/wp\/v2\/types\/product"}],"wp:attachment":[{"href":"https:\/\/bricer.pt\/index.php?rest_route=%2Fwp%2Fv2%2Fmedia&parent=1847"}],"wp:term":[{"taxonomy":"product_brand","embeddable":true,"href":"https:\/\/bricer.pt\/index.php?rest_route=%2Fwp%2Fv2%2Fproduct_brand&post=1847"},{"taxonomy":"product_cat","embeddable":true,"href":"https:\/\/bricer.pt\/index.php?rest_route=%2Fwp%2Fv2%2Fproduct_cat&post=1847"},{"taxonomy":"product_tag","embeddable":true,"href":"https:\/\/bricer.pt\/index.php?rest_route=%2Fwp%2Fv2%2Fproduct_tag&post=1847"}],"curies":[{"name":"wp","href":"https:\/\/api.w.org\/{rel}","templated":true}]}}