{"id":1845,"date":"2023-03-06T11:19:35","date_gmt":"2023-03-06T11:19:35","guid":{"rendered":"https:\/\/bricer.pt\/produto\/wax-lyrical-mie-vela-em-lata-figo-exotico-emb-84g\/"},"modified":"2023-04-17T08:00:48","modified_gmt":"2023-04-17T08:00:48","slug":"wax-lyrical-mie-vela-em-lata-figo-exotico-emb-84g","status":"publish","type":"product","link":"https:\/\/bricer.pt\/?product=wax-lyrical-mie-vela-em-lata-figo-exotico-emb-84g","title":{"rendered":"Wax Lyrical MIE Vela em Lata &#8220;Figo Ex\u00f3tico&#8221; Emb.: 84g"},"content":{"rendered":"<p><strong>Wax Lyrical MIE Vela em Lata &#8220;Figo Ex\u00f3tico&#8221;<\/strong> Emb.: 84g.<\/p>\n<p>&nbsp;<\/p>\n<p><strong>Caracter\u00edsticas<\/strong>: Os figos suculentos misturam-se com ma\u00e7\u00e3 verde, em camadas de p\u00e9talas de jasmim, marmelo e s\u00e2ndalo para profundidade e textura. Esta lata de vela pode ser compacta mas est\u00e1 cheia de fragr\u00e2ncia, e arder\u00e1 por at\u00e9 20 horas.<\/p>\n<p><strong>Ingredientes<\/strong>: soy wax, cotton wick, dye chips, secret blend of fragrance oils.<\/p>\n<p><strong>Advert\u00eancias<\/strong>: Para prevenir uma chama perigosa, n\u00e3o dever\u00e1 adicionar nenhuma substancia \u00e0 vela. Apagar e destruir a vela quando a mesma estiver cerca de 5mm de cera.<\/p>\n","protected":false},"excerpt":{"rendered":"<p>Wax Lyrical MIE Vela em Lata &#8220;Figo Ex\u00f3tico&#8221; Emb.: 84g. &nbsp; Caracter\u00edsticas: Os figos suculentos misturam-se com ma\u00e7\u00e3 verde, em camadas de p\u00e9talas de jasmim, marmelo e s\u00e2ndalo para profundidade e textura. Esta lata de vela pode ser compacta mas est\u00e1 cheia de fragr\u00e2ncia, e arder\u00e1 por at\u00e9 20 horas. Ingredientes: soy wax, cotton wick, [&hellip;]<\/p>\n","protected":false},"featured_media":1846,"template":"","meta":[],"product_brand":[],"product_cat":[55,288],"product_tag":[],"class_list":{"0":"post-1845","1":"product","2":"type-product","3":"status-publish","4":"has-post-thumbnail","6":"product_cat-dph","7":"product_cat-velas","8":"pa_marcas-wax-lyrical","9":"pa_pais-reino-unido","11":"first","12":"instock","13":"taxable","14":"shipping-taxable","15":"product-type-simple"},"_links":{"self":[{"href":"https:\/\/bricer.pt\/index.php?rest_route=\/wp\/v2\/product\/1845","targetHints":{"allow":["GET"]}}],"collection":[{"href":"https:\/\/bricer.pt\/index.php?rest_route=\/wp\/v2\/product"}],"about":[{"href":"https:\/\/bricer.pt\/index.php?rest_route=\/wp\/v2\/types\/product"}],"wp:featuredmedia":[{"embeddable":true,"href":"https:\/\/bricer.pt\/index.php?rest_route=\/wp\/v2\/media\/1846"}],"wp:attachment":[{"href":"https:\/\/bricer.pt\/index.php?rest_route=%2Fwp%2Fv2%2Fmedia&parent=1845"}],"wp:term":[{"taxonomy":"product_brand","embeddable":true,"href":"https:\/\/bricer.pt\/index.php?rest_route=%2Fwp%2Fv2%2Fproduct_brand&post=1845"},{"taxonomy":"product_cat","embeddable":true,"href":"https:\/\/bricer.pt\/index.php?rest_route=%2Fwp%2Fv2%2Fproduct_cat&post=1845"},{"taxonomy":"product_tag","embeddable":true,"href":"https:\/\/bricer.pt\/index.php?rest_route=%2Fwp%2Fv2%2Fproduct_tag&post=1845"}],"curies":[{"name":"wp","href":"https:\/\/api.w.org\/{rel}","templated":true}]}}