{"id":182,"date":"2023-03-06T11:01:30","date_gmt":"2023-03-06T11:01:30","guid":{"rendered":"https:\/\/bricer.pt\/produto\/bio-greno-arroz-vaporizado-bio-pacote-500g\/"},"modified":"2025-11-20T11:34:31","modified_gmt":"2025-11-20T11:34:31","slug":"bio-greno-arroz-vaporizado-bio-pacote-500g","status":"publish","type":"product","link":"https:\/\/bricer.pt\/?product=bio-greno-arroz-vaporizado-bio-pacote-500g","title":{"rendered":"Bio Greno Arroz Vaporizado Bio Pacote 500g"},"content":{"rendered":"<p><strong>Bio Greno Arroz Vaporizado Bio Pacote 500g.<\/strong><\/p>\n<p><img decoding=\"async\" class=\"alignnone wp-image-13165\" src=\"https:\/\/bricer.pt\/wp-content\/uploads\/2020\/04\/BRICER_SELOS_BIO_LOW-300x286.png\" alt=\"\" width=\"100\" height=\"95\" \/><\/p>\n<p><strong>Ingredientes<\/strong>: Arroz vaporizado* (*de produ\u00e7\u00e3o biol\u00f3gica certificada).<\/p>\n<p><strong>Alerg\u00e9nios<\/strong>: Pode conter vest\u00edgios de gl\u00faten, amendoim, frutos de casca<br \/>\nrija, s\u00e9samo e soja.<\/p>\n<p><strong>Declara\u00e7\u00e3o Nutricional p\/100g:<\/strong> Energia 1481kJ\/354kcal; L\u00edpidos 0,5g (dos quais saturados 0,1g); Hidratos de Carbono 79g (dos quais a\u00e7\u00facares 0,2g); Prote\u00ednas 6,5g; Sal 0,02g.<\/p>\n","protected":false},"excerpt":{"rendered":"<p>Bio Greno Arroz Vaporizado Bio Pacote 500g. Ingredientes: Arroz vaporizado* (*de produ\u00e7\u00e3o biol\u00f3gica certificada). Alerg\u00e9nios: Pode conter vest\u00edgios de gl\u00faten, amendoim, frutos de casca rija, s\u00e9samo e soja. Declara\u00e7\u00e3o Nutricional p\/100g: Energia 1481kJ\/354kcal; L\u00edpidos 0,5g (dos quais saturados 0,1g); Hidratos de Carbono 79g (dos quais a\u00e7\u00facares 0,2g); Prote\u00ednas 6,5g; Sal 0,02g.<\/p>\n","protected":false},"featured_media":183,"template":"","meta":[],"product_brand":[],"product_cat":[370],"product_tag":[],"class_list":{"0":"post-182","1":"product","2":"type-product","3":"status-publish","4":"has-post-thumbnail","6":"product_cat-produtos-biologicos","7":"pa_biologica-biologica","8":"pa_marcas-bio-greno","9":"pa_pais-alemanha","11":"first","12":"instock","13":"taxable","14":"shipping-taxable","15":"product-type-simple"},"_links":{"self":[{"href":"https:\/\/bricer.pt\/index.php?rest_route=\/wp\/v2\/product\/182","targetHints":{"allow":["GET"]}}],"collection":[{"href":"https:\/\/bricer.pt\/index.php?rest_route=\/wp\/v2\/product"}],"about":[{"href":"https:\/\/bricer.pt\/index.php?rest_route=\/wp\/v2\/types\/product"}],"wp:featuredmedia":[{"embeddable":true,"href":"https:\/\/bricer.pt\/index.php?rest_route=\/wp\/v2\/media\/183"}],"wp:attachment":[{"href":"https:\/\/bricer.pt\/index.php?rest_route=%2Fwp%2Fv2%2Fmedia&parent=182"}],"wp:term":[{"taxonomy":"product_brand","embeddable":true,"href":"https:\/\/bricer.pt\/index.php?rest_route=%2Fwp%2Fv2%2Fproduct_brand&post=182"},{"taxonomy":"product_cat","embeddable":true,"href":"https:\/\/bricer.pt\/index.php?rest_route=%2Fwp%2Fv2%2Fproduct_cat&post=182"},{"taxonomy":"product_tag","embeddable":true,"href":"https:\/\/bricer.pt\/index.php?rest_route=%2Fwp%2Fv2%2Fproduct_tag&post=182"}],"curies":[{"name":"wp","href":"https:\/\/api.w.org\/{rel}","templated":true}]}}