{"id":1749,"date":"2023-03-06T11:19:19","date_gmt":"2023-03-06T11:19:19","guid":{"rendered":"https:\/\/bricer.pt\/produto\/thomy-molho-de-maionese-ketchup-rot-weis-tubo-200ml\/"},"modified":"2023-04-17T08:00:35","modified_gmt":"2023-04-17T08:00:35","slug":"thomy-molho-de-maionese-ketchup-rot-weis-tubo-200ml","status":"publish","type":"product","link":"https:\/\/bricer.pt\/?product=thomy-molho-de-maionese-ketchup-rot-weis-tubo-200ml","title":{"rendered":"Thomy Molho de Maionese &#038; Ketchup &#8221;Rot Wei\u00df&#8221; Tubo 200ml"},"content":{"rendered":"<p><strong>Thomy Molho de Maionese &amp; Ketchup &#8221;Rot Wei\u00df&#8221; Tubo 200ml.<\/strong><\/p>\n<p>&nbsp;<\/p>\n<p><strong>Ingredientes:<\/strong> Pasta de tomate, \u00f3leo de girassol, a\u00e7\u00facar, vinagre, amido modificado, 2,9% de gema de OVO *, especiarias, sal, sementes de MOSTARDA, aromatizante natural, espessante: goma xantana. [cont\u00e9m LEITE, AIPO]. * (a partir<br \/>\nde ovos caseiros).<\/p>\n<p><strong>Alerg\u00e9nios:<\/strong> Ver MAI\u00daSCULAS<\/p>\n<p><strong>Declara\u00e7\u00e3o Nutricional p\/100ml:<\/strong> Energia 1771kJ\/428kcal; L\u00edpidos 40g (dos quais saturados 4,0g); Hidratos de Carbono 16g (dos quais a\u00e7\u00facares 13g); Fibra 0,6g; Prote\u00ednas 1,2g; Sal 1,8g.<\/p>\n","protected":false},"excerpt":{"rendered":"<p>Thomy Molho de Maionese &amp; Ketchup &#8221;Rot Wei\u00df&#8221; Tubo 200ml. &nbsp; Ingredientes: Pasta de tomate, \u00f3leo de girassol, a\u00e7\u00facar, vinagre, amido modificado, 2,9% de gema de OVO *, especiarias, sal, sementes de MOSTARDA, aromatizante natural, espessante: goma xantana. [cont\u00e9m LEITE, AIPO]. * (a partir de ovos caseiros). Alerg\u00e9nios: Ver MAI\u00daSCULAS Declara\u00e7\u00e3o Nutricional p\/100ml: Energia 1771kJ\/428kcal; [&hellip;]<\/p>\n","protected":false},"featured_media":1750,"template":"","meta":[],"product_brand":[],"product_cat":[36,85],"product_tag":[],"class_list":{"0":"post-1749","1":"product","2":"type-product","3":"status-publish","4":"has-post-thumbnail","6":"product_cat-mercearia-salgada","7":"product_cat-molhos-mercearia-salgada","8":"pa_marcas-thomy","9":"pa_pais-alemanha","11":"first","12":"instock","13":"taxable","14":"shipping-taxable","15":"product-type-simple"},"_links":{"self":[{"href":"https:\/\/bricer.pt\/index.php?rest_route=\/wp\/v2\/product\/1749","targetHints":{"allow":["GET"]}}],"collection":[{"href":"https:\/\/bricer.pt\/index.php?rest_route=\/wp\/v2\/product"}],"about":[{"href":"https:\/\/bricer.pt\/index.php?rest_route=\/wp\/v2\/types\/product"}],"wp:featuredmedia":[{"embeddable":true,"href":"https:\/\/bricer.pt\/index.php?rest_route=\/wp\/v2\/media\/1750"}],"wp:attachment":[{"href":"https:\/\/bricer.pt\/index.php?rest_route=%2Fwp%2Fv2%2Fmedia&parent=1749"}],"wp:term":[{"taxonomy":"product_brand","embeddable":true,"href":"https:\/\/bricer.pt\/index.php?rest_route=%2Fwp%2Fv2%2Fproduct_brand&post=1749"},{"taxonomy":"product_cat","embeddable":true,"href":"https:\/\/bricer.pt\/index.php?rest_route=%2Fwp%2Fv2%2Fproduct_cat&post=1749"},{"taxonomy":"product_tag","embeddable":true,"href":"https:\/\/bricer.pt\/index.php?rest_route=%2Fwp%2Fv2%2Fproduct_tag&post=1749"}],"curies":[{"name":"wp","href":"https:\/\/api.w.org\/{rel}","templated":true}]}}