{"id":1678,"date":"2023-03-06T11:18:41","date_gmt":"2023-03-06T11:18:41","guid":{"rendered":"https:\/\/bricer.pt\/produto\/sabita-pasta-de-caril-picante-frasco-125g\/"},"modified":"2025-09-10T14:08:57","modified_gmt":"2025-09-10T14:08:57","slug":"sabita-pasta-de-caril-picante-frasco-125g","status":"publish","type":"product","link":"https:\/\/bricer.pt\/?product=sabita-pasta-de-caril-picante-frasco-125g","title":{"rendered":"Sabita Pasta de Caril Picante Frasco 125g"},"content":{"rendered":"<p><strong>Sabita Pasta de Caril Picante<\/strong> Frasco 125g<\/p>\n<p><img decoding=\"async\" class=\"alignnone  wp-image-13167\" src=\"https:\/\/bricer.pt\/wp-content\/uploads\/2020\/04\/BRICER_SELOS_GLUTEN_LOW-300x286.png\" alt=\"\" width=\"100\" height=\"95\" \/><img decoding=\"async\" class=\"alignnone  wp-image-13168\" src=\"https:\/\/bricer.pt\/wp-content\/uploads\/2020\/04\/BRICER_SELOS_LACTOSE_LOW-300x286.png\" alt=\"\" width=\"100\" height=\"95\" \/><\/p>\n<p><strong>Ingredientes<\/strong>: \u00e1gua, \u00f3leo de girassol, caril em p\u00f3 (15%: coentro, gengibre, cominho, anis, pimenta, feno-grego, a\u00e7afr\u00e3o, farinha de mostarda, cravo, canela), vinagre de vinho, cebola, sal marinho, alho, corante: extrato de colorau; pimenta em p\u00f3, polpa de tomate.<\/p>\n<p><strong>Alerg\u00e9nios<\/strong>: ver MAI\u00daSCULAS.<\/p>\n<p><strong>Declara\u00e7\u00e3o Nutricional p\/100g<\/strong>: Energia 1234kJ\/300kcal; L\u00edpidos 29g (dos quais saturados 3,0g); Hidratos de Carbono 2,6g (dos quais a\u00e7\u00facares 0,6g); Fibra 7,2g; Prote\u00ednas 3,2g; Sal 4,0g.<\/p>\n","protected":false},"excerpt":{"rendered":"<p>Sabita Pasta de Caril Picante Frasco 125g Ingredientes: \u00e1gua, \u00f3leo de girassol, caril em p\u00f3 (15%: coentro, gengibre, cominho, anis, pimenta, feno-grego, a\u00e7afr\u00e3o, farinha de mostarda, cravo, canela), vinagre de vinho, cebola, sal marinho, alho, corante: extrato de colorau; pimenta em p\u00f3, polpa de tomate. Alerg\u00e9nios: ver MAI\u00daSCULAS. Declara\u00e7\u00e3o Nutricional p\/100g: Energia 1234kJ\/300kcal; L\u00edpidos 29g [&hellip;]<\/p>\n","protected":false},"featured_media":1679,"template":"","meta":[],"product_brand":[],"product_cat":[36,114],"product_tag":[],"class_list":{"0":"post-1678","1":"product","2":"type-product","3":"status-publish","4":"has-post-thumbnail","6":"product_cat-mercearia-salgada","7":"product_cat-pastas-mercearia-salgada","8":"pa_marcas-sabita","9":"pa_pais-india","11":"first","12":"instock","13":"taxable","14":"shipping-taxable","15":"product-type-simple"},"_links":{"self":[{"href":"https:\/\/bricer.pt\/index.php?rest_route=\/wp\/v2\/product\/1678","targetHints":{"allow":["GET"]}}],"collection":[{"href":"https:\/\/bricer.pt\/index.php?rest_route=\/wp\/v2\/product"}],"about":[{"href":"https:\/\/bricer.pt\/index.php?rest_route=\/wp\/v2\/types\/product"}],"wp:featuredmedia":[{"embeddable":true,"href":"https:\/\/bricer.pt\/index.php?rest_route=\/wp\/v2\/media\/1679"}],"wp:attachment":[{"href":"https:\/\/bricer.pt\/index.php?rest_route=%2Fwp%2Fv2%2Fmedia&parent=1678"}],"wp:term":[{"taxonomy":"product_brand","embeddable":true,"href":"https:\/\/bricer.pt\/index.php?rest_route=%2Fwp%2Fv2%2Fproduct_brand&post=1678"},{"taxonomy":"product_cat","embeddable":true,"href":"https:\/\/bricer.pt\/index.php?rest_route=%2Fwp%2Fv2%2Fproduct_cat&post=1678"},{"taxonomy":"product_tag","embeddable":true,"href":"https:\/\/bricer.pt\/index.php?rest_route=%2Fwp%2Fv2%2Fproduct_tag&post=1678"}],"curies":[{"name":"wp","href":"https:\/\/api.w.org\/{rel}","templated":true}]}}