{"id":1670,"date":"2023-03-06T11:18:41","date_gmt":"2023-03-06T11:18:41","guid":{"rendered":"https:\/\/bricer.pt\/produto\/sabita-daal-frasco-20g\/"},"modified":"2023-04-17T08:00:28","modified_gmt":"2023-04-17T08:00:28","slug":"sabita-daal-frasco-20g","status":"publish","type":"product","link":"https:\/\/bricer.pt\/?product=sabita-daal-frasco-20g","title":{"rendered":"Sabita Daal Frasco 20g"},"content":{"rendered":"<p><strong>Sabita Daal<\/strong> Frasco 20g.<\/p>\n<p>&nbsp;<\/p>\n<p><strong>Ingredientes<\/strong>: coentro, alho, pimentas, tomate em p\u00f3, cebola, cominho,<br \/>\ngengibre, curcuma, lev\u00edstico, pimenta, canela, cardamomo, cravinho,<br \/>\naroma de cebola natural.<\/p>\n<p><strong>Declara\u00e7\u00e3o Nutricional p\/100g:<\/strong> Energia 1472kJ\/352kcal; L\u00edpidos 11g (dos quais \u00e1cidos gordos saturados 1,1g); Hidratos de Carbono 40g (dos quais a\u00e7\u00facares 30g); Fibra 22g; Prote\u00ednas 12g; Sal 0,17g.<\/p>\n","protected":false},"excerpt":{"rendered":"<p>Sabita Daal Frasco 20g. &nbsp; Ingredientes: coentro, alho, pimentas, tomate em p\u00f3, cebola, cominho, gengibre, curcuma, lev\u00edstico, pimenta, canela, cardamomo, cravinho, aroma de cebola natural. Declara\u00e7\u00e3o Nutricional p\/100g: Energia 1472kJ\/352kcal; L\u00edpidos 11g (dos quais \u00e1cidos gordos saturados 1,1g); Hidratos de Carbono 40g (dos quais a\u00e7\u00facares 30g); Fibra 22g; Prote\u00ednas 12g; Sal 0,17g.<\/p>\n","protected":false},"featured_media":1671,"template":"","meta":[],"product_brand":[],"product_cat":[265,238,24],"product_tag":[],"class_list":{"0":"post-1670","1":"product","2":"type-product","3":"status-publish","4":"has-post-thumbnail","6":"product_cat-especiarias-mercearia-indiana","7":"product_cat-mercearia-indiana","8":"product_cat-sabores-do-mundo","9":"pa_marcas-sabita","10":"pa_pais-india","12":"first","13":"instock","14":"taxable","15":"shipping-taxable","16":"product-type-simple"},"_links":{"self":[{"href":"https:\/\/bricer.pt\/index.php?rest_route=\/wp\/v2\/product\/1670","targetHints":{"allow":["GET"]}}],"collection":[{"href":"https:\/\/bricer.pt\/index.php?rest_route=\/wp\/v2\/product"}],"about":[{"href":"https:\/\/bricer.pt\/index.php?rest_route=\/wp\/v2\/types\/product"}],"wp:featuredmedia":[{"embeddable":true,"href":"https:\/\/bricer.pt\/index.php?rest_route=\/wp\/v2\/media\/1671"}],"wp:attachment":[{"href":"https:\/\/bricer.pt\/index.php?rest_route=%2Fwp%2Fv2%2Fmedia&parent=1670"}],"wp:term":[{"taxonomy":"product_brand","embeddable":true,"href":"https:\/\/bricer.pt\/index.php?rest_route=%2Fwp%2Fv2%2Fproduct_brand&post=1670"},{"taxonomy":"product_cat","embeddable":true,"href":"https:\/\/bricer.pt\/index.php?rest_route=%2Fwp%2Fv2%2Fproduct_cat&post=1670"},{"taxonomy":"product_tag","embeddable":true,"href":"https:\/\/bricer.pt\/index.php?rest_route=%2Fwp%2Fv2%2Fproduct_tag&post=1670"}],"curies":[{"name":"wp","href":"https:\/\/api.w.org\/{rel}","templated":true}]}}