{"id":1584,"date":"2023-03-06T11:18:26","date_gmt":"2023-03-06T11:18:26","guid":{"rendered":"https:\/\/bricer.pt\/produto\/rinatura-farelo-de-espelta-bio-saqueta-250g\/"},"modified":"2023-07-23T11:14:17","modified_gmt":"2023-07-23T11:14:17","slug":"rinatura-farelo-de-espelta-bio-saqueta-250g","status":"publish","type":"product","link":"https:\/\/bricer.pt\/?product=rinatura-farelo-de-espelta-bio-saqueta-250g","title":{"rendered":"Rinatura Farelo de Espelta Bio Saqueta 250g"},"content":{"rendered":"<p><strong>Rinatura Farelo de Espelta Bio Saqueta 250g.<\/strong><\/p>\n<p><img decoding=\"async\" class=\"alignnone  wp-image-13165\" src=\"https:\/\/bricer.pt\/wp-content\/uploads\/2020\/04\/BRICER_SELOS_BIO_LOW-300x286.png\" alt=\"\" width=\"100\" height=\"95\" \/><\/p>\n<p><strong>Ingredientes<\/strong>: farelo de ESPELTA de produ\u00e7\u00e3o biol\u00f3gica.<\/p>\n<p><strong>Alerg\u00e9nicos<\/strong>: Pode conter\u00a0frutos de casca rija, amendoins, s\u00e9samo e soja.<\/p>\n<p><strong>Declara\u00e7\u00e3o Nutricional p\/100g:<\/strong> Energia 1110kJ\/265kcal; L\u00edpidos 4,6g (dos quais \u00e1cidos gordos saturados 0,9g); Hidratos de Carbono 17g (dos quais a\u00e7\u00facares 4,0g); Fibra 45g; Prote\u00ednas 15g; Sal 0,01g.<\/p>\n","protected":false},"excerpt":{"rendered":"<p>Rinatura Farelo de Espelta Bio Saqueta 250g. Ingredientes: farelo de ESPELTA de produ\u00e7\u00e3o biol\u00f3gica. Alerg\u00e9nicos: Pode conter\u00a0frutos de casca rija, amendoins, s\u00e9samo e soja. Declara\u00e7\u00e3o Nutricional p\/100g: Energia 1110kJ\/265kcal; L\u00edpidos 4,6g (dos quais \u00e1cidos gordos saturados 0,9g); Hidratos de Carbono 17g (dos quais a\u00e7\u00facares 4,0g); Fibra 45g; Prote\u00ednas 15g; Sal 0,01g.<\/p>\n","protected":false},"featured_media":1585,"template":"","meta":[],"product_brand":[],"product_cat":[69,370],"product_tag":[],"class_list":{"0":"post-1584","1":"product","2":"type-product","3":"status-publish","4":"has-post-thumbnail","6":"product_cat-alimentacao-saudavel","7":"product_cat-produtos-biologicos","8":"pa_biologica-biologica","9":"pa_marcas-rinatura","10":"pa_pais-alemanha","12":"first","13":"instock","14":"taxable","15":"shipping-taxable","16":"product-type-simple"},"_links":{"self":[{"href":"https:\/\/bricer.pt\/index.php?rest_route=\/wp\/v2\/product\/1584","targetHints":{"allow":["GET"]}}],"collection":[{"href":"https:\/\/bricer.pt\/index.php?rest_route=\/wp\/v2\/product"}],"about":[{"href":"https:\/\/bricer.pt\/index.php?rest_route=\/wp\/v2\/types\/product"}],"wp:featuredmedia":[{"embeddable":true,"href":"https:\/\/bricer.pt\/index.php?rest_route=\/wp\/v2\/media\/1585"}],"wp:attachment":[{"href":"https:\/\/bricer.pt\/index.php?rest_route=%2Fwp%2Fv2%2Fmedia&parent=1584"}],"wp:term":[{"taxonomy":"product_brand","embeddable":true,"href":"https:\/\/bricer.pt\/index.php?rest_route=%2Fwp%2Fv2%2Fproduct_brand&post=1584"},{"taxonomy":"product_cat","embeddable":true,"href":"https:\/\/bricer.pt\/index.php?rest_route=%2Fwp%2Fv2%2Fproduct_cat&post=1584"},{"taxonomy":"product_tag","embeddable":true,"href":"https:\/\/bricer.pt\/index.php?rest_route=%2Fwp%2Fv2%2Fproduct_tag&post=1584"}],"curies":[{"name":"wp","href":"https:\/\/api.w.org\/{rel}","templated":true}]}}