{"id":1513,"date":"2023-03-06T11:18:15","date_gmt":"2023-03-06T11:18:15","guid":{"rendered":"https:\/\/bricer.pt\/produto\/radox-spa-creme-banho-purify-emb-250ml\/"},"modified":"2023-04-17T07:59:59","modified_gmt":"2023-04-17T07:59:59","slug":"radox-spa-creme-banho-purify-emb-250ml","status":"publish","type":"product","link":"https:\/\/bricer.pt\/?product=radox-spa-creme-banho-purify-emb-250ml","title":{"rendered":"Radox SPA Creme Banho &#8220;Purify &#8221; Emb. 250ml"},"content":{"rendered":"<p><strong>Radox SPA Creme Banho &#8220;Purify &#8220;<\/strong> Emb. 250ml.<\/p>\n<p>&nbsp;<\/p>\n<p><strong>Advert\u00eancias<\/strong>: Se o creme de banho entrar em contacto com os olhos, lave bem com \u00e1gua limpa.<\/p>\n<p><strong>Instru\u00e7\u00f5es<\/strong>: Conservar em local fresco e seco. Ap\u00f3s abertura, utilizar num prazo m\u00e1ximo de 12 meses. Retire a tampa antes de reciclar.<\/p>\n<p><strong>Ingredientes<\/strong>: Aqua, Sodium Laureth Sulfate, Glycerin, Acrylates Copolymer, Cocamidopropyl Betaine, Parfum, Sine Adipe Lac, Dicaprylyl Ether, Algin, Lavandula Hybrida Oil, Citric Acid, Styrene\/Acrylates Copolymer, Sodium Lactate, Kaolin, Benzyl Salicylate, Hexyl Cinnamal, Limonene, Tetrasodium EDTA, Propylene Glycol, Linalool, Citronellol, Peg-40 Hydrogenated Castor Oil, Pentylene Glycol, 1,2 -Hexanediol, Caprylyl Glycol, Ethylhexyl Isonanoate, Gellan Gum, Titanium Dioxide, Xanthan Gum, Calcium Chloride, Sodium Benzoate, CI 74160, CI 42090, CI 16035.<\/p>\n","protected":false},"excerpt":{"rendered":"<p>Radox SPA Creme Banho &#8220;Purify &#8220; Emb. 250ml. &nbsp; Advert\u00eancias: Se o creme de banho entrar em contacto com os olhos, lave bem com \u00e1gua limpa. Instru\u00e7\u00f5es: Conservar em local fresco e seco. Ap\u00f3s abertura, utilizar num prazo m\u00e1ximo de 12 meses. Retire a tampa antes de reciclar. Ingredientes: Aqua, Sodium Laureth Sulfate, Glycerin, Acrylates [&hellip;]<\/p>\n","protected":false},"featured_media":1514,"template":"","meta":[],"product_brand":[],"product_cat":[55,56],"product_tag":[],"class_list":{"0":"post-1513","1":"product","2":"type-product","3":"status-publish","4":"has-post-thumbnail","6":"product_cat-dph","7":"product_cat-higiene-e-beleza-geis-de-banho","8":"pa_marcas-radox","9":"pa_pais-reino-unido","11":"first","12":"instock","13":"taxable","14":"shipping-taxable","15":"product-type-simple"},"_links":{"self":[{"href":"https:\/\/bricer.pt\/index.php?rest_route=\/wp\/v2\/product\/1513","targetHints":{"allow":["GET"]}}],"collection":[{"href":"https:\/\/bricer.pt\/index.php?rest_route=\/wp\/v2\/product"}],"about":[{"href":"https:\/\/bricer.pt\/index.php?rest_route=\/wp\/v2\/types\/product"}],"wp:featuredmedia":[{"embeddable":true,"href":"https:\/\/bricer.pt\/index.php?rest_route=\/wp\/v2\/media\/1514"}],"wp:attachment":[{"href":"https:\/\/bricer.pt\/index.php?rest_route=%2Fwp%2Fv2%2Fmedia&parent=1513"}],"wp:term":[{"taxonomy":"product_brand","embeddable":true,"href":"https:\/\/bricer.pt\/index.php?rest_route=%2Fwp%2Fv2%2Fproduct_brand&post=1513"},{"taxonomy":"product_cat","embeddable":true,"href":"https:\/\/bricer.pt\/index.php?rest_route=%2Fwp%2Fv2%2Fproduct_cat&post=1513"},{"taxonomy":"product_tag","embeddable":true,"href":"https:\/\/bricer.pt\/index.php?rest_route=%2Fwp%2Fv2%2Fproduct_tag&post=1513"}],"curies":[{"name":"wp","href":"https:\/\/api.w.org\/{rel}","templated":true}]}}