{"id":1505,"date":"2023-03-06T11:18:15","date_gmt":"2023-03-06T11:18:15","guid":{"rendered":"https:\/\/bricer.pt\/produto\/radox-gel-banho-champo-refresh-eucalyptus-citrus-oils-emb-250ml\/"},"modified":"2023-04-17T07:59:58","modified_gmt":"2023-04-17T07:59:58","slug":"radox-gel-banho-champo-refresh-eucalyptus-citrus-oils-emb-250ml","status":"publish","type":"product","link":"https:\/\/bricer.pt\/?product=radox-gel-banho-champo-refresh-eucalyptus-citrus-oils-emb-250ml","title":{"rendered":"Radox Gel Banho \/ Champ\u00f4 &#8220;Refresh Eucalyptus &#038; Citrus Oils&#8221; Emb. 250ml"},"content":{"rendered":"<p><strong>Radox Gel Banho \/ Champ\u00f4 &#8220;Refresh Eucalyptus &amp; Citrus Oils&#8221;<\/strong> Emb. 250ml.<\/p>\n<p>&nbsp;<\/p>\n<p><strong>Advert\u00eancias<\/strong>: Se o creme de banho entrar em contacto com os olhos, lave bem com \u00e1gua limpa.<\/p>\n<p><strong>Instru\u00e7\u00f5es<\/strong>: Conservar em local fresco e seco. Ap\u00f3s abertura, utilizar num prazo m\u00e1ximo de 12 meses. Retire a tampa antes de reciclar.<\/p>\n<p><strong>Ingredientes<\/strong>: Aqua, Sodium Laureth Sulfate, Cocamidopropyl Betaine, Sodium Chloride, Parfum, Sodium Benzoate, Citric Acid, Polyquaternium-2, Sodium Lactate, Hexyl Cinnamal, Limonene, Linalool, CI 47005, CI 42090.<\/p>\n<p>&nbsp;<\/p>\n<p>&nbsp;<\/p>\n","protected":false},"excerpt":{"rendered":"<p>Radox Gel Banho \/ Champ\u00f4 &#8220;Refresh Eucalyptus &amp; Citrus Oils&#8221; Emb. 250ml. &nbsp; Advert\u00eancias: Se o creme de banho entrar em contacto com os olhos, lave bem com \u00e1gua limpa. Instru\u00e7\u00f5es: Conservar em local fresco e seco. Ap\u00f3s abertura, utilizar num prazo m\u00e1ximo de 12 meses. Retire a tampa antes de reciclar. Ingredientes: Aqua, Sodium [&hellip;]<\/p>\n","protected":false},"featured_media":1506,"template":"","meta":[],"product_brand":[],"product_cat":[55,56],"product_tag":[],"class_list":{"0":"post-1505","1":"product","2":"type-product","3":"status-publish","4":"has-post-thumbnail","6":"product_cat-dph","7":"product_cat-higiene-e-beleza-geis-de-banho","8":"pa_marcas-radox","9":"pa_pais-portugal","11":"first","12":"instock","13":"taxable","14":"shipping-taxable","15":"product-type-simple"},"_links":{"self":[{"href":"https:\/\/bricer.pt\/index.php?rest_route=\/wp\/v2\/product\/1505","targetHints":{"allow":["GET"]}}],"collection":[{"href":"https:\/\/bricer.pt\/index.php?rest_route=\/wp\/v2\/product"}],"about":[{"href":"https:\/\/bricer.pt\/index.php?rest_route=\/wp\/v2\/types\/product"}],"wp:featuredmedia":[{"embeddable":true,"href":"https:\/\/bricer.pt\/index.php?rest_route=\/wp\/v2\/media\/1506"}],"wp:attachment":[{"href":"https:\/\/bricer.pt\/index.php?rest_route=%2Fwp%2Fv2%2Fmedia&parent=1505"}],"wp:term":[{"taxonomy":"product_brand","embeddable":true,"href":"https:\/\/bricer.pt\/index.php?rest_route=%2Fwp%2Fv2%2Fproduct_brand&post=1505"},{"taxonomy":"product_cat","embeddable":true,"href":"https:\/\/bricer.pt\/index.php?rest_route=%2Fwp%2Fv2%2Fproduct_cat&post=1505"},{"taxonomy":"product_tag","embeddable":true,"href":"https:\/\/bricer.pt\/index.php?rest_route=%2Fwp%2Fv2%2Fproduct_tag&post=1505"}],"curies":[{"name":"wp","href":"https:\/\/api.w.org\/{rel}","templated":true}]}}