{"id":1481,"date":"2023-03-06T11:18:11","date_gmt":"2023-03-06T11:18:11","guid":{"rendered":"https:\/\/bricer.pt\/produto\/pure-toalhitas-desmaquilhantes-sensitive-emb-25-unidades\/"},"modified":"2023-04-17T07:59:56","modified_gmt":"2023-04-17T07:59:56","slug":"pure-toalhitas-desmaquilhantes-sensitive-emb-25-unidades","status":"publish","type":"product","link":"https:\/\/bricer.pt\/?product=pure-toalhitas-desmaquilhantes-sensitive-emb-25-unidades","title":{"rendered":"Pure Toalhitas Desmaquilhantes &#8220;Sensitive&#8221; Emb. 25 Unidades"},"content":{"rendered":"<p><strong>Pure Toalhitas Desmaquilhantes &#8220;Sensitive&#8221;<\/strong> Emb. 25 Unidades.<\/p>\n<p>&nbsp;<\/p>\n<p><strong>Para peles sens\u00edveis:<\/strong> Toalhitas enriquecidas com pro-vitamina B5 e glicerina. Toalhitas com o calmante alo\u00e9 vera, perfeitas para remover a maquilhagem, limpar, tonificar e hidratar suavemente a pele.<\/p>\n<p><strong>Instru\u00e7\u00f5es<\/strong>: Retire lentamente a pel\u00edcula e utilize apenas uma toalhita. Passe-a suavemente pela pele, pesco\u00e7o e zona dos olhos sempre com os olhos fechados. Fechar a embalagem ap\u00f3s a utiliza\u00e7\u00e3o.<\/p>\n<p><strong>Advert\u00eancias<\/strong>: Manter fora do alcance das crian\u00e7as. Evitar o contacto com os olhos, pele inflamada ou gretada. Se isto acontecer, enxaguar bem com \u00e1gua corrente. N\u00e3o colocar a toalhita na sanita. Colocar no lixo normal. Produzido no Reino Unido. Conservar em local fresco e seco. Ap\u00f3s abertura utilizar em 3 meses.<\/p>\n","protected":false},"excerpt":{"rendered":"<p>Pure Toalhitas Desmaquilhantes &#8220;Sensitive&#8221; Emb. 25 Unidades. &nbsp; Para peles sens\u00edveis: Toalhitas enriquecidas com pro-vitamina B5 e glicerina. Toalhitas com o calmante alo\u00e9 vera, perfeitas para remover a maquilhagem, limpar, tonificar e hidratar suavemente a pele. Instru\u00e7\u00f5es: Retire lentamente a pel\u00edcula e utilize apenas uma toalhita. Passe-a suavemente pela pele, pesco\u00e7o e zona dos olhos [&hellip;]<\/p>\n","protected":false},"featured_media":1482,"template":"","meta":[],"product_brand":[],"product_cat":[55,247],"product_tag":[],"class_list":{"0":"post-1481","1":"product","2":"type-product","3":"status-publish","4":"has-post-thumbnail","6":"product_cat-dph","7":"product_cat-higiene-e-beleza-dph","8":"pa_marcas-pure","9":"pa_pais-reino-unido","11":"first","12":"instock","13":"taxable","14":"shipping-taxable","15":"product-type-simple"},"_links":{"self":[{"href":"https:\/\/bricer.pt\/index.php?rest_route=\/wp\/v2\/product\/1481","targetHints":{"allow":["GET"]}}],"collection":[{"href":"https:\/\/bricer.pt\/index.php?rest_route=\/wp\/v2\/product"}],"about":[{"href":"https:\/\/bricer.pt\/index.php?rest_route=\/wp\/v2\/types\/product"}],"wp:featuredmedia":[{"embeddable":true,"href":"https:\/\/bricer.pt\/index.php?rest_route=\/wp\/v2\/media\/1482"}],"wp:attachment":[{"href":"https:\/\/bricer.pt\/index.php?rest_route=%2Fwp%2Fv2%2Fmedia&parent=1481"}],"wp:term":[{"taxonomy":"product_brand","embeddable":true,"href":"https:\/\/bricer.pt\/index.php?rest_route=%2Fwp%2Fv2%2Fproduct_brand&post=1481"},{"taxonomy":"product_cat","embeddable":true,"href":"https:\/\/bricer.pt\/index.php?rest_route=%2Fwp%2Fv2%2Fproduct_cat&post=1481"},{"taxonomy":"product_tag","embeddable":true,"href":"https:\/\/bricer.pt\/index.php?rest_route=%2Fwp%2Fv2%2Fproduct_tag&post=1481"}],"curies":[{"name":"wp","href":"https:\/\/api.w.org\/{rel}","templated":true}]}}