{"id":1456,"date":"2023-03-06T11:18:06","date_gmt":"2023-03-06T11:18:06","guid":{"rendered":"https:\/\/bricer.pt\/produto\/pataks-pickle-mixed-hot-frasco-283g\/"},"modified":"2024-01-19T16:37:01","modified_gmt":"2024-01-19T16:37:01","slug":"pataks-pickle-mixed-hot-frasco-283g","status":"publish","type":"product","link":"https:\/\/bricer.pt\/?product=pataks-pickle-mixed-hot-frasco-283g","title":{"rendered":"Patak&#8217;s Pickle Mixed &#8220;Hot&#8221; Frasco 283g"},"content":{"rendered":"<p><strong>Patak&#8217;s Pickle Mixed &#8220;Hot&#8221;<\/strong> Frasco 283g.<\/p>\n<p>&nbsp;<\/p>\n<p><strong>Ingredientes<\/strong>: Fruta (43%) (manga, limas, bagas de caranda), legumes (27%) (cenouras, chilis verdes), \u00f3leo de colza, sal, acidificante; \u00e1cido ac\u00e9tico; especiarias, sementes de funcho, MOSTARDA em p\u00f3, MOSTARDA esmagada, sementes ajowan, sementes de feno-grego, sementes de cominho, sementes de kalonji pretas.<\/p>\n<p><strong>Alerg\u00e9nios<\/strong>: Ver MAI\u00daSCULAS. Cont\u00e9m vest\u00edgios de amendoins e frutos de casca rija.<\/p>\n<p><strong>Declara\u00e7\u00e3o Nutricional p\/100g:<\/strong> Energia 636kJ\/154kcal; L\u00edpidos 12,9 (dos quais \u00e1cidos gordos saturados 1,0g); Hidratos de Carbono 6,3g (dos quais a\u00e7\u00facares 1,9g); Prote\u00ednas 1,4g; Sal 8,9g.<\/p>\n","protected":false},"excerpt":{"rendered":"<p>Patak&#8217;s Pickle Mixed &#8220;Hot&#8221; Frasco 283g. &nbsp; Ingredientes: Fruta (43%) (manga, limas, bagas de caranda), legumes (27%) (cenouras, chilis verdes), \u00f3leo de colza, sal, acidificante; \u00e1cido ac\u00e9tico; especiarias, sementes de funcho, MOSTARDA em p\u00f3, MOSTARDA esmagada, sementes ajowan, sementes de feno-grego, sementes de cominho, sementes de kalonji pretas. Alerg\u00e9nios: Ver MAI\u00daSCULAS. Cont\u00e9m vest\u00edgios de amendoins [&hellip;]<\/p>\n","protected":false},"featured_media":1457,"template":"","meta":[],"product_brand":[],"product_cat":[241,242,24],"product_tag":[],"class_list":{"0":"post-1456","1":"product","2":"type-product","3":"status-publish","4":"has-post-thumbnail","6":"product_cat-mercearia-indianamercearia-salgada","7":"product_cat-pickles-mercearia-indianamercearia-salgada","8":"product_cat-sabores-do-mundo","9":"pa_marcas-pataks","10":"pa_pais-india","12":"first","13":"instock","14":"taxable","15":"shipping-taxable","16":"product-type-simple"},"_links":{"self":[{"href":"https:\/\/bricer.pt\/index.php?rest_route=\/wp\/v2\/product\/1456","targetHints":{"allow":["GET"]}}],"collection":[{"href":"https:\/\/bricer.pt\/index.php?rest_route=\/wp\/v2\/product"}],"about":[{"href":"https:\/\/bricer.pt\/index.php?rest_route=\/wp\/v2\/types\/product"}],"wp:featuredmedia":[{"embeddable":true,"href":"https:\/\/bricer.pt\/index.php?rest_route=\/wp\/v2\/media\/1457"}],"wp:attachment":[{"href":"https:\/\/bricer.pt\/index.php?rest_route=%2Fwp%2Fv2%2Fmedia&parent=1456"}],"wp:term":[{"taxonomy":"product_brand","embeddable":true,"href":"https:\/\/bricer.pt\/index.php?rest_route=%2Fwp%2Fv2%2Fproduct_brand&post=1456"},{"taxonomy":"product_cat","embeddable":true,"href":"https:\/\/bricer.pt\/index.php?rest_route=%2Fwp%2Fv2%2Fproduct_cat&post=1456"},{"taxonomy":"product_tag","embeddable":true,"href":"https:\/\/bricer.pt\/index.php?rest_route=%2Fwp%2Fv2%2Fproduct_tag&post=1456"}],"curies":[{"name":"wp","href":"https:\/\/api.w.org\/{rel}","templated":true}]}}